{"id":8284,"date":"2025-11-17T12:51:50","date_gmt":"2025-11-17T15:51:50","guid":{"rendered":"https:\/\/ficer.com.ar\/2025\/?page_id=8284"},"modified":"2025-11-19T08:30:43","modified_gmt":"2025-11-19T11:30:43","slug":"premios","status":"publish","type":"page","link":"https:\/\/ficer.com.ar\/2025\/premios\/","title":{"rendered":"Premios"},"content":{"rendered":"\t\t<div data-elementor-type=\"wp-page\" data-elementor-id=\"8284\" class=\"elementor elementor-8284\" data-elementor-post-type=\"page\">\n\t\t\t\t<div class=\"elementor-element elementor-element-4860827 e-flex e-con-boxed wpr-particle-no wpr-jarallax-no wpr-parallax-no wpr-sticky-section-no wpr-equal-height-no e-con e-parent\" data-id=\"4860827\" data-element_type=\"container\" data-e-type=\"container\">\n\t\t\t\t\t<div class=\"e-con-inner\">\n\t\t\t\t<div class=\"elementor-element elementor-element-2b979f1 elementor-widget__width-initial elementor-widget elementor-widget-heading\" data-id=\"2b979f1\" data-element_type=\"widget\" data-e-type=\"widget\" data-widget_type=\"heading.default\">\n\t\t\t\t\t<h2 class=\"elementor-heading-title elementor-size-default\">PREMIOS<\/h2>\t\t\t\t<\/div>\n\t\t\t\t\t<\/div>\n\t\t\t\t<\/div>\n\t\t<div class=\"elementor-element elementor-element-8c29347 e-flex e-con-boxed wpr-particle-no wpr-jarallax-no wpr-parallax-no wpr-sticky-section-no wpr-equal-height-no e-con e-parent\" data-id=\"8c29347\" data-element_type=\"container\" data-e-type=\"container\" data-settings=\"{&quot;background_background&quot;:&quot;classic&quot;}\">\n\t\t\t\t\t<div class=\"e-con-inner\">\n\t\t\t\t<div class=\"elementor-element elementor-element-77407db elementor-widget__width-initial elementor-widget elementor-widget-text-editor\" data-id=\"77407db\" data-element_type=\"widget\" data-e-type=\"widget\" data-widget_type=\"text-editor.default\">\n\t\t\t\t\t\t\t\t\t<h3><span style=\"color: #ffffff;\"><strong>Oficiales<\/strong><\/span><\/h3><p>\u2022 <strong>Premio del Jurado<\/strong> \u00abMejor Pel\u00edcula Secci\u00f3n Oficial\u00bb<br \/><strong>$ 2.000.000<\/strong> (pesos dos millones)*<\/p><p>\u2022 <strong>Premio del Jurado<\/strong> \u00abMejor Corto Entrerriano\u00bb<br \/><strong>$ 1.000.000<\/strong> (pesos un mill\u00f3n) *<\/p><p>\u2022 <strong>Menci\u00f3n Especial<\/strong> del Jurado Secci\u00f3n Oficial<\/p><p>* <strong>Menci\u00f3n Especial<\/strong> del Jurado Cortos Entrerrianos<\/p><p>* Aportados por la Delegaci\u00f3n Argentina ante la Comisi\u00f3n T\u00e9cnica Mixta de Salto Grande.<\/p><p>\u00a0<\/p><h3><span style=\"color: #ffffff;\"><strong>Premios Tilda Thamar a la trayectoria<\/strong><\/span><\/h3><p>En esta edici\u00f3n del FICER, el Premio Tilda Thamar a la Trayectoria reconocer a personalidades destacadas del cine por su labor, su recorrido y su aporte al desarrollo cinematogr\u00e1fico.<\/p>\t\t\t\t\t\t\t\t<\/div>\n\t\t\t\t<div class=\"elementor-element elementor-element-c7c1253 elementor-widget__width-initial elementor-widget elementor-widget-text-editor\" data-id=\"c7c1253\" data-element_type=\"widget\" data-e-type=\"widget\" data-widget_type=\"text-editor.default\">\n\t\t\t\t\t\t\t\t\t<h3><span style=\"color: #ffffff;\"><strong>Premios paralelos<\/strong><\/span><\/h3><p>* Premio G\u00e9nero DAC a la \u0301<em>\u00ab<\/em>Mejor Directora de la Secci\u00f3n Oficial\u00bb<\/p><h3><span style=\"color: #ffffff;\"><strong>Estatuilla \u00abOjo Pez\u00bb<\/strong><\/span><\/h3><p><strong>Premio del p\u00fablico a la mejor pel\u00edcula<\/strong><br \/>* Secci\u00f3n Oficial<br \/>* Cortos Entrerrianos<br \/>* Cine Internacional<br \/>* Correntada Cine Argentino<br \/>* Cine Entrerriano<\/p>\t\t\t\t\t\t\t\t<\/div>\n\t\t\t\t\t<\/div>\n\t\t\t\t<\/div>\n\t\t\t\t<\/div>\n\t\t","protected":false},"excerpt":{"rendered":"<p>PREMIOS Oficiales \u2022 Premio del Jurado \u00abMejor Pel\u00edcula Secci\u00f3n Oficial\u00bb$ 2.000.000 (pesos dos millones)* \u2022 Premio del Jurado \u00abMejor Corto Entrerriano\u00bb$ 1.000.000 (pesos un mill\u00f3n) * \u2022 Menci\u00f3n Especial del Jurado Secci\u00f3n Oficial * Menci\u00f3n Especial del Jurado Cortos Entrerrianos * Aportados por la Delegaci\u00f3n Argentina ante la Comisi\u00f3n T\u00e9cnica Mixta de Salto Grande. \u00a0 Premios Tilda Thamar a la trayectoria En esta edici\u00f3n del FICER, el Premio Tilda Thamar a la Trayectoria reconocer a personalidades destacadas del cine por su labor, su recorrido y su aporte al desarrollo cinematogr\u00e1fico. Premios paralelos * Premio G\u00e9nero DAC a la \u0301\u00abMejor Directora de la Secci\u00f3n Oficial\u00bb Estatuilla \u00abOjo Pez\u00bb Premio del p\u00fablico a la mejor pel\u00edcula* Secci\u00f3n Oficial* Cortos Entrerrianos* Cine Internacional* Correntada Cine Argentino* Cine Entrerriano<\/p>\n","protected":false},"author":16,"featured_media":0,"parent":0,"menu_order":0,"comment_status":"closed","ping_status":"closed","template":"","meta":{"footnotes":""},"tags":[],"class_list":["post-8284","page","type-page","status-publish","hentry"],"_links":{"self":[{"href":"https:\/\/ficer.com.ar\/2025\/wp-json\/wp\/v2\/pages\/8284","targetHints":{"allow":["GET"]}}],"collection":[{"href":"https:\/\/ficer.com.ar\/2025\/wp-json\/wp\/v2\/pages"}],"about":[{"href":"https:\/\/ficer.com.ar\/2025\/wp-json\/wp\/v2\/types\/page"}],"author":[{"embeddable":true,"href":"https:\/\/ficer.com.ar\/2025\/wp-json\/wp\/v2\/users\/16"}],"replies":[{"embeddable":true,"href":"https:\/\/ficer.com.ar\/2025\/wp-json\/wp\/v2\/comments?post=8284"}],"version-history":[{"count":14,"href":"https:\/\/ficer.com.ar\/2025\/wp-json\/wp\/v2\/pages\/8284\/revisions"}],"predecessor-version":[{"id":8630,"href":"https:\/\/ficer.com.ar\/2025\/wp-json\/wp\/v2\/pages\/8284\/revisions\/8630"}],"wp:attachment":[{"href":"https:\/\/ficer.com.ar\/2025\/wp-json\/wp\/v2\/media?parent=8284"}],"wp:term":[{"taxonomy":"post_tag","embeddable":true,"href":"https:\/\/ficer.com.ar\/2025\/wp-json\/wp\/v2\/tags?post=8284"}],"curies":[{"name":"wp","href":"https:\/\/api.w.org\/{rel}","templated":true}]}}