{"id":8367,"date":"2025-11-18T11:41:20","date_gmt":"2025-11-18T14:41:20","guid":{"rendered":"https:\/\/ficer.com.ar\/2025\/?page_id=8367"},"modified":"2025-11-19T08:28:48","modified_gmt":"2025-11-19T11:28:48","slug":"forum","status":"publish","type":"page","link":"https:\/\/ficer.com.ar\/2025\/forum\/","title":{"rendered":"Forum"},"content":{"rendered":"\t\t<div data-elementor-type=\"wp-page\" data-elementor-id=\"8367\" class=\"elementor elementor-8367\" data-elementor-post-type=\"page\">\n\t\t\t\t<div class=\"elementor-element elementor-element-9dbefdc e-flex e-con-boxed wpr-particle-no wpr-jarallax-no wpr-parallax-no wpr-sticky-section-no wpr-equal-height-no e-con e-parent\" data-id=\"9dbefdc\" data-element_type=\"container\" data-e-type=\"container\" data-settings=\"{&quot;background_background&quot;:&quot;classic&quot;}\">\n\t\t\t\t\t<div class=\"e-con-inner\">\n\t\t\t\t<div class=\"elementor-element elementor-element-462a107 elementor-widget elementor-widget-image\" data-id=\"462a107\" data-element_type=\"widget\" data-e-type=\"widget\" data-widget_type=\"image.default\">\n\t\t\t\t\t\t\t\t\t\t\t\t\t\t\t<img fetchpriority=\"high\" decoding=\"async\" width=\"621\" height=\"199\" src=\"https:\/\/ficer.com.ar\/2025\/wp-content\/uploads\/2025\/11\/Que-es-Ficer-Forum.png\" class=\"attachment-large size-large wp-image-8369\" alt=\"\" srcset=\"https:\/\/ficer.com.ar\/2025\/wp-content\/uploads\/2025\/11\/Que-es-Ficer-Forum.png 621w, https:\/\/ficer.com.ar\/2025\/wp-content\/uploads\/2025\/11\/Que-es-Ficer-Forum-300x96.png 300w\" sizes=\"(max-width: 621px) 100vw, 621px\" \/>\t\t\t\t\t\t\t\t\t\t\t\t\t\t\t<\/div>\n\t\t\t\t<div class=\"elementor-element elementor-element-87bb5ed elementor-widget elementor-widget-text-editor\" data-id=\"87bb5ed\" data-element_type=\"widget\" data-e-type=\"widget\" data-widget_type=\"text-editor.default\">\n\t\t\t\t\t\t\t\t\tEl FICER Forum es el espacio de industria del Festival Internacional de Cine de Entre R\u00edos, dedicado al impulso de proyectos cinematogr\u00e1ficos en desarrollo. A lo largo de tres jornadas en la ciudad de Paran\u00e1, realizadores y productores presentan sus obras ante jurados y especialistas, participan de sesiones de pitching, rondas de reuniones uno a uno y paneles de formaci\u00f3n y debate. Con la participaci\u00f3n de referentes del sector nacional y regional, el Forum promueve el intercambio de experiencias, la b\u00fasqueda de alianzas y la reflexi\u00f3n sobre los desaf\u00edos actuales de la producci\u00f3n audiovisual. Consolidado como un espacio de encuentro y proyecci\u00f3n, el FICER Forum impulsa el crecimiento del cine entrerriano y federal desde una mirada colaborativa y territorial.\t\t\t\t\t\t\t\t<\/div>\n\t\t\t\t\t<\/div>\n\t\t\t\t<\/div>\n\t\t\t\t<\/div>\n\t\t","protected":false},"excerpt":{"rendered":"<p>El FICER Forum es el espacio de industria del Festival Internacional de Cine de Entre R\u00edos, dedicado al impulso de proyectos cinematogr\u00e1ficos en desarrollo. A lo largo de tres jornadas en la ciudad de Paran\u00e1, realizadores y productores presentan sus obras ante jurados y especialistas, participan de sesiones de pitching, rondas de reuniones uno a uno y paneles de formaci\u00f3n y debate. Con la participaci\u00f3n de referentes del sector nacional y regional, el Forum promueve el intercambio de experiencias, la b\u00fasqueda de alianzas y la reflexi\u00f3n sobre los desaf\u00edos actuales de la producci\u00f3n audiovisual. Consolidado como un espacio de encuentro y proyecci\u00f3n, el FICER Forum impulsa el crecimiento del cine entrerriano y federal desde una mirada colaborativa y territorial.<\/p>\n","protected":false},"author":16,"featured_media":0,"parent":0,"menu_order":0,"comment_status":"closed","ping_status":"closed","template":"","meta":{"footnotes":""},"tags":[],"class_list":["post-8367","page","type-page","status-publish","hentry"],"_links":{"self":[{"href":"https:\/\/ficer.com.ar\/2025\/wp-json\/wp\/v2\/pages\/8367","targetHints":{"allow":["GET"]}}],"collection":[{"href":"https:\/\/ficer.com.ar\/2025\/wp-json\/wp\/v2\/pages"}],"about":[{"href":"https:\/\/ficer.com.ar\/2025\/wp-json\/wp\/v2\/types\/page"}],"author":[{"embeddable":true,"href":"https:\/\/ficer.com.ar\/2025\/wp-json\/wp\/v2\/users\/16"}],"replies":[{"embeddable":true,"href":"https:\/\/ficer.com.ar\/2025\/wp-json\/wp\/v2\/comments?post=8367"}],"version-history":[{"count":7,"href":"https:\/\/ficer.com.ar\/2025\/wp-json\/wp\/v2\/pages\/8367\/revisions"}],"predecessor-version":[{"id":8624,"href":"https:\/\/ficer.com.ar\/2025\/wp-json\/wp\/v2\/pages\/8367\/revisions\/8624"}],"wp:attachment":[{"href":"https:\/\/ficer.com.ar\/2025\/wp-json\/wp\/v2\/media?parent=8367"}],"wp:term":[{"taxonomy":"post_tag","embeddable":true,"href":"https:\/\/ficer.com.ar\/2025\/wp-json\/wp\/v2\/tags?post=8367"}],"curies":[{"name":"wp","href":"https:\/\/api.w.org\/{rel}","templated":true}]}}

<div data-elementor-type="wp-page" data-elementor-id="8367" class="elementor elementor-8367" data-elementor-post-type="page">
				<div class="elementor-element elementor-element-9dbefdc e-flex e-con-boxed wpr-particle-no wpr-jarallax-no wpr-parallax-no wpr-sticky-section-no wpr-equal-height-no e-con e-parent" data-id="9dbefdc" data-element_type="container" data-e-type="container" data-settings="{&quot;background_background&quot;:&quot;classic&quot;}">
					<div class="e-con-inner">
				<div class="elementor-element elementor-element-462a107 elementor-widget elementor-widget-image" data-id="462a107" data-element_type="widget" data-e-type="widget" data-widget_type="image.default">
															<img fetchpriority="high" decoding="async" width="621" height="199" src="https://ficer.com.ar/2025/wp-content/uploads/2025/11/Que-es-Ficer-Forum.png" class="attachment-large size-large wp-image-8369" alt="" srcset="https://ficer.com.ar/2025/wp-content/uploads/2025/11/Que-es-Ficer-Forum.png 621w, https://ficer.com.ar/2025/wp-content/uploads/2025/11/Que-es-Ficer-Forum-300x96.png 300w" sizes="(max-width: 621px) 100vw, 621px" />															</div>
				<div class="elementor-element elementor-element-87bb5ed elementor-widget elementor-widget-text-editor" data-id="87bb5ed" data-element_type="widget" data-e-type="widget" data-widget_type="text-editor.default">
									El FICER Forum es el espacio de industria del Festival Internacional de Cine de Entre Ríos, dedicado al impulso de proyectos cinematográficos en desarrollo. A lo largo de tres jornadas en la ciudad de Paraná, realizadores y productores presentan sus obras ante jurados y especialistas, participan de sesiones de pitching, rondas de reuniones uno a uno y paneles de formación y debate. Con la participación de referentes del sector nacional y regional, el Forum promueve el intercambio de experiencias, la búsqueda de alianzas y la reflexión sobre los desafíos actuales de la producción audiovisual. Consolidado como un espacio de encuentro y proyección, el FICER Forum impulsa el crecimiento del cine entrerriano y federal desde una mirada colaborativa y territorial.								</div>
					</div>
				</div>
				</div>

<p>El FICER Forum es el espacio de industria del Festival Internacional de Cine de Entre Ríos, dedicado al impulso de proyectos cinematográficos en desarrollo. A lo largo de tres jornadas en la ciudad de Paraná, realizadores y productores presentan sus obras ante jurados y especialistas, participan de sesiones de pitching, rondas de reuniones uno a uno y paneles de formación y debate. Con la participación de referentes del sector nacional y regional, el Forum promueve el intercambio de experiencias, la búsqueda de alianzas y la reflexión sobre los desafíos actuales de la producción audiovisual. Consolidado como un espacio de encuentro y proyección, el FICER Forum impulsa el crecimiento del cine entrerriano y federal desde una mirada colaborativa y territorial.</p>
