{"id":8373,"date":"2025-11-18T11:46:39","date_gmt":"2025-11-18T14:46:39","guid":{"rendered":"https:\/\/ficer.com.ar\/2025\/?page_id=8373"},"modified":"2025-11-18T12:03:00","modified_gmt":"2025-11-18T15:03:00","slug":"seleccionados","status":"publish","type":"page","link":"https:\/\/ficer.com.ar\/2025\/seleccionados\/","title":{"rendered":"Seleccionados"},"content":{"rendered":"\t\t<div data-elementor-type=\"wp-page\" data-elementor-id=\"8373\" class=\"elementor elementor-8373\" data-elementor-post-type=\"page\">\n\t\t\t\t<div class=\"elementor-element elementor-element-4860827 e-flex e-con-boxed wpr-particle-no wpr-jarallax-no wpr-parallax-no wpr-sticky-section-no wpr-equal-height-no e-con e-parent\" data-id=\"4860827\" data-element_type=\"container\" data-e-type=\"container\">\n\t\t\t\t\t<div class=\"e-con-inner\">\n\t\t\t\t<div class=\"elementor-element elementor-element-2b979f1 elementor-widget__width-initial elementor-widget elementor-widget-heading\" data-id=\"2b979f1\" data-element_type=\"widget\" data-e-type=\"widget\" data-widget_type=\"heading.default\">\n\t\t\t\t\t<h2 class=\"elementor-heading-title elementor-size-default\">SELECCI\u00d3N<\/h2>\t\t\t\t<\/div>\n\t\t\t\t\t<\/div>\n\t\t\t\t<\/div>\n\t\t<div class=\"elementor-element elementor-element-6878201 e-flex e-con-boxed wpr-particle-no wpr-jarallax-no wpr-parallax-no wpr-sticky-section-no wpr-equal-height-no e-con e-parent\" data-id=\"6878201\" data-element_type=\"container\" data-e-type=\"container\">\n\t\t\t\t\t<div class=\"e-con-inner\">\n\t\t\t\t<div class=\"elementor-element elementor-element-4f2a5e3 elementor-widget elementor-widget-heading\" data-id=\"4f2a5e3\" data-element_type=\"widget\" data-e-type=\"widget\" data-widget_type=\"heading.default\">\n\t\t\t\t\t<h2 class=\"elementor-heading-title elementor-size-default\">SELECCI\u00d3N OFICIAL COMPETENCIA\n<\/h2>\t\t\t\t<\/div>\n\t\t\t\t\t<\/div>\n\t\t\t\t<\/div>\n\t\t<div class=\"elementor-element elementor-element-2145887 e-flex e-con-boxed wpr-particle-no wpr-jarallax-no wpr-parallax-no wpr-sticky-section-no wpr-equal-height-no e-con e-parent\" data-id=\"2145887\" data-element_type=\"container\" data-e-type=\"container\">\n\t\t\t\t\t<div class=\"e-con-inner\">\n\t\t\t\t<div class=\"elementor-element elementor-element-bc6c0fc elementor-widget elementor-widget-text-editor\" data-id=\"bc6c0fc\" data-element_type=\"widget\" data-e-type=\"widget\" data-widget_type=\"text-editor.default\">\n\t\t\t\t\t\t\t\t\t<p><strong>Con locura y pasi\u00f3n<\/strong><br \/>C\u00f3rdoba | Ficci\u00f3n<br \/>Dir. Mat\u00edas Gabriel Amuedo &#8211;<br \/>Prod. Camila Bel\u00e9n Vera.<\/p><p><strong>Tetas<\/strong><br \/>C\u00f3rdoba | Ficci\u00f3n<br \/>Dir. Angelica Germanetti<br \/>Prod. Mar\u00eda Antonella Riga<br \/>y Fernanda Rocca<\/p><p><strong>Todo bien igual<\/strong><br \/>Entre R\u00edos | Ficci\u00f3n<br \/>Dir. Victoria De Michele<br \/>Prod. Victoria De Michele<\/p><p><strong>Rumores<\/strong><br \/>Entre R\u00edos | Ficci\u00f3n<br \/>Dir. Thomas Voloder Antenucci<br \/>Prod. Mateo Osorio<\/p><p><strong>Agua Colorada<\/strong><br \/>Entre R\u00edos | Ficci\u00f3n<br \/>Dir. Juli\u00e1n Olmedo<br \/>Prod. Agustin De Torres<\/p><p><strong>Tornado del 97<\/strong><br \/>Entre R\u00edos | Ficci\u00f3n<br \/>Dir. Paula F. Burna Elstner<br \/>Prod. Julieta B. Gomez<\/p><p><strong>Silvestre<\/strong><br \/>Misiones | Animaci\u00f3n<br \/>Dir. Elian Guerin<br \/>Prod. Andres Tes<br \/>(ESTUDIO AUDIOVISUAL<br \/>2527)<\/p><p><strong>Perla Guaran\u00ed<\/strong><br \/>Formosa | Ficci\u00f3n<br \/>Dir. Gabriela Pastor<br \/>Prod. Ariana Aisemberg<\/p><p><strong>Puente Ojo<\/strong><br \/>Chaco | Documental<br \/>Dir. Josefina Lens<br \/>Prod. Eduardo Bustamante<\/p><p><strong>Apartado del camino<\/strong><br \/>Santa Fe | Ficci\u00f3n<br \/>Dir. Miler Blasco<br \/>Prod. Miler Blasco<\/p><p><strong>Los amantes que no<\/strong><br \/><strong>sab\u00edan demasiado<\/strong><br \/>Santa Fe | Ficci\u00f3n<br \/>Dir. Baltasar Albrecht<br \/>y Gast\u00f3n Del Porto<br \/>Prod. Arturo Castro Godoy<\/p><p><strong>Combustible<\/strong><br \/>Santa Fe | Ficci\u00f3n<br \/>Dir. Victoria Saez<br \/>Prod. Jaquelina Molina<br \/>y Agust\u00edn Alejandro Falco<\/p>\t\t\t\t\t\t\t\t<\/div>\n\t\t\t\t\t<\/div>\n\t\t\t\t<\/div>\n\t\t<div class=\"elementor-element elementor-element-25acc5f e-flex e-con-boxed wpr-particle-no wpr-jarallax-no wpr-parallax-no wpr-sticky-section-no wpr-equal-height-no e-con e-parent\" data-id=\"25acc5f\" data-element_type=\"container\" data-e-type=\"container\">\n\t\t\t\t\t<div class=\"e-con-inner\">\n\t\t\t\t<div class=\"elementor-element elementor-element-7cfee98 elementor-widget elementor-widget-spacer\" data-id=\"7cfee98\" data-element_type=\"widget\" data-e-type=\"widget\" data-widget_type=\"spacer.default\">\n\t\t\t\t\t\t\t<div class=\"elementor-spacer\">\n\t\t\t<div class=\"elementor-spacer-inner\"><\/div>\n\t\t<\/div>\n\t\t\t\t\t\t<\/div>\n\t\t\t\t<div class=\"elementor-element elementor-element-9765474 elementor-widget elementor-widget-heading\" data-id=\"9765474\" data-element_type=\"widget\" data-e-type=\"widget\" data-widget_type=\"heading.default\">\n\t\t\t\t\t<h2 class=\"elementor-heading-title elementor-size-default\">PROYECTOS INVITADOS<\/h2>\t\t\t\t<\/div>\n\t\t\t\t\t<\/div>\n\t\t\t\t<\/div>\n\t\t<div class=\"elementor-element elementor-element-0fdbd32 e-flex e-con-boxed wpr-particle-no wpr-jarallax-no wpr-parallax-no wpr-sticky-section-no wpr-equal-height-no e-con e-parent\" data-id=\"0fdbd32\" data-element_type=\"container\" data-e-type=\"container\">\n\t\t\t\t\t<div class=\"e-con-inner\">\n\t\t<div class=\"elementor-element elementor-element-68b1b74 e-con-full e-flex wpr-particle-no wpr-jarallax-no wpr-parallax-no wpr-sticky-section-no wpr-equal-height-no e-con e-child\" data-id=\"68b1b74\" data-element_type=\"container\" data-e-type=\"container\">\n\t\t\t\t<div class=\"elementor-element elementor-element-45ea0aa elementor-widget elementor-widget-heading\" data-id=\"45ea0aa\" data-element_type=\"widget\" data-e-type=\"widget\" data-widget_type=\"heading.default\">\n\t\t\t\t\t<h2 class=\"elementor-heading-title elementor-size-default\">SELECCI\u00d3N FAB \n<\/h2>\t\t\t\t<\/div>\n\t\t\t\t<div class=\"elementor-element elementor-element-f831460 elementor-widget elementor-widget-text-editor\" data-id=\"f831460\" data-element_type=\"widget\" data-e-type=\"widget\" data-widget_type=\"text-editor.default\">\n\t\t\t\t\t\t\t\t\t<p><strong>La suspensi\u00f3n del tiempo<\/strong><br \/>Ficci\u00f3n<br \/>Dir. Marina Layana<\/p>\t\t\t\t\t\t\t\t<\/div>\n\t\t\t\t<\/div>\n\t\t<div class=\"elementor-element elementor-element-d2f5230 e-con-full e-flex wpr-particle-no wpr-jarallax-no wpr-parallax-no wpr-sticky-section-no wpr-equal-height-no e-con e-child\" data-id=\"d2f5230\" data-element_type=\"container\" data-e-type=\"container\">\n\t\t\t\t<div class=\"elementor-element elementor-element-049f7d2 elementor-widget elementor-widget-heading\" data-id=\"049f7d2\" data-element_type=\"widget\" data-e-type=\"widget\" data-widget_type=\"heading.default\">\n\t\t\t\t\t<h2 class=\"elementor-heading-title elementor-size-default\">SELECCI\u00d3N IAAVIM\n<\/h2>\t\t\t\t<\/div>\n\t\t\t\t<div class=\"elementor-element elementor-element-731d6ee elementor-widget elementor-widget-text-editor\" data-id=\"731d6ee\" data-element_type=\"widget\" data-e-type=\"widget\" data-widget_type=\"text-editor.default\">\n\t\t\t\t\t\t\t\t\t<p><strong>Azara<\/strong><br \/>Ficci\u00f3n<br \/>Dir. Paula Manzone<\/p>\t\t\t\t\t\t\t\t<\/div>\n\t\t\t\t<\/div>\n\t\t\t\t\t<\/div>\n\t\t\t\t<\/div>\n\t\t<div class=\"elementor-element elementor-element-f762dbf e-flex e-con-boxed wpr-particle-no wpr-jarallax-no wpr-parallax-no wpr-sticky-section-no wpr-equal-height-no e-con e-parent\" data-id=\"f762dbf\" data-element_type=\"container\" data-e-type=\"container\">\n\t\t\t\t\t<div class=\"e-con-inner\">\n\t\t<div class=\"elementor-element elementor-element-9238c16 e-con-full e-flex wpr-particle-no wpr-jarallax-no wpr-parallax-no wpr-sticky-section-no wpr-equal-height-no e-con e-child\" data-id=\"9238c16\" data-element_type=\"container\" data-e-type=\"container\">\n\t\t\t\t<div class=\"elementor-element elementor-element-510e586 elementor-widget elementor-widget-heading\" data-id=\"510e586\" data-element_type=\"widget\" data-e-type=\"widget\" data-widget_type=\"heading.default\">\n\t\t\t\t\t<h2 class=\"elementor-heading-title elementor-size-default\">SELECCI\u00d3N PULSAR SANTA FE\n<\/h2>\t\t\t\t<\/div>\n\t\t\t\t<div class=\"elementor-element elementor-element-b96a04f elementor-widget elementor-widget-text-editor\" data-id=\"b96a04f\" data-element_type=\"widget\" data-e-type=\"widget\" data-widget_type=\"text-editor.default\">\n\t\t\t\t\t\t\t\t\t<p><strong>Flor<\/strong><br \/>Ficci\u00f3n<br \/>Dir. Fernando del Castillo<\/p><p><strong>Un ascensor sospechosa <\/strong><strong>mente grande<\/strong><br \/>Documental<br \/>Dir. Augusto Robert Vaudagna<\/p><p><strong>En la piel del familiar<\/strong><br \/>Ficci\u00f3n<br \/>Dir. Emilio L\u00f3pez<\/p><p><strong>Chalet<\/strong><br \/>Documental<br \/>Dir. Joaqu\u00edn Gamba<br \/>y Lucio\u00a0Gagliardo<\/p><p><strong>Ramona<\/strong><br \/>Ficci\u00f3n<br \/>Dir. Lisa Caligaris<\/p><p><strong>Once familias<\/strong><br \/>Ficci\u00f3n<br \/>Dir. Andr\u00e9s Dentoni<\/p>\t\t\t\t\t\t\t\t<\/div>\n\t\t\t\t<\/div>\n\t\t\t\t\t<\/div>\n\t\t\t\t<\/div>\n\t\t<div class=\"elementor-element elementor-element-c7ddc0e e-flex e-con-boxed wpr-particle-no wpr-jarallax-no wpr-parallax-no wpr-sticky-section-no wpr-equal-height-no e-con e-parent\" data-id=\"c7ddc0e\" data-element_type=\"container\" data-e-type=\"container\">\n\t\t\t\t\t<div class=\"e-con-inner\">\n\t\t<div class=\"elementor-element elementor-element-86cd5d3 e-con-full e-flex wpr-particle-no wpr-jarallax-no wpr-parallax-no wpr-sticky-section-no wpr-equal-height-no e-con e-child\" data-id=\"86cd5d3\" data-element_type=\"container\" data-e-type=\"container\">\n\t\t\t\t<div class=\"elementor-element elementor-element-a0ed35c elementor-widget elementor-widget-heading\" data-id=\"a0ed35c\" data-element_type=\"widget\" data-e-type=\"widget\" data-widget_type=\"heading.default\">\n\t\t\t\t\t<h2 class=\"elementor-heading-title elementor-size-default\">SELECCI\u00d3N ARAER\n<\/h2>\t\t\t\t<\/div>\n\t\t\t\t<div class=\"elementor-element elementor-element-050f244 elementor-widget elementor-widget-text-editor\" data-id=\"050f244\" data-element_type=\"widget\" data-e-type=\"widget\" data-widget_type=\"text-editor.default\">\n\t\t\t\t\t\t\t\t\t<p><strong>Ramoncito<\/strong><br \/>Documental<br \/>Dir. Conrado Ar\u00e9valo<\/p><p><strong>Despu\u00e9s de una maldici\u00f3n,<\/strong><br \/><strong>los milagros<\/strong><br \/>Documental<br \/>Dir. Yamila Cabrera<\/p><p><strong>El rodeo<\/strong><br \/>Ficci\u00f3n<br \/>Dir. Regina Prina<\/p><p><strong>Las visitantes<\/strong><br \/>Documental<br \/>Dir. Faustino Sosa<br \/>y Julieta Alegre<\/p><p><strong>Camino<\/strong><br \/>Ficci\u00f3n<br \/>Dir. Germ\u00e1n Berger<\/p><p><strong>Las cuchillas<\/strong><br \/>Ficci\u00f3n<br \/>Dir. Renzo Blanc<\/p>\t\t\t\t\t\t\t\t<\/div>\n\t\t\t\t<div class=\"elementor-element elementor-element-a8a53be elementor-widget elementor-widget-spacer\" data-id=\"a8a53be\" data-element_type=\"widget\" data-e-type=\"widget\" data-widget_type=\"spacer.default\">\n\t\t\t\t\t\t\t<div class=\"elementor-spacer\">\n\t\t\t<div class=\"elementor-spacer-inner\"><\/div>\n\t\t<\/div>\n\t\t\t\t\t\t<\/div>\n\t\t\t\t<\/div>\n\t\t\t\t\t<\/div>\n\t\t\t\t<\/div>\n\t\t\t\t<\/div>\n\t\t","protected":false},"excerpt":{"rendered":"<p>SELECCI\u00d3N SELECCI\u00d3N OFICIAL COMPETENCIA Con locura y pasi\u00f3nC\u00f3rdoba | Ficci\u00f3nDir. Mat\u00edas Gabriel Amuedo &#8211;Prod. Camila Bel\u00e9n Vera. TetasC\u00f3rdoba | Ficci\u00f3nDir. Angelica GermanettiProd. Mar\u00eda Antonella Rigay Fernanda Rocca Todo bien igualEntre R\u00edos | Ficci\u00f3nDir. Victoria De MicheleProd. Victoria De Michele RumoresEntre R\u00edos | Ficci\u00f3nDir. Thomas Voloder AntenucciProd. Mateo Osorio Agua ColoradaEntre R\u00edos | Ficci\u00f3nDir. Juli\u00e1n OlmedoProd. Agustin De Torres Tornado del 97Entre R\u00edos | Ficci\u00f3nDir. Paula F. Burna ElstnerProd. Julieta B. Gomez SilvestreMisiones | Animaci\u00f3nDir. Elian GuerinProd. Andres Tes(ESTUDIO AUDIOVISUAL2527) Perla Guaran\u00edFormosa | Ficci\u00f3nDir. Gabriela PastorProd. Ariana Aisemberg Puente OjoChaco | DocumentalDir. Josefina LensProd. Eduardo Bustamante Apartado del caminoSanta Fe | Ficci\u00f3nDir. Miler BlascoProd. Miler Blasco Los amantes que nosab\u00edan demasiadoSanta Fe | Ficci\u00f3nDir. Baltasar Albrechty Gast\u00f3n Del PortoProd. Arturo Castro Godoy CombustibleSanta Fe | Ficci\u00f3nDir. Victoria SaezProd. Jaquelina Molinay Agust\u00edn Alejandro Falco PROYECTOS INVITADOS SELECCI\u00d3N FAB La suspensi\u00f3n del tiempoFicci\u00f3nDir. Marina Layana SELECCI\u00d3N IAAVIM AzaraFicci\u00f3nDir. Paula Manzone SELECCI\u00d3N PULSAR SANTA FE FlorFicci\u00f3nDir. Fernando del Castillo Un ascensor sospechosa mente grandeDocumentalDir. Augusto Robert Vaudagna En la piel del familiarFicci\u00f3nDir. Emilio L\u00f3pez ChaletDocumentalDir. Joaqu\u00edn Gambay Lucio\u00a0Gagliardo RamonaFicci\u00f3nDir. Lisa Caligaris Once familiasFicci\u00f3nDir. Andr\u00e9s Dentoni SELECCI\u00d3N ARAER RamoncitoDocumentalDir. Conrado Ar\u00e9valo Despu\u00e9s de una maldici\u00f3n,los milagrosDocumentalDir. Yamila Cabrera El rodeoFicci\u00f3nDir. Regina Prina Las visitantesDocumentalDir. Faustino Sosay Julieta Alegre CaminoFicci\u00f3nDir. Germ\u00e1n Berger Las cuchillasFicci\u00f3nDir. Renzo Blanc<\/p>\n","protected":false},"author":16,"featured_media":0,"parent":0,"menu_order":0,"comment_status":"closed","ping_status":"closed","template":"","meta":{"footnotes":""},"tags":[],"class_list":["post-8373","page","type-page","status-publish","hentry"],"_links":{"self":[{"href":"https:\/\/ficer.com.ar\/2025\/wp-json\/wp\/v2\/pages\/8373","targetHints":{"allow":["GET"]}}],"collection":[{"href":"https:\/\/ficer.com.ar\/2025\/wp-json\/wp\/v2\/pages"}],"about":[{"href":"https:\/\/ficer.com.ar\/2025\/wp-json\/wp\/v2\/types\/page"}],"author":[{"embeddable":true,"href":"https:\/\/ficer.com.ar\/2025\/wp-json\/wp\/v2\/users\/16"}],"replies":[{"embeddable":true,"href":"https:\/\/ficer.com.ar\/2025\/wp-json\/wp\/v2\/comments?post=8373"}],"version-history":[{"count":7,"href":"https:\/\/ficer.com.ar\/2025\/wp-json\/wp\/v2\/pages\/8373\/revisions"}],"predecessor-version":[{"id":8380,"href":"https:\/\/ficer.com.ar\/2025\/wp-json\/wp\/v2\/pages\/8373\/revisions\/8380"}],"wp:attachment":[{"href":"https:\/\/ficer.com.ar\/2025\/wp-json\/wp\/v2\/media?parent=8373"}],"wp:term":[{"taxonomy":"post_tag","embeddable":true,"href":"https:\/\/ficer.com.ar\/2025\/wp-json\/wp\/v2\/tags?post=8373"}],"curies":[{"name":"wp","href":"https:\/\/api.w.org\/{rel}","templated":true}]}}