{"id":8508,"date":"2025-11-18T13:32:41","date_gmt":"2025-11-18T16:32:41","guid":{"rendered":"https:\/\/ficer.com.ar\/2025\/?page_id=8508"},"modified":"2025-11-18T15:29:45","modified_gmt":"2025-11-18T18:29:45","slug":"jurado-forum","status":"publish","type":"page","link":"https:\/\/ficer.com.ar\/2025\/jurado-forum\/","title":{"rendered":"Jurado Forum"},"content":{"rendered":"\t\t<div data-elementor-type=\"wp-page\" data-elementor-id=\"8508\" class=\"elementor elementor-8508\" data-elementor-post-type=\"page\">\n\t\t\t\t<div class=\"elementor-element elementor-element-4860827 e-flex e-con-boxed wpr-particle-no wpr-jarallax-no wpr-parallax-no wpr-sticky-section-no wpr-equal-height-no e-con e-parent\" data-id=\"4860827\" data-element_type=\"container\" data-e-type=\"container\">\n\t\t\t\t\t<div class=\"e-con-inner\">\n\t\t\t\t<div class=\"elementor-element elementor-element-2b979f1 elementor-widget__width-initial elementor-widget elementor-widget-heading\" data-id=\"2b979f1\" data-element_type=\"widget\" data-e-type=\"widget\" data-widget_type=\"heading.default\">\n\t\t\t\t\t<h2 class=\"elementor-heading-title elementor-size-default\">JURADO FORUM<\/h2>\t\t\t\t<\/div>\n\t\t\t\t\t<\/div>\n\t\t\t\t<\/div>\n\t\t<div class=\"elementor-element elementor-element-8c29347 e-flex e-con-boxed wpr-particle-no wpr-jarallax-no wpr-parallax-no wpr-sticky-section-no wpr-equal-height-no e-con e-parent\" data-id=\"8c29347\" data-element_type=\"container\" data-e-type=\"container\">\n\t\t\t\t\t<div class=\"e-con-inner\">\n\t\t<div class=\"elementor-element elementor-element-b79e485 e-con-full e-flex wpr-particle-no wpr-jarallax-no wpr-parallax-no wpr-sticky-section-no wpr-equal-height-no e-con e-child\" data-id=\"b79e485\" data-element_type=\"container\" data-e-type=\"container\">\n\t\t\t\t<div class=\"elementor-element elementor-element-47c5ca6 elementor-widget elementor-widget-image\" data-id=\"47c5ca6\" data-element_type=\"widget\" data-e-type=\"widget\" data-widget_type=\"image.default\">\n\t\t\t\t\t\t\t\t\t\t\t\t\t\t\t<img fetchpriority=\"high\" decoding=\"async\" width=\"456\" height=\"557\" src=\"https:\/\/ficer.com.ar\/2025\/wp-content\/uploads\/2025\/11\/Captura-de-pantalla-2025-11-18-133311.png\" class=\"attachment-large size-large wp-image-8510\" alt=\"\" srcset=\"https:\/\/ficer.com.ar\/2025\/wp-content\/uploads\/2025\/11\/Captura-de-pantalla-2025-11-18-133311.png 456w, https:\/\/ficer.com.ar\/2025\/wp-content\/uploads\/2025\/11\/Captura-de-pantalla-2025-11-18-133311-246x300.png 246w\" sizes=\"(max-width: 456px) 100vw, 456px\" \/>\t\t\t\t\t\t\t\t\t\t\t\t\t\t\t<\/div>\n\t\t\t\t<\/div>\n\t\t<div class=\"elementor-element elementor-element-3d47b8e e-con-full e-flex wpr-particle-no wpr-jarallax-no wpr-parallax-no wpr-sticky-section-no wpr-equal-height-no e-con e-child\" data-id=\"3d47b8e\" data-element_type=\"container\" data-e-type=\"container\">\n\t\t\t\t<div class=\"elementor-element elementor-element-e7fa7ee elementor-widget elementor-widget-heading\" data-id=\"e7fa7ee\" data-element_type=\"widget\" data-e-type=\"widget\" data-widget_type=\"heading.default\">\n\t\t\t\t\t<h2 class=\"elementor-heading-title elementor-size-default\">JUAN PABLO MILLER<\/h2>\t\t\t\t<\/div>\n\t\t\t\t<div class=\"elementor-element elementor-element-ba84178 elementor-widget elementor-widget-text-editor\" data-id=\"ba84178\" data-element_type=\"widget\" data-e-type=\"widget\" data-widget_type=\"text-editor.default\">\n\t\t\t\t\t\t\t\t\t<p>Productor y fundador de Tarea<br \/>Fina, con la que impuls\u00f3 pel\u00edculas premiadas como Las Acacias (C\u00e1mara de Oro, Cannes). Desde 2009 produce y coproduce cine argentino de autor, colaborando con directores como Paula Hern\u00e1ndez, Ariel Rotter, Fernando Salem y Natalia Smirnoff. Su sello combina riesgo, diversidad y pasi\u00f3n por el cine.<\/p>\t\t\t\t\t\t\t\t<\/div>\n\t\t\t\t<\/div>\n\t\t\t\t\t<\/div>\n\t\t\t\t<\/div>\n\t\t<div class=\"elementor-element elementor-element-be3993e e-flex e-con-boxed wpr-particle-no wpr-jarallax-no wpr-parallax-no wpr-sticky-section-no wpr-equal-height-no e-con e-parent\" data-id=\"be3993e\" data-element_type=\"container\" data-e-type=\"container\">\n\t\t\t\t\t<div class=\"e-con-inner\">\n\t\t<div class=\"elementor-element elementor-element-de74503 e-con-full e-flex wpr-particle-no wpr-jarallax-no wpr-parallax-no wpr-sticky-section-no wpr-equal-height-no e-con e-child\" data-id=\"de74503\" data-element_type=\"container\" data-e-type=\"container\">\n\t\t\t\t<div class=\"elementor-element elementor-element-0b7310d elementor-widget elementor-widget-image\" data-id=\"0b7310d\" data-element_type=\"widget\" data-e-type=\"widget\" data-widget_type=\"image.default\">\n\t\t\t\t\t\t\t\t\t\t\t\t\t\t\t<img decoding=\"async\" width=\"458\" height=\"559\" src=\"https:\/\/ficer.com.ar\/2025\/wp-content\/uploads\/2025\/11\/Captura-de-pantalla-2025-11-18-133318.png\" class=\"attachment-large size-large wp-image-8511\" alt=\"\" srcset=\"https:\/\/ficer.com.ar\/2025\/wp-content\/uploads\/2025\/11\/Captura-de-pantalla-2025-11-18-133318.png 458w, https:\/\/ficer.com.ar\/2025\/wp-content\/uploads\/2025\/11\/Captura-de-pantalla-2025-11-18-133318-246x300.png 246w\" sizes=\"(max-width: 458px) 100vw, 458px\" \/>\t\t\t\t\t\t\t\t\t\t\t\t\t\t\t<\/div>\n\t\t\t\t<\/div>\n\t\t<div class=\"elementor-element elementor-element-a59520e e-con-full e-flex wpr-particle-no wpr-jarallax-no wpr-parallax-no wpr-sticky-section-no wpr-equal-height-no e-con e-child\" data-id=\"a59520e\" data-element_type=\"container\" data-e-type=\"container\">\n\t\t\t\t<div class=\"elementor-element elementor-element-78e2f1a elementor-widget elementor-widget-heading\" data-id=\"78e2f1a\" data-element_type=\"widget\" data-e-type=\"widget\" data-widget_type=\"heading.default\">\n\t\t\t\t\t<h2 class=\"elementor-heading-title elementor-size-default\">CELINA MURGA<\/h2>\t\t\t\t<\/div>\n\t\t\t\t<div class=\"elementor-element elementor-element-0eaec7a elementor-widget elementor-widget-text-editor\" data-id=\"0eaec7a\" data-element_type=\"widget\" data-e-type=\"widget\" data-widget_type=\"text-editor.default\">\n\t\t\t\t\t\t\t\t\tDirectora y guionista entrerriana,\nautora de Ana y los otros, Una\nsemana solos y El aroma del pasto\nreci\u00e9n cortado. Sus films fueron\npremiados en Berl\u00edn, Venecia y\nTribeca. Fue mentoreada por\nMartin Scorsese, quien tambi\u00e9n\nprodujo sus \u00faltimas obras. Ense\u00f1a\n\ny tutoriza proyectos en toda Ibe-\nroam\u00e9rica desde hace m\u00e1s de dos\nd\u00e9cadas.\t\t\t\t\t\t\t\t<\/div>\n\t\t\t\t<\/div>\n\t\t\t\t\t<\/div>\n\t\t\t\t<\/div>\n\t\t<div class=\"elementor-element elementor-element-a643e36 e-flex e-con-boxed wpr-particle-no wpr-jarallax-no wpr-parallax-no wpr-sticky-section-no wpr-equal-height-no e-con e-parent\" data-id=\"a643e36\" data-element_type=\"container\" data-e-type=\"container\">\n\t\t\t\t\t<div class=\"e-con-inner\">\n\t\t<div class=\"elementor-element elementor-element-01016d8 e-con-full e-flex wpr-particle-no wpr-jarallax-no wpr-parallax-no wpr-sticky-section-no wpr-equal-height-no e-con e-child\" data-id=\"01016d8\" data-element_type=\"container\" data-e-type=\"container\">\n\t\t\t\t<div class=\"elementor-element elementor-element-39ba033 elementor-widget elementor-widget-image\" data-id=\"39ba033\" data-element_type=\"widget\" data-e-type=\"widget\" data-widget_type=\"image.default\">\n\t\t\t\t\t\t\t\t\t\t\t\t\t\t\t<img decoding=\"async\" width=\"454\" height=\"558\" src=\"https:\/\/ficer.com.ar\/2025\/wp-content\/uploads\/2025\/11\/Captura-de-pantalla-2025-11-18-133326.png\" class=\"attachment-large size-large wp-image-8512\" alt=\"\" srcset=\"https:\/\/ficer.com.ar\/2025\/wp-content\/uploads\/2025\/11\/Captura-de-pantalla-2025-11-18-133326.png 454w, https:\/\/ficer.com.ar\/2025\/wp-content\/uploads\/2025\/11\/Captura-de-pantalla-2025-11-18-133326-244x300.png 244w\" sizes=\"(max-width: 454px) 100vw, 454px\" \/>\t\t\t\t\t\t\t\t\t\t\t\t\t\t\t<\/div>\n\t\t\t\t<\/div>\n\t\t<div class=\"elementor-element elementor-element-5abf98c e-con-full e-flex wpr-particle-no wpr-jarallax-no wpr-parallax-no wpr-sticky-section-no wpr-equal-height-no e-con e-child\" data-id=\"5abf98c\" data-element_type=\"container\" data-e-type=\"container\">\n\t\t\t\t<div class=\"elementor-element elementor-element-4612764 elementor-widget elementor-widget-heading\" data-id=\"4612764\" data-element_type=\"widget\" data-e-type=\"widget\" data-widget_type=\"heading.default\">\n\t\t\t\t\t<h2 class=\"elementor-heading-title elementor-size-default\">B\u00c1RBARA FRANCISCO MENDIVIL<\/h2>\t\t\t\t<\/div>\n\t\t\t\t<div class=\"elementor-element elementor-element-373faa5 elementor-widget elementor-widget-text-editor\" data-id=\"373faa5\" data-element_type=\"widget\" data-e-type=\"widget\" data-widget_type=\"text-editor.default\">\n\t\t\t\t\t\t\t\t\tProductora y fundadora de Pasto,\ndesde donde realiz\u00f3 films como Puan, El empleado y el patr\u00f3n, Familia sumergida y La helada negra. Ha participado en Cannes, Berl\u00edn, San Sebasti\u00e1n y Locarno.\n\nIntegr\u00f3 comit\u00e9s del INCAA e Ibermedia, y dicta tutor\u00edas y programas de formaci\u00f3n en Latinoam\u00e9rica.\t\t\t\t\t\t\t\t<\/div>\n\t\t\t\t<\/div>\n\t\t\t\t\t<\/div>\n\t\t\t\t<\/div>\n\t\t\t\t<\/div>\n\t\t","protected":false},"excerpt":{"rendered":"<p>JURADO FORUM JUAN PABLO MILLER Productor y fundador de TareaFina, con la que impuls\u00f3 pel\u00edculas premiadas como Las Acacias (C\u00e1mara de Oro, Cannes). Desde 2009 produce y coproduce cine argentino de autor, colaborando con directores como Paula Hern\u00e1ndez, Ariel Rotter, Fernando Salem y Natalia Smirnoff. Su sello combina riesgo, diversidad y pasi\u00f3n por el cine. CELINA MURGA Directora y guionista entrerriana, autora de Ana y los otros, Una semana solos y El aroma del pasto reci\u00e9n cortado. Sus films fueron premiados en Berl\u00edn, Venecia y Tribeca. Fue mentoreada por Martin Scorsese, quien tambi\u00e9n produjo sus \u00faltimas obras. Ense\u00f1a y tutoriza proyectos en toda Ibe- roam\u00e9rica desde hace m\u00e1s de dos d\u00e9cadas. B\u00c1RBARA FRANCISCO MENDIVIL Productora y fundadora de Pasto, desde donde realiz\u00f3 films como Puan, El empleado y el patr\u00f3n, Familia sumergida y La helada negra. Ha participado en Cannes, Berl\u00edn, San Sebasti\u00e1n y Locarno. Integr\u00f3 comit\u00e9s del INCAA e Ibermedia, y dicta tutor\u00edas y programas de formaci\u00f3n en Latinoam\u00e9rica.<\/p>\n","protected":false},"author":16,"featured_media":0,"parent":0,"menu_order":0,"comment_status":"closed","ping_status":"closed","template":"","meta":{"footnotes":""},"tags":[],"class_list":["post-8508","page","type-page","status-publish","hentry"],"_links":{"self":[{"href":"https:\/\/ficer.com.ar\/2025\/wp-json\/wp\/v2\/pages\/8508","targetHints":{"allow":["GET"]}}],"collection":[{"href":"https:\/\/ficer.com.ar\/2025\/wp-json\/wp\/v2\/pages"}],"about":[{"href":"https:\/\/ficer.com.ar\/2025\/wp-json\/wp\/v2\/types\/page"}],"author":[{"embeddable":true,"href":"https:\/\/ficer.com.ar\/2025\/wp-json\/wp\/v2\/users\/16"}],"replies":[{"embeddable":true,"href":"https:\/\/ficer.com.ar\/2025\/wp-json\/wp\/v2\/comments?post=8508"}],"version-history":[{"count":7,"href":"https:\/\/ficer.com.ar\/2025\/wp-json\/wp\/v2\/pages\/8508\/revisions"}],"predecessor-version":[{"id":8583,"href":"https:\/\/ficer.com.ar\/2025\/wp-json\/wp\/v2\/pages\/8508\/revisions\/8583"}],"wp:attachment":[{"href":"https:\/\/ficer.com.ar\/2025\/wp-json\/wp\/v2\/media?parent=8508"}],"wp:term":[{"taxonomy":"post_tag","embeddable":true,"href":"https:\/\/ficer.com.ar\/2025\/wp-json\/wp\/v2\/tags?post=8508"}],"curies":[{"name":"wp","href":"https:\/\/api.w.org\/{rel}","templated":true}]}}

<div data-elementor-type="wp-page" data-elementor-id="8508" class="elementor elementor-8508" data-elementor-post-type="page">
				<div class="elementor-element elementor-element-4860827 e-flex e-con-boxed wpr-particle-no wpr-jarallax-no wpr-parallax-no wpr-sticky-section-no wpr-equal-height-no e-con e-parent" data-id="4860827" data-element_type="container" data-e-type="container">
					<div class="e-con-inner">
				<div class="elementor-element elementor-element-2b979f1 elementor-widget__width-initial elementor-widget elementor-widget-heading" data-id="2b979f1" data-element_type="widget" data-e-type="widget" data-widget_type="heading.default">
					<h2 class="elementor-heading-title elementor-size-default">JURADO FORUM</h2>				</div>
					</div>
				</div>
		<div class="elementor-element elementor-element-8c29347 e-flex e-con-boxed wpr-particle-no wpr-jarallax-no wpr-parallax-no wpr-sticky-section-no wpr-equal-height-no e-con e-parent" data-id="8c29347" data-element_type="container" data-e-type="container">
					<div class="e-con-inner">
		<div class="elementor-element elementor-element-b79e485 e-con-full e-flex wpr-particle-no wpr-jarallax-no wpr-parallax-no wpr-sticky-section-no wpr-equal-height-no e-con e-child" data-id="b79e485" data-element_type="container" data-e-type="container">
				<div class="elementor-element elementor-element-47c5ca6 elementor-widget elementor-widget-image" data-id="47c5ca6" data-element_type="widget" data-e-type="widget" data-widget_type="image.default">
															<img fetchpriority="high" decoding="async" width="456" height="557" src="https://ficer.com.ar/2025/wp-content/uploads/2025/11/Captura-de-pantalla-2025-11-18-133311.png" class="attachment-large size-large wp-image-8510" alt="" srcset="https://ficer.com.ar/2025/wp-content/uploads/2025/11/Captura-de-pantalla-2025-11-18-133311.png 456w, https://ficer.com.ar/2025/wp-content/uploads/2025/11/Captura-de-pantalla-2025-11-18-133311-246x300.png 246w" sizes="(max-width: 456px) 100vw, 456px" />															</div>
				</div>
		<div class="elementor-element elementor-element-3d47b8e e-con-full e-flex wpr-particle-no wpr-jarallax-no wpr-parallax-no wpr-sticky-section-no wpr-equal-height-no e-con e-child" data-id="3d47b8e" data-element_type="container" data-e-type="container">
				<div class="elementor-element elementor-element-e7fa7ee elementor-widget elementor-widget-heading" data-id="e7fa7ee" data-element_type="widget" data-e-type="widget" data-widget_type="heading.default">
					<h2 class="elementor-heading-title elementor-size-default">JUAN PABLO MILLER</h2>				</div>
				<div class="elementor-element elementor-element-ba84178 elementor-widget elementor-widget-text-editor" data-id="ba84178" data-element_type="widget" data-e-type="widget" data-widget_type="text-editor.default">
									<p>Productor y fundador de Tarea<br />Fina, con la que impulsó películas premiadas como Las Acacias (Cámara de Oro, Cannes). Desde 2009 produce y coproduce cine argentino de autor, colaborando con directores como Paula Hernández, Ariel Rotter, Fernando Salem y Natalia Smirnoff. Su sello combina riesgo, diversidad y pasión por el cine.</p>								</div>
				</div>
					</div>
				</div>
		<div class="elementor-element elementor-element-be3993e e-flex e-con-boxed wpr-particle-no wpr-jarallax-no wpr-parallax-no wpr-sticky-section-no wpr-equal-height-no e-con e-parent" data-id="be3993e" data-element_type="container" data-e-type="container">
					<div class="e-con-inner">
		<div class="elementor-element elementor-element-de74503 e-con-full e-flex wpr-particle-no wpr-jarallax-no wpr-parallax-no wpr-sticky-section-no wpr-equal-height-no e-con e-child" data-id="de74503" data-element_type="container" data-e-type="container">
				<div class="elementor-element elementor-element-0b7310d elementor-widget elementor-widget-image" data-id="0b7310d" data-element_type="widget" data-e-type="widget" data-widget_type="image.default">
															<img decoding="async" width="458" height="559" src="https://ficer.com.ar/2025/wp-content/uploads/2025/11/Captura-de-pantalla-2025-11-18-133318.png" class="attachment-large size-large wp-image-8511" alt="" srcset="https://ficer.com.ar/2025/wp-content/uploads/2025/11/Captura-de-pantalla-2025-11-18-133318.png 458w, https://ficer.com.ar/2025/wp-content/uploads/2025/11/Captura-de-pantalla-2025-11-18-133318-246x300.png 246w" sizes="(max-width: 458px) 100vw, 458px" />															</div>
				</div>
		<div class="elementor-element elementor-element-a59520e e-con-full e-flex wpr-particle-no wpr-jarallax-no wpr-parallax-no wpr-sticky-section-no wpr-equal-height-no e-con e-child" data-id="a59520e" data-element_type="container" data-e-type="container">
				<div class="elementor-element elementor-element-78e2f1a elementor-widget elementor-widget-heading" data-id="78e2f1a" data-element_type="widget" data-e-type="widget" data-widget_type="heading.default">
					<h2 class="elementor-heading-title elementor-size-default">CELINA MURGA</h2>				</div>
				<div class="elementor-element elementor-element-0eaec7a elementor-widget elementor-widget-text-editor" data-id="0eaec7a" data-element_type="widget" data-e-type="widget" data-widget_type="text-editor.default">
									Directora y guionista entrerriana,
autora de Ana y los otros, Una
semana solos y El aroma del pasto
recién cortado. Sus films fueron
premiados en Berlín, Venecia y
Tribeca. Fue mentoreada por
Martin Scorsese, quien también
produjo sus últimas obras. Enseña

y tutoriza proyectos en toda Ibe-
roamérica desde hace más de dos
décadas.								</div>
				</div>
					</div>
				</div>
		<div class="elementor-element elementor-element-a643e36 e-flex e-con-boxed wpr-particle-no wpr-jarallax-no wpr-parallax-no wpr-sticky-section-no wpr-equal-height-no e-con e-parent" data-id="a643e36" data-element_type="container" data-e-type="container">
					<div class="e-con-inner">
		<div class="elementor-element elementor-element-01016d8 e-con-full e-flex wpr-particle-no wpr-jarallax-no wpr-parallax-no wpr-sticky-section-no wpr-equal-height-no e-con e-child" data-id="01016d8" data-element_type="container" data-e-type="container">
				<div class="elementor-element elementor-element-39ba033 elementor-widget elementor-widget-image" data-id="39ba033" data-element_type="widget" data-e-type="widget" data-widget_type="image.default">
															<img decoding="async" width="454" height="558" src="https://ficer.com.ar/2025/wp-content/uploads/2025/11/Captura-de-pantalla-2025-11-18-133326.png" class="attachment-large size-large wp-image-8512" alt="" srcset="https://ficer.com.ar/2025/wp-content/uploads/2025/11/Captura-de-pantalla-2025-11-18-133326.png 454w, https://ficer.com.ar/2025/wp-content/uploads/2025/11/Captura-de-pantalla-2025-11-18-133326-244x300.png 244w" sizes="(max-width: 454px) 100vw, 454px" />															</div>
				</div>
		<div class="elementor-element elementor-element-5abf98c e-con-full e-flex wpr-particle-no wpr-jarallax-no wpr-parallax-no wpr-sticky-section-no wpr-equal-height-no e-con e-child" data-id="5abf98c" data-element_type="container" data-e-type="container">
				<div class="elementor-element elementor-element-4612764 elementor-widget elementor-widget-heading" data-id="4612764" data-element_type="widget" data-e-type="widget" data-widget_type="heading.default">
					<h2 class="elementor-heading-title elementor-size-default">BÁRBARA FRANCISCO MENDIVIL</h2>				</div>
				<div class="elementor-element elementor-element-373faa5 elementor-widget elementor-widget-text-editor" data-id="373faa5" data-element_type="widget" data-e-type="widget" data-widget_type="text-editor.default">
									Productora y fundadora de Pasto,
desde donde realizó films como Puan, El empleado y el patrón, Familia sumergida y La helada negra. Ha participado en Cannes, Berlín, San Sebastián y Locarno.

Integró comités del INCAA e Ibermedia, y dicta tutorías y programas de formación en Latinoamérica.								</div>
				</div>
					</div>
				</div>
				</div>

<p>JURADO FORUM JUAN PABLO MILLER Productor y fundador de TareaFina, con la que impulsó películas premiadas como Las Acacias (Cámara de Oro, Cannes). Desde 2009 produce y coproduce cine argentino de autor, colaborando con directores como Paula Hernández, Ariel Rotter, Fernando Salem y Natalia Smirnoff. Su sello combina riesgo, diversidad y pasión por el cine. CELINA MURGA Directora y guionista entrerriana, autora de Ana y los otros, Una semana solos y El aroma del pasto recién cortado. Sus films fueron premiados en Berlín, Venecia y Tribeca. Fue mentoreada por Martin Scorsese, quien también produjo sus últimas obras. Enseña y tutoriza proyectos en toda Ibe- roamérica desde hace más de dos décadas. BÁRBARA FRANCISCO MENDIVIL Productora y fundadora de Pasto, desde donde realizó films como Puan, El empleado y el patrón, Familia sumergida y La helada negra. Ha participado en Cannes, Berlín, San Sebastián y Locarno. Integró comités del INCAA e Ibermedia, y dicta tutorías y programas de formación en Latinoamérica.</p>
