{"id":8776,"date":"2025-11-20T12:34:15","date_gmt":"2025-11-20T15:34:15","guid":{"rendered":"https:\/\/ficer.com.ar\/2025\/?page_id=8776"},"modified":"2025-11-22T15:54:10","modified_gmt":"2025-11-22T18:54:10","slug":"actividades-especiales","status":"publish","type":"page","link":"https:\/\/ficer.com.ar\/2025\/actividades-especiales\/","title":{"rendered":"Actividades Especiales"},"content":{"rendered":"\t\t<div data-elementor-type=\"wp-page\" data-elementor-id=\"8776\" class=\"elementor elementor-8776\" data-elementor-post-type=\"page\">\n\t\t\t\t<div class=\"elementor-element elementor-element-4860827 e-flex e-con-boxed wpr-particle-no wpr-jarallax-no wpr-parallax-no wpr-sticky-section-no wpr-equal-height-no e-con e-parent\" data-id=\"4860827\" data-element_type=\"container\" data-e-type=\"container\">\n\t\t\t\t\t<div class=\"e-con-inner\">\n\t\t\t\t<div class=\"elementor-element elementor-element-2b979f1 elementor-widget__width-initial elementor-widget elementor-widget-heading\" data-id=\"2b979f1\" data-element_type=\"widget\" data-e-type=\"widget\" data-widget_type=\"heading.default\">\n\t\t\t\t\t<h2 class=\"elementor-heading-title elementor-size-default\">ACTIVIDADES ESPECIALES<\/h2>\t\t\t\t<\/div>\n\t\t\t\t\t<\/div>\n\t\t\t\t<\/div>\n\t\t<div class=\"elementor-element elementor-element-4e6e4cb e-flex e-con-boxed wpr-particle-no wpr-jarallax-no wpr-parallax-no wpr-sticky-section-no wpr-equal-height-no e-con e-parent\" data-id=\"4e6e4cb\" data-element_type=\"container\" data-e-type=\"container\">\n\t\t\t\t\t<div class=\"e-con-inner\">\n\t\t\t\t<div class=\"elementor-element elementor-element-d69dee2 elementor-widget elementor-widget-spacer\" data-id=\"d69dee2\" data-element_type=\"widget\" data-e-type=\"widget\" data-widget_type=\"spacer.default\">\n\t\t\t\t\t\t\t<div class=\"elementor-spacer\">\n\t\t\t<div class=\"elementor-spacer-inner\"><\/div>\n\t\t<\/div>\n\t\t\t\t\t\t<\/div>\n\t\t\t\t\t<\/div>\n\t\t\t\t<\/div>\n\t\t<div class=\"elementor-element elementor-element-2145887 e-flex e-con-boxed wpr-particle-no wpr-jarallax-no wpr-parallax-no wpr-sticky-section-no wpr-equal-height-no e-con e-parent\" data-id=\"2145887\" data-element_type=\"container\" data-e-type=\"container\">\n\t\t\t\t\t<div class=\"e-con-inner\">\n\t\t<div class=\"elementor-element elementor-element-daa9b30 e-con-full e-flex wpr-particle-no wpr-jarallax-no wpr-parallax-no wpr-sticky-section-no wpr-equal-height-no e-con e-child\" data-id=\"daa9b30\" data-element_type=\"container\" data-e-type=\"container\">\n\t\t\t\t<div class=\"elementor-element elementor-element-785737a elementor-widget__width-initial elementor-widget elementor-widget-text-editor\" data-id=\"785737a\" data-element_type=\"widget\" data-e-type=\"widget\" data-widget_type=\"text-editor.default\">\n\t\t\t\t\t\t\t\t\t<p>Martes<\/p>\t\t\t\t\t\t\t\t<\/div>\n\t\t\t\t<div class=\"elementor-element elementor-element-8ed1482 elementor-widget elementor-widget-heading\" data-id=\"8ed1482\" data-element_type=\"widget\" data-e-type=\"widget\" data-widget_type=\"heading.default\">\n\t\t\t\t\t<h2 class=\"elementor-heading-title elementor-size-default\">25<\/h2>\t\t\t\t<\/div>\n\t\t\t\t<div class=\"elementor-element elementor-element-f4485e6 elementor-widget__width-initial elementor-widget elementor-widget-text-editor\" data-id=\"f4485e6\" data-element_type=\"widget\" data-e-type=\"widget\" data-widget_type=\"text-editor.default\">\n\t\t\t\t\t\t\t\t\t<p>de Noviembre<\/p>\t\t\t\t\t\t\t\t<\/div>\n\t\t\t\t<\/div>\n\t\t\t\t<div class=\"elementor-element elementor-element-bc6c0fc elementor-widget__width-initial elementor-widget elementor-widget-text-editor\" data-id=\"bc6c0fc\" data-element_type=\"widget\" data-e-type=\"widget\" data-widget_type=\"text-editor.default\">\n\t\t\t\t\t\t\t\t\t<p><strong>17:30<\/strong> | LIVING CPC (PLANTA BAJA)<br \/>PANEL:\u00a0<b>FOMENTO FEDERAL: Nuevas pol\u00edticas y desaf\u00edos regionales.<\/b><\/p><p>Con: Maximiliano Schonfeld (Entre R\u00edos), Lorena Quevedo (C\u00f3rdoba), Santiago Carabante (Misiones),<br \/>Paulo Ricci (Santa Fe).<\/p><p>Modera: Nicol\u00e1s Herzog.<\/p>\t\t\t\t\t\t\t\t<\/div>\n\t\t\t\t\t<\/div>\n\t\t\t\t<\/div>\n\t\t<div class=\"elementor-element elementor-element-0bcfb52 e-flex e-con-boxed wpr-particle-no wpr-jarallax-no wpr-parallax-no wpr-sticky-section-no wpr-equal-height-no e-con e-parent\" data-id=\"0bcfb52\" data-element_type=\"container\" data-e-type=\"container\">\n\t\t\t\t\t<div class=\"e-con-inner\">\n\t\t<div class=\"elementor-element elementor-element-befecfa e-con-full e-flex wpr-particle-no wpr-jarallax-no wpr-parallax-no wpr-sticky-section-no wpr-equal-height-no e-con e-child\" data-id=\"befecfa\" data-element_type=\"container\" data-e-type=\"container\">\n\t\t\t\t<div class=\"elementor-element elementor-element-94bf684 elementor-widget__width-initial elementor-widget elementor-widget-text-editor\" data-id=\"94bf684\" data-element_type=\"widget\" data-e-type=\"widget\" data-widget_type=\"text-editor.default\">\n\t\t\t\t\t\t\t\t\t<p>Mi\u00e9rcoles<\/p>\t\t\t\t\t\t\t\t<\/div>\n\t\t\t\t<div class=\"elementor-element elementor-element-97dc3d7 elementor-widget elementor-widget-heading\" data-id=\"97dc3d7\" data-element_type=\"widget\" data-e-type=\"widget\" data-widget_type=\"heading.default\">\n\t\t\t\t\t<h2 class=\"elementor-heading-title elementor-size-default\">26<\/h2>\t\t\t\t<\/div>\n\t\t\t\t<div class=\"elementor-element elementor-element-fdb3fff elementor-widget__width-initial elementor-widget elementor-widget-text-editor\" data-id=\"fdb3fff\" data-element_type=\"widget\" data-e-type=\"widget\" data-widget_type=\"text-editor.default\">\n\t\t\t\t\t\t\t\t\t<p>de Noviembre<\/p>\t\t\t\t\t\t\t\t<\/div>\n\t\t\t\t<\/div>\n\t\t\t\t<div class=\"elementor-element elementor-element-f0b80f3 elementor-widget__width-initial elementor-widget elementor-widget-text-editor\" data-id=\"f0b80f3\" data-element_type=\"widget\" data-e-type=\"widget\" data-widget_type=\"text-editor.default\">\n\t\t\t\t\t\t\t\t\t<p><strong>11:30<\/strong> | LIVING CPC (PLANTA BAJA)<br \/>PANEL:<strong> ROJO SOBRE NEGRO: <\/strong><b>Nuevas miradas del cine de terror.<\/b><\/p><p>Con: Fernando Diaz (Machaco) &#8211; Roxana Ramos (Aramos cine).<\/p><p><strong><br \/>17:30<\/strong> ESPACIO CINEMATECA<br \/>FORMACI\u00d3N: <strong>LO NUEVO FUNCIONA:<\/strong>\u00a0La direcci\u00f3n de fotograf\u00eda y el universo cinematogr\u00e1fico a trav\u00e9s de los cambios tecnol\u00f3gicos.\u00a0<a href=\"https:\/\/docs.google.com\/forms\/d\/e\/1FAIpQLSd9-8uM0Cj2v5TKPHH--SW3ibcrge3HDtNnqWB5PGTNXEKukQ\/viewform\">CON INSCRIPCI\u00d3N PREVIA<\/a><\/p><p>A cargo de Guillermo Saposnik<\/p><p>Un recorrido por la trayectoria del director de fotograf\u00eda entrerriano Guillermo Saposnik, desde sus inicios en Ana y los otros hasta sus colaboraciones m\u00e1s recientes en proyectos como El Eternauta y Atrapados.<\/p>\t\t\t\t\t\t\t\t<\/div>\n\t\t\t\t\t<\/div>\n\t\t\t\t<\/div>\n\t\t<div class=\"elementor-element elementor-element-20f5851 e-flex e-con-boxed wpr-particle-no wpr-jarallax-no wpr-parallax-no wpr-sticky-section-no wpr-equal-height-no e-con e-parent\" data-id=\"20f5851\" data-element_type=\"container\" data-e-type=\"container\">\n\t\t\t\t\t<div class=\"e-con-inner\">\n\t\t<div class=\"elementor-element elementor-element-51c921a e-con-full e-flex wpr-particle-no wpr-jarallax-no wpr-parallax-no wpr-sticky-section-no wpr-equal-height-no e-con e-child\" data-id=\"51c921a\" data-element_type=\"container\" data-e-type=\"container\">\n\t\t\t\t<div class=\"elementor-element elementor-element-bb76bb9 elementor-widget__width-initial elementor-widget elementor-widget-text-editor\" data-id=\"bb76bb9\" data-element_type=\"widget\" data-e-type=\"widget\" data-widget_type=\"text-editor.default\">\n\t\t\t\t\t\t\t\t\t<p>Jueves<\/p>\t\t\t\t\t\t\t\t<\/div>\n\t\t\t\t<div class=\"elementor-element elementor-element-e6946e1 elementor-widget elementor-widget-heading\" data-id=\"e6946e1\" data-element_type=\"widget\" data-e-type=\"widget\" data-widget_type=\"heading.default\">\n\t\t\t\t\t<h2 class=\"elementor-heading-title elementor-size-default\">27<\/h2>\t\t\t\t<\/div>\n\t\t\t\t<div class=\"elementor-element elementor-element-e482c17 elementor-widget__width-initial elementor-widget elementor-widget-text-editor\" data-id=\"e482c17\" data-element_type=\"widget\" data-e-type=\"widget\" data-widget_type=\"text-editor.default\">\n\t\t\t\t\t\t\t\t\t<p>de Noviembre<\/p>\t\t\t\t\t\t\t\t<\/div>\n\t\t\t\t<\/div>\n\t\t\t\t<div class=\"elementor-element elementor-element-91c29b2 elementor-widget__width-initial elementor-widget elementor-widget-text-editor\" data-id=\"91c29b2\" data-element_type=\"widget\" data-e-type=\"widget\" data-widget_type=\"text-editor.default\">\n\t\t\t\t\t\t\t\t\t<p><strong>10:00<\/strong> | SALA NOBLE IAAER<br \/>CHARLA ABIERTA: <strong>EL MONTAJE DE LA MEMORIA: <\/strong><b>sobre las im\u00e1genes que construyen la Historia<\/b><\/p><p>Con: Karen Spahn, Lucas Gallo, Francisco D\u2019Eufemia, Manuel Embalse y Jessica Sarah Rinland.<br \/>Modera: Tom\u00e1s Dotta<\/p><p>El cine y los museos trabajan con fragmentos: im\u00e1genes, sonidos, objetos, testimonios. A partir de ellos se teje el relato de lo que recordamos como comunidad. En esta mesa, cineastas y artistas conversar\u00e1n sobre los modos en que las im\u00e1genes y los objetos de museos participan en la construcci\u00f3n del relato hist\u00f3rico y la memoria colectiva.<\/p><p><strong><br \/>11:30<\/strong> | LIVING CPC (PLANTA BAJA)<br \/>PANEL: <strong>COPRODUCIR HOY: Estrategias y alianzas regionales.<\/strong><\/p><p>Con: Micaela Sol\u00e9 (Cordon films, UY), Federico Cetta (El Cielo Cine, UY), Tom\u00e1s Eloy Mu\u00f1oz (Mostra Cine, ARG), B\u00e1rbara Francisco (Pasto, ARG).<br \/>Modera: Lorena Quevedo.<\/p><p><strong><br \/>15:30<\/strong> | LIVING CPC (PLANTA BAJA)<br \/>PANEL:<strong> LA SOCIEDAD CREATIVA: Cineastas y productores con proyecci\u00f3n internacional.<\/strong><\/p><p>Con: Cecilia Kang y Juan Pablo Miller (Directora y Productor de Hijo Mayor) &#8211; Laura Casab\u00e9<br \/>y Alejandro Israel (Directora y Productor de La virgen de la tosquera) Celina Murga y Valeria Bistagnino<br \/>(Directora y productora de El aroma del pasto reci\u00e9n cortado).<br \/>Modera: Nicol\u00e1s Herzog.<\/p><p><strong><br \/>17:30<\/strong> | CPC SALA PB<br \/>PANEL:<strong> DEL CINE A LAS PLATAFORMAS: Distribuci\u00f3n, exhibici\u00f3n y audiencias en la era digital.<\/strong><\/p><p>Con: Ignacio Rapallini (Flow), Mart\u00edn Crespo (Warner \/ HBO Max), Manuel Garc\u00eda (Cinetren).<\/p><p><strong><br \/>23:59<\/strong>\u00a0| DOMO<br \/>TRASNOCHE FICER:<strong> FANTAS\u00cdAS ANIMADAS<\/strong><br \/>The Crazy Clouds + Marcelo Estebecorena + Super Hijitus<\/p><p>Las j\u00f3venes y talentosas The Crazy Clouds junto al artista Marcelo Estebecorena se batir\u00e1n a duelo entre m\u00fasica y performance bajo las animaciones de Super Hijitus en el domo del MiradorTec.<\/p>\t\t\t\t\t\t\t\t<\/div>\n\t\t\t\t\t<\/div>\n\t\t\t\t<\/div>\n\t\t<div class=\"elementor-element elementor-element-207aa6e e-flex e-con-boxed wpr-particle-no wpr-jarallax-no wpr-parallax-no wpr-sticky-section-no wpr-equal-height-no e-con e-parent\" data-id=\"207aa6e\" data-element_type=\"container\" data-e-type=\"container\">\n\t\t\t\t\t<div class=\"e-con-inner\">\n\t\t<div class=\"elementor-element elementor-element-7a56abf e-con-full e-flex wpr-particle-no wpr-jarallax-no wpr-parallax-no wpr-sticky-section-no wpr-equal-height-no e-con e-child\" data-id=\"7a56abf\" data-element_type=\"container\" data-e-type=\"container\">\n\t\t\t\t<div class=\"elementor-element elementor-element-dd02ed0 elementor-widget__width-initial elementor-widget elementor-widget-text-editor\" data-id=\"dd02ed0\" data-element_type=\"widget\" data-e-type=\"widget\" data-widget_type=\"text-editor.default\">\n\t\t\t\t\t\t\t\t\t<p>Viernes<\/p>\t\t\t\t\t\t\t\t<\/div>\n\t\t\t\t<div class=\"elementor-element elementor-element-68b21d9 elementor-widget elementor-widget-heading\" data-id=\"68b21d9\" data-element_type=\"widget\" data-e-type=\"widget\" data-widget_type=\"heading.default\">\n\t\t\t\t\t<h2 class=\"elementor-heading-title elementor-size-default\">28<\/h2>\t\t\t\t<\/div>\n\t\t\t\t<div class=\"elementor-element elementor-element-cdc278f elementor-widget__width-initial elementor-widget elementor-widget-text-editor\" data-id=\"cdc278f\" data-element_type=\"widget\" data-e-type=\"widget\" data-widget_type=\"text-editor.default\">\n\t\t\t\t\t\t\t\t\t<p>de Noviembre<\/p>\t\t\t\t\t\t\t\t<\/div>\n\t\t\t\t<\/div>\n\t\t\t\t<div class=\"elementor-element elementor-element-7e7d9bb elementor-widget__width-initial elementor-widget elementor-widget-text-editor\" data-id=\"7e7d9bb\" data-element_type=\"widget\" data-e-type=\"widget\" data-widget_type=\"text-editor.default\">\n\t\t\t\t\t\t\t\t\t<p><strong>10:00<\/strong> | CPC SALA PB<br \/>ENCUENTRO:<strong> ENTRAMAR MIRADAS: Encuentro de mujeres audiovisuales de Entre R\u00edos.<\/strong><\/p><p>Un espacio de reflexi\u00f3n y di\u00e1logo entre mujeres y disidencias trabajadoras del sector audiovisual de Entre R\u00edos, orientado a pensar las narrativas que construimos desde nuestras experiencias, territorios y miradas. El encuentro busca tejer redes y estrategias que fortalezcan la producci\u00f3n audiovisual con perspectiva de g\u00e9nero, promoviendo espacios de contenci\u00f3n y colaboraci\u00f3n.<br \/><span style=\"font-size: 1rem;\"><br \/><b>10:00<\/b><\/span><span style=\"font-size: 1rem;\"> | VAPORESO \/ Librer\u00eda-Caf\u00e9<\/span><\/p><p>FORMACI\u00d3N:<strong> QUERIDO DIARIO: Encuentro y taller de escritura de diarios en literatura y cine.<\/strong> <br \/><a href=\"https:\/\/docs.google.com\/forms\/d\/e\/1FAIpQLSeAyVGkp4gVwtB3qU9tWWvrDfnOj9LHQB2ewKhdptCr0lyBGQ\/viewform\">CON INSCRIPCI\u00d3N PREVIA<\/a><\/p><p>A cargo de Santiago Loza, Eugenia P\u00e9rez Tomas y Andr\u00e9s Gallina<\/p><p>Encuentro y taller de escritura de diarios en literatura y cine, cruces y confluencias, a cargo del director, escritor y dramaturgo Santiago Loza \u2014quien presenta Los d\u00edas chinos en la secci\u00f3n Correntada\u2014, junto con Eugenia P\u00e9rez Tomas y Andr\u00e9s Gallina, creadores de la editorial Bosque Energ\u00e9tico, dedicada a la publicaci\u00f3n de diarios \u00edntimos.<br \/><span style=\"font-size: 1rem;\"><br \/><b>11:00<\/b><\/span><span style=\"font-size: 1rem;\"> | LIVING CPC<\/span><\/p><p>CHARLA ABIERTA:<strong>\u00a0UN CINE DEL FUTURO IV: Cineastas invitadxs al Festival conversan sobre el presente, la memoria y el porvenir del cine.<\/strong><\/p>\t\t\t\t\t\t\t\t<\/div>\n\t\t\t\t\t<\/div>\n\t\t\t\t<\/div>\n\t\t<div class=\"elementor-element elementor-element-714f7fb e-flex e-con-boxed wpr-particle-no wpr-jarallax-no wpr-parallax-no wpr-sticky-section-no wpr-equal-height-no e-con e-parent\" data-id=\"714f7fb\" data-element_type=\"container\" data-e-type=\"container\">\n\t\t\t\t\t<div class=\"e-con-inner\">\n\t\t<div class=\"elementor-element elementor-element-4ff5e74 e-con-full e-flex wpr-particle-no wpr-jarallax-no wpr-parallax-no wpr-sticky-section-no wpr-equal-height-no e-con e-child\" data-id=\"4ff5e74\" data-element_type=\"container\" data-e-type=\"container\">\n\t\t\t\t<div class=\"elementor-element elementor-element-a804e32 elementor-widget__width-initial elementor-widget elementor-widget-text-editor\" data-id=\"a804e32\" data-element_type=\"widget\" data-e-type=\"widget\" data-widget_type=\"text-editor.default\">\n\t\t\t\t\t\t\t\t\t<p>S\u00e1bado<\/p>\t\t\t\t\t\t\t\t<\/div>\n\t\t\t\t<div class=\"elementor-element elementor-element-5161c96 elementor-widget elementor-widget-heading\" data-id=\"5161c96\" data-element_type=\"widget\" data-e-type=\"widget\" data-widget_type=\"heading.default\">\n\t\t\t\t\t<h2 class=\"elementor-heading-title elementor-size-default\">29<\/h2>\t\t\t\t<\/div>\n\t\t\t\t<div class=\"elementor-element elementor-element-ec190c2 elementor-widget__width-initial elementor-widget elementor-widget-text-editor\" data-id=\"ec190c2\" data-element_type=\"widget\" data-e-type=\"widget\" data-widget_type=\"text-editor.default\">\n\t\t\t\t\t\t\t\t\t<p>de Noviembre<\/p>\t\t\t\t\t\t\t\t<\/div>\n\t\t\t\t<\/div>\n\t\t\t\t<div class=\"elementor-element elementor-element-83f62e7 elementor-widget__width-initial elementor-widget elementor-widget-text-editor\" data-id=\"83f62e7\" data-element_type=\"widget\" data-e-type=\"widget\" data-widget_type=\"text-editor.default\">\n\t\t\t\t\t\t\t\t\t<p><strong>11:00<\/strong> \u2013 SALA NOBLE IAAER<br><strong>CLASE MAGISTRAL:<\/strong> IGNACIO AG\u00dcERO<\/p>\n<p><strong><br>15:00<\/strong> \u2013 CPC 1P SALA MAYOR<br>FORMACI\u00d3N:<strong> TOBY ANIMA: Taller de introducci\u00f3n al cine a trav\u00e9s de t\u00e9cnicas de animaci\u00f3n para infancias.<\/strong> <a href=\"https:\/\/docs.google.com\/forms\/d\/e\/1FAIpQLSfkYS2o1zS-8CQ4pSJjJRJ37dZ6Q8Aqww-6afLxzn4X_5zSbg\/viewform\">CON INSCRIPCI\u00d3N PREVIA<\/a><\/p>\n<p>A cargo de Leticia Men\u00f3n y Ricardo Jaimovich<\/p>\n<p>Dirigido por Leticia Men\u00f3n y Ricardo Jaimovich &#8220;Jaimo&#8221;, es una propuesta l\u00fadica que invita a un viaje por el mundo del cine animado artesanal, orientado a las infancias. Incluye animaci\u00f3n tradicional con tableros de luz, peque\u00f1os escenarios de stop motion con mu\u00f1ecos y legos, y un museo de juguetes \u00f3pticos para crear y jugar historias.<\/p>\n<p><strong><br><\/strong><b>23:59<\/b><span style=\"font-size: 1rem;\">&nbsp;<\/span><span style=\"font-size: 1rem;\">\u2013<\/span><span style=\"font-size: 1rem;\">&nbsp;<\/span><span style=\"font-size: 1rem;\">SALA V. KUTTEL, VIEJA USINA<br><\/span><span style=\"font-size: 1rem;\">TRASNOCHE FICER:<\/span><span style=\"font-size: 1rem;\"><b> COPLAS ACTIVADAS<br><\/b><\/span><span style=\"font-size: 1rem;\">Anajunno + Cinemateca de Entre R\u00edos&nbsp;<\/span><\/p>\n<p>La banda Anajunno tocara bajo los influjos del material de archivo entrerriano rescatado por la cinemateca de Entre R\u00edos y acompa\u00f1ado por una improvisada melod\u00eda gauchesca del m\u00e1s all\u00e1.<\/p>\t\t\t\t\t\t\t\t<\/div>\n\t\t\t\t\t<\/div>\n\t\t\t\t<\/div>\n\t\t\t\t<\/div>\n\t\t","protected":false},"excerpt":{"rendered":"<p>ACTIVIDADES ESPECIALES Martes 25 de Noviembre 17:30 | LIVING CPC (PLANTA BAJA)PANEL:\u00a0FOMENTO FEDERAL: Nuevas pol\u00edticas y desaf\u00edos regionales. Con: Maximiliano Schonfeld (Entre R\u00edos), Lorena Quevedo (C\u00f3rdoba), Santiago Carabante (Misiones),Paulo Ricci (Santa Fe). Modera: Nicol\u00e1s Herzog. Mi\u00e9rcoles 26 de Noviembre 11:30 | LIVING CPC (PLANTA BAJA)PANEL: ROJO SOBRE NEGRO: Nuevas miradas del cine de terror. Con: Fernando Diaz (Machaco) &#8211; Roxana Ramos (Aramos cine). 17:30 ESPACIO CINEMATECAFORMACI\u00d3N: LO NUEVO FUNCIONA:\u00a0La direcci\u00f3n de fotograf\u00eda y el universo cinematogr\u00e1fico a trav\u00e9s de los cambios tecnol\u00f3gicos.\u00a0CON INSCRIPCI\u00d3N PREVIA A cargo de Guillermo Saposnik Un recorrido por la trayectoria del director de fotograf\u00eda entrerriano Guillermo Saposnik, desde sus inicios en Ana y los otros hasta sus colaboraciones m\u00e1s recientes en proyectos como El Eternauta y Atrapados. Jueves 27 de Noviembre 10:00 | SALA NOBLE IAAERCHARLA ABIERTA: EL MONTAJE DE LA MEMORIA: sobre las im\u00e1genes que construyen la Historia Con: Karen Spahn, Lucas Gallo, Francisco D\u2019Eufemia, Manuel Embalse y Jessica Sarah Rinland.Modera: Tom\u00e1s Dotta El cine y los museos trabajan con fragmentos: im\u00e1genes, sonidos, objetos, testimonios. A partir de ellos se teje el relato de lo que recordamos como comunidad. En esta mesa, cineastas y artistas conversar\u00e1n sobre los modos en que las im\u00e1genes y los objetos de museos participan en la construcci\u00f3n del relato hist\u00f3rico y la memoria colectiva. 11:30 | LIVING CPC (PLANTA BAJA)PANEL: COPRODUCIR HOY: Estrategias y alianzas regionales. Con: Micaela Sol\u00e9 (Cordon films, UY), Federico Cetta (El Cielo Cine, UY), Tom\u00e1s Eloy Mu\u00f1oz (Mostra Cine, ARG), B\u00e1rbara Francisco (Pasto, ARG).Modera: Lorena Quevedo. 15:30 | LIVING CPC (PLANTA BAJA)PANEL: LA SOCIEDAD CREATIVA: Cineastas y productores con proyecci\u00f3n internacional. Con: Cecilia Kang y Juan Pablo Miller (Directora y Productor de Hijo Mayor) &#8211; Laura Casab\u00e9y Alejandro Israel (Directora y Productor de La virgen de la tosquera) Celina Murga y Valeria Bistagnino(Directora y productora de El aroma del pasto reci\u00e9n cortado).Modera: Nicol\u00e1s Herzog. 17:30 | CPC SALA PBPANEL: DEL CINE A LAS PLATAFORMAS: Distribuci\u00f3n, exhibici\u00f3n y audiencias en la era digital. Con: Ignacio Rapallini (Flow), Mart\u00edn Crespo (Warner \/ HBO Max), Manuel Garc\u00eda (Cinetren). 23:59\u00a0| DOMOTRASNOCHE FICER: FANTAS\u00cdAS ANIMADASThe Crazy Clouds + Marcelo Estebecorena + Super Hijitus Las j\u00f3venes y talentosas The Crazy Clouds junto al artista Marcelo Estebecorena se batir\u00e1n a duelo entre m\u00fasica y performance bajo las animaciones de Super Hijitus en el domo del MiradorTec. Viernes 28 de Noviembre 10:00 | CPC SALA PBENCUENTRO: ENTRAMAR MIRADAS: Encuentro de mujeres audiovisuales de Entre R\u00edos. Un espacio de reflexi\u00f3n y di\u00e1logo entre mujeres y disidencias trabajadoras del sector audiovisual de Entre R\u00edos, orientado a pensar las narrativas que construimos desde nuestras experiencias, territorios y miradas. El encuentro busca tejer redes y estrategias que fortalezcan la producci\u00f3n audiovisual con perspectiva de g\u00e9nero, promoviendo espacios de contenci\u00f3n y colaboraci\u00f3n. 10:00 | VAPORESO \/ Librer\u00eda-Caf\u00e9 FORMACI\u00d3N: QUERIDO DIARIO: Encuentro y taller de escritura de diarios en literatura y cine. CON INSCRIPCI\u00d3N PREVIA A cargo de Santiago Loza, Eugenia P\u00e9rez Tomas y Andr\u00e9s Gallina Encuentro y taller de escritura de diarios en literatura y cine, cruces y confluencias, a cargo del director, escritor y dramaturgo Santiago Loza \u2014quien presenta Los d\u00edas chinos en la secci\u00f3n Correntada\u2014, junto con Eugenia P\u00e9rez Tomas y Andr\u00e9s Gallina, creadores de la editorial Bosque Energ\u00e9tico, dedicada a la publicaci\u00f3n de diarios \u00edntimos. 11:00 | LIVING CPC CHARLA ABIERTA:\u00a0UN CINE DEL FUTURO IV: Cineastas invitadxs al Festival conversan sobre el presente, la memoria y el porvenir del cine. S\u00e1bado 29 de Noviembre 11:00 \u2013 SALA NOBLE IAAERCLASE MAGISTRAL: IGNACIO AG\u00dcERO 15:00 \u2013 CPC 1P SALA MAYORFORMACI\u00d3N: TOBY ANIMA: Taller de introducci\u00f3n al cine a trav\u00e9s de t\u00e9cnicas de animaci\u00f3n para infancias. CON INSCRIPCI\u00d3N PREVIA A cargo de Leticia Men\u00f3n y Ricardo Jaimovich Dirigido por Leticia Men\u00f3n y Ricardo Jaimovich &#8220;Jaimo&#8221;, es una propuesta l\u00fadica que invita a un viaje por el mundo del cine animado artesanal, orientado a las infancias. Incluye animaci\u00f3n tradicional con tableros de luz, peque\u00f1os escenarios de stop motion con mu\u00f1ecos y legos, y un museo de juguetes \u00f3pticos para crear y jugar historias. 23:59&nbsp;\u2013&nbsp;SALA V. KUTTEL, VIEJA USINATRASNOCHE FICER: COPLAS ACTIVADASAnajunno + Cinemateca de Entre R\u00edos&nbsp; La banda Anajunno tocara bajo los influjos del material de archivo entrerriano rescatado por la cinemateca de Entre R\u00edos y acompa\u00f1ado por una improvisada melod\u00eda gauchesca del m\u00e1s all\u00e1.<\/p>\n","protected":false},"author":10,"featured_media":0,"parent":0,"menu_order":0,"comment_status":"closed","ping_status":"closed","template":"","meta":{"footnotes":""},"tags":[],"class_list":["post-8776","page","type-page","status-publish","hentry"],"_links":{"self":[{"href":"https:\/\/ficer.com.ar\/2025\/wp-json\/wp\/v2\/pages\/8776","targetHints":{"allow":["GET"]}}],"collection":[{"href":"https:\/\/ficer.com.ar\/2025\/wp-json\/wp\/v2\/pages"}],"about":[{"href":"https:\/\/ficer.com.ar\/2025\/wp-json\/wp\/v2\/types\/page"}],"author":[{"embeddable":true,"href":"https:\/\/ficer.com.ar\/2025\/wp-json\/wp\/v2\/users\/10"}],"replies":[{"embeddable":true,"href":"https:\/\/ficer.com.ar\/2025\/wp-json\/wp\/v2\/comments?post=8776"}],"version-history":[{"count":58,"href":"https:\/\/ficer.com.ar\/2025\/wp-json\/wp\/v2\/pages\/8776\/revisions"}],"predecessor-version":[{"id":8872,"href":"https:\/\/ficer.com.ar\/2025\/wp-json\/wp\/v2\/pages\/8776\/revisions\/8872"}],"wp:attachment":[{"href":"https:\/\/ficer.com.ar\/2025\/wp-json\/wp\/v2\/media?parent=8776"}],"wp:term":[{"taxonomy":"post_tag","embeddable":true,"href":"https:\/\/ficer.com.ar\/2025\/wp-json\/wp\/v2\/tags?post=8776"}],"curies":[{"name":"wp","href":"https:\/\/api.w.org\/{rel}","templated":true}]}}