{"id":7851,"date":"2025-11-11T14:41:55","date_gmt":"2025-11-11T17:41:55","guid":{"rendered":"https:\/\/ficer.com.ar\/2025\/?post_type=pelicula&#038;p=7851"},"modified":"2025-11-13T07:52:23","modified_gmt":"2025-11-13T10:52:23","slug":"el-mensaje","status":"publish","type":"pelicula","link":"https:\/\/ficer.com.ar\/2025\/pelicula\/el-mensaje\/","title":{"rendered":"EL MENSAJE"},"content":{"rendered":"\n<figure class=\"wp-block-image size-full\"><img fetchpriority=\"high\" decoding=\"async\" width=\"1998\" height=\"1080\" src=\"https:\/\/ficer.com.ar\/2025\/wp-content\/uploads\/2025\/11\/1-El-Mensaje-Anika-Bootz.jpg\" alt=\"\" class=\"wp-image-7733\" srcset=\"https:\/\/ficer.com.ar\/2025\/wp-content\/uploads\/2025\/11\/1-El-Mensaje-Anika-Bootz.jpg 1998w, https:\/\/ficer.com.ar\/2025\/wp-content\/uploads\/2025\/11\/1-El-Mensaje-Anika-Bootz-300x162.jpg 300w, https:\/\/ficer.com.ar\/2025\/wp-content\/uploads\/2025\/11\/1-El-Mensaje-Anika-Bootz-1024x554.jpg 1024w, https:\/\/ficer.com.ar\/2025\/wp-content\/uploads\/2025\/11\/1-El-Mensaje-Anika-Bootz-768x415.jpg 768w, https:\/\/ficer.com.ar\/2025\/wp-content\/uploads\/2025\/11\/1-El-Mensaje-Anika-Bootz-1536x830.jpg 1536w, https:\/\/ficer.com.ar\/2025\/wp-content\/uploads\/2025\/11\/1-El-Mensaje-Anika-Bootz-1080x584.jpg 1080w, https:\/\/ficer.com.ar\/2025\/wp-content\/uploads\/2025\/11\/1-El-Mensaje-Anika-Bootz-1280x692.jpg 1280w, https:\/\/ficer.com.ar\/2025\/wp-content\/uploads\/2025\/11\/1-El-Mensaje-Anika-Bootz-980x530.jpg 980w, https:\/\/ficer.com.ar\/2025\/wp-content\/uploads\/2025\/11\/1-El-Mensaje-Anika-Bootz-480x259.jpg 480w\" sizes=\"(max-width: 1998px) 100vw, 1998px\" \/><\/figure>\n\n\n\n<div class=\"wp-block-columns is-layout-flex wp-container-core-columns-is-layout-28f84493 wp-block-columns-is-layout-flex\">\n<div class=\"wp-block-column is-layout-flow wp-block-column-is-layout-flow\" style=\"flex-basis:33.33%\">\n<p style=\"font-style:normal;font-weight:200\"><mark style=\"background-color:rgba(0, 0, 0, 0);color:#6db561\" class=\"has-inline-color\"><strong>Direcci\u00f3n:<\/strong><\/mark> Iv\u00e1n Fund<br><strong><mark style=\"background-color:rgba(0, 0, 0, 0);color:#6db561\" class=\"has-inline-color\">A\u00f1o:<\/mark><\/strong> 2025<br><strong><mark style=\"background-color:rgba(0, 0, 0, 0);color:#6db561\" class=\"has-inline-color\">Duraci\u00f3n:<\/mark> <\/strong>91\u2019<br><strong><mark style=\"background-color:rgba(0, 0, 0, 0);color:#6db561\" class=\"has-inline-color\">Pa\u00eds:<\/mark><\/strong> Argentina<\/p>\n\n\n\n<p style=\"font-style:normal;font-weight:200\"><strong><mark style=\"background-color:rgba(0, 0, 0, 0);color:#6db561\" class=\"has-inline-color\">Int\u00e9rpretes:<\/mark><\/strong> Mara Bestelli, Marcelo Subiotto, Anika Bootz, Betania Cappato.<\/p>\n\n\n\n<p style=\"font-style:normal;font-weight:200\"><strong><mark style=\"background-color:rgba(0, 0, 0, 0);color:#6db561\" class=\"has-inline-color\">Producci\u00f3n:<\/mark><\/strong> Laura Mara Tabl\u00f3n, Iv\u00e1n Fund, Gustavo Schiaffino, Rita Cine, Insomnia Films, Amore Cine, Blurr stories &amp; panes contenidos (Espa\u00f1a) y Animista Cine (Uruguay), Gabriel Zaragoza, El Sereno Films, Tres Sonido, Monociclo, Alterna Media<\/p>\n<\/div>\n\n\n\n<div class=\"wp-block-column is-layout-flow wp-block-column-is-layout-flow\" style=\"flex-basis:66.66%\">\n<h3 class=\"wp-block-heading has-large-font-size\" style=\"font-style:normal;font-weight:100\"><mark style=\"background-color:rgba(0, 0, 0, 0);color:#6db561\" class=\"has-inline-color\">Sinopsis<\/mark><\/h3>\n\n\n\n<p style=\"font-style:normal;font-weight:200\">En plena crisis econ\u00f3mica, una ni\u00f1a con el don de comunicarse con los animales y sus oportunistas tutores sobreviven ofreciendo consultas como m\u00e9dium de mascotas mientras viajan en un peque\u00f1o <em>motorhome<\/em> por los caminos polvorientos del campo argentino. Un negocio sobrenatural, donde lo trascendental vale monedas y el oportunismo roza la verdad. Magia o fraude, el servicio es real y la inocencia un tesoro<\/p>\n<\/div>\n<\/div>\n\n\n\n<div style=\"height:49px\" aria-hidden=\"true\" class=\"wp-block-spacer\"><\/div>\n\n\n\n<div class=\"wp-block-columns is-layout-flex wp-container-core-columns-is-layout-28f84493 wp-block-columns-is-layout-flex\">\n<div class=\"wp-block-column is-layout-flow wp-block-column-is-layout-flow\"><\/div>\n\n\n\n<div class=\"wp-block-column is-layout-flow wp-block-column-is-layout-flow\"><\/div>\n<\/div>\n\n\n\n<p><\/p>\n","protected":false},"excerpt":{"rendered":"<p>Cine Entrerriano<br \/>\nEL MENSAJE (Iv\u00e1n Fund)<br \/>\n20:30 \u2013 CPC 1P SALA MAYOR<\/p>\n","protected":false},"featured_media":7733,"template":"","meta":[],"categoria":[258],"programacion":[267],"director":[273],"agenda":[],"lugar":[274],"horario":[275],"class_list":["post-7851","pelicula","type-pelicula","status-publish","has-post-thumbnail","hentry","categoria-cine-entrerriano","programacion-martes-25-de-noviembre","director-ivan-fund","lugar-cpc-1p-sala-mayor","horario-275"],"_links":{"self":[{"href":"https:\/\/ficer.com.ar\/2025\/wp-json\/wp\/v2\/pelicula\/7851","targetHints":{"allow":["GET"]}}],"collection":[{"href":"https:\/\/ficer.com.ar\/2025\/wp-json\/wp\/v2\/pelicula"}],"about":[{"href":"https:\/\/ficer.com.ar\/2025\/wp-json\/wp\/v2\/types\/pelicula"}],"wp:featuredmedia":[{"embeddable":true,"href":"https:\/\/ficer.com.ar\/2025\/wp-json\/wp\/v2\/media\/7733"}],"wp:attachment":[{"href":"https:\/\/ficer.com.ar\/2025\/wp-json\/wp\/v2\/media?parent=7851"}],"wp:term":[{"taxonomy":"categoria","embeddable":true,"href":"https:\/\/ficer.com.ar\/2025\/wp-json\/wp\/v2\/categoria?post=7851"},{"taxonomy":"programacion","embeddable":true,"href":"https:\/\/ficer.com.ar\/2025\/wp-json\/wp\/v2\/programacion?post=7851"},{"taxonomy":"director","embeddable":true,"href":"https:\/\/ficer.com.ar\/2025\/wp-json\/wp\/v2\/director?post=7851"},{"taxonomy":"agenda","embeddable":true,"href":"https:\/\/ficer.com.ar\/2025\/wp-json\/wp\/v2\/agenda?post=7851"},{"taxonomy":"lugar","embeddable":true,"href":"https:\/\/ficer.com.ar\/2025\/wp-json\/wp\/v2\/lugar?post=7851"},{"taxonomy":"horario","embeddable":true,"href":"https:\/\/ficer.com.ar\/2025\/wp-json\/wp\/v2\/horario?post=7851"}],"curies":[{"name":"wp","href":"https:\/\/api.w.org\/{rel}","templated":true}]}}

<figure class="wp-block-image size-full"><img fetchpriority="high" decoding="async" width="1998" height="1080" src="https://ficer.com.ar/2025/wp-content/uploads/2025/11/1-El-Mensaje-Anika-Bootz.jpg" alt="" class="wp-image-7733" srcset="https://ficer.com.ar/2025/wp-content/uploads/2025/11/1-El-Mensaje-Anika-Bootz.jpg 1998w, https://ficer.com.ar/2025/wp-content/uploads/2025/11/1-El-Mensaje-Anika-Bootz-300x162.jpg 300w, https://ficer.com.ar/2025/wp-content/uploads/2025/11/1-El-Mensaje-Anika-Bootz-1024x554.jpg 1024w, https://ficer.com.ar/2025/wp-content/uploads/2025/11/1-El-Mensaje-Anika-Bootz-768x415.jpg 768w, https://ficer.com.ar/2025/wp-content/uploads/2025/11/1-El-Mensaje-Anika-Bootz-1536x830.jpg 1536w, https://ficer.com.ar/2025/wp-content/uploads/2025/11/1-El-Mensaje-Anika-Bootz-1080x584.jpg 1080w, https://ficer.com.ar/2025/wp-content/uploads/2025/11/1-El-Mensaje-Anika-Bootz-1280x692.jpg 1280w, https://ficer.com.ar/2025/wp-content/uploads/2025/11/1-El-Mensaje-Anika-Bootz-980x530.jpg 980w, https://ficer.com.ar/2025/wp-content/uploads/2025/11/1-El-Mensaje-Anika-Bootz-480x259.jpg 480w" sizes="(max-width: 1998px) 100vw, 1998px" /></figure>



<div class="wp-block-columns is-layout-flex wp-container-core-columns-is-layout-28f84493 wp-block-columns-is-layout-flex">
<div class="wp-block-column is-layout-flow wp-block-column-is-layout-flow" style="flex-basis:33.33%">
<p style="font-style:normal;font-weight:200"><mark style="background-color:rgba(0, 0, 0, 0);color:#6db561" class="has-inline-color"><strong>Dirección:</strong></mark> Iván Fund<br><strong><mark style="background-color:rgba(0, 0, 0, 0);color:#6db561" class="has-inline-color">Año:</mark></strong> 2025<br><strong><mark style="background-color:rgba(0, 0, 0, 0);color:#6db561" class="has-inline-color">Duración:</mark> </strong>91’<br><strong><mark style="background-color:rgba(0, 0, 0, 0);color:#6db561" class="has-inline-color">País:</mark></strong> Argentina</p>



<p style="font-style:normal;font-weight:200"><strong><mark style="background-color:rgba(0, 0, 0, 0);color:#6db561" class="has-inline-color">Intérpretes:</mark></strong> Mara Bestelli, Marcelo Subiotto, Anika Bootz, Betania Cappato.</p>



<p style="font-style:normal;font-weight:200"><strong><mark style="background-color:rgba(0, 0, 0, 0);color:#6db561" class="has-inline-color">Producción:</mark></strong> Laura Mara Tablón, Iván Fund, Gustavo Schiaffino, Rita Cine, Insomnia Films, Amore Cine, Blurr stories &amp; panes contenidos (España) y Animista Cine (Uruguay), Gabriel Zaragoza, El Sereno Films, Tres Sonido, Monociclo, Alterna Media</p>
</div>



<div class="wp-block-column is-layout-flow wp-block-column-is-layout-flow" style="flex-basis:66.66%">
<h3 class="wp-block-heading has-large-font-size" style="font-style:normal;font-weight:100"><mark style="background-color:rgba(0, 0, 0, 0);color:#6db561" class="has-inline-color">Sinopsis</mark></h3>



<p style="font-style:normal;font-weight:200">En plena crisis económica, una niña con el don de comunicarse con los animales y sus oportunistas tutores sobreviven ofreciendo consultas como médium de mascotas mientras viajan en un pequeño <em>motorhome</em> por los caminos polvorientos del campo argentino. Un negocio sobrenatural, donde lo trascendental vale monedas y el oportunismo roza la verdad. Magia o fraude, el servicio es real y la inocencia un tesoro</p>
</div>
</div>



<div style="height:49px" aria-hidden="true" class="wp-block-spacer"></div>



<div class="wp-block-columns is-layout-flex wp-container-core-columns-is-layout-28f84493 wp-block-columns-is-layout-flex">
<div class="wp-block-column is-layout-flow wp-block-column-is-layout-flow"></div>



<div class="wp-block-column is-layout-flow wp-block-column-is-layout-flow"></div>
</div>



<p></p>

<p>Cine Entrerriano<br />
EL MENSAJE (Iván Fund)<br />
20:30 – CPC 1P SALA MAYOR</p>
