{"id":7997,"date":"2025-11-12T10:13:03","date_gmt":"2025-11-12T13:13:03","guid":{"rendered":"https:\/\/ficer.com.ar\/2025\/?post_type=pelicula&#038;p=7997"},"modified":"2025-11-17T12:37:52","modified_gmt":"2025-11-17T15:37:52","slug":"con-hasan-en-gaza","status":"publish","type":"pelicula","link":"https:\/\/ficer.com.ar\/2025\/pelicula\/con-hasan-en-gaza\/","title":{"rendered":"CON HASAN EN GAZA"},"content":{"rendered":"\n<figure class=\"wp-block-image size-full\"><img fetchpriority=\"high\" decoding=\"async\" width=\"1440\" height=\"810\" src=\"https:\/\/ficer.com.ar\/2025\/wp-content\/uploads\/2025\/11\/V25withhasan14.jpg\" alt=\"\" class=\"wp-image-7999\" srcset=\"https:\/\/ficer.com.ar\/2025\/wp-content\/uploads\/2025\/11\/V25withhasan14.jpg 1440w, https:\/\/ficer.com.ar\/2025\/wp-content\/uploads\/2025\/11\/V25withhasan14-300x169.jpg 300w, https:\/\/ficer.com.ar\/2025\/wp-content\/uploads\/2025\/11\/V25withhasan14-1024x576.jpg 1024w, https:\/\/ficer.com.ar\/2025\/wp-content\/uploads\/2025\/11\/V25withhasan14-768x432.jpg 768w\" sizes=\"(max-width: 1440px) 100vw, 1440px\" \/><\/figure>\n\n\n\n<div class=\"wp-block-columns is-layout-flex wp-container-core-columns-is-layout-28f84493 wp-block-columns-is-layout-flex\">\n<div class=\"wp-block-column is-layout-flow wp-block-column-is-layout-flow\" style=\"flex-basis:33.33%\">\n<p style=\"font-style:normal;font-weight:200\"><strong><mark style=\"background-color:rgba(0, 0, 0, 0);color:#f78e26\" class=\"has-inline-color\">Direcci\u00f3n:<\/mark><\/strong> Kamal Aljafari<br><strong><mark style=\"background-color:rgba(0, 0, 0, 0);color:#f78e26\" class=\"has-inline-color\">A\u00f1o:<\/mark><\/strong> 2025<br><strong><mark style=\"background-color:rgba(0, 0, 0, 0);color:#f78e26\" class=\"has-inline-color\">Duraci\u00f3n:<\/mark> <\/strong>106\u2019<br><strong><mark style=\"background-color:rgba(0, 0, 0, 0);color:#f78e26\" class=\"has-inline-color\">Pa\u00eds:<\/mark><\/strong> Palestina, Alemania, Francia<\/p>\n\n\n\n<p style=\"font-style:normal;font-weight:200\"><strong><mark style=\"background-color:rgba(0, 0, 0, 0);color:#f78e26\" class=\"has-inline-color\">Int\u00e9rpretes:<\/mark><\/strong> &#8212;<\/p>\n\n\n\n<p style=\"font-style:normal;font-weight:200\"><strong><mark style=\"background-color:rgba(0, 0, 0, 0);color:#f78e26\" class=\"has-inline-color\">Producci\u00f3n:<\/mark><\/strong> Kamal Aljafari, Flavia Mazzarino<\/p>\n<\/div>\n\n\n\n<div class=\"wp-block-column is-layout-flow wp-block-column-is-layout-flow\" style=\"flex-basis:66.66%\">\n<h3 class=\"wp-block-heading has-large-font-size\" style=\"font-style:normal;font-weight:100\"><mark style=\"background-color:rgba(0, 0, 0, 0);color:#f78e26\" class=\"has-inline-color\">Sinopsis<\/mark><\/h3>\n\n\n\n<p style=\"font-style:normal;font-weight:200\">Obra construida sobre im\u00e1genes de archivo que contiene fragmentos de un viaje del norte al sur de Gaza en 2001. All\u00ed aparece Hasan, el gu\u00eda tur\u00edstico, y la textura de calles, cafeter\u00edas, playas y habitantes de un tiempo y lugar que ya no existen. El director palestino sit\u00faa as\u00ed una vez m\u00e1s el cine como herramienta fundamental de lucha colectiva y de recuperaci\u00f3n de la memoria.<\/p>\n\n\n\n<p><mark style=\"background-color:rgba(0, 0, 0, 0);color:#f78e26\" class=\"has-inline-color\">\u201cEstreno nacional\u201d<\/mark><\/p>\n<\/div>\n<\/div>\n\n\n\n<div style=\"height:49px\" aria-hidden=\"true\" class=\"wp-block-spacer\"><\/div>\n\n\n\n<div class=\"wp-block-columns is-layout-flex wp-container-core-columns-is-layout-28f84493 wp-block-columns-is-layout-flex\">\n<div class=\"wp-block-column is-layout-flow wp-block-column-is-layout-flow\"><\/div>\n\n\n\n<div class=\"wp-block-column is-layout-flow wp-block-column-is-layout-flow\"><\/div>\n<\/div>\n\n\n\n<p><\/p>\n","protected":false},"excerpt":{"rendered":"<p>Cine Entrerriano<br \/>\nEL MENSAJE (Iv\u00e1n Fund)<br \/>\n20:30 \u2013 CPC 1P SALA MAYOR<\/p>\n","protected":false},"featured_media":7999,"template":"","meta":[],"categoria":[260],"programacion":[268],"director":[282],"agenda":[],"lugar":[283],"horario":[281],"class_list":["post-7997","pelicula","type-pelicula","status-publish","has-post-thumbnail","hentry","categoria-cine-internacional","programacion-miercoles-26-de-noviembre","director-kamal-aljafari","lugar-cine-las-tipas","horario-281"],"_links":{"self":[{"href":"https:\/\/ficer.com.ar\/2025\/wp-json\/wp\/v2\/pelicula\/7997","targetHints":{"allow":["GET"]}}],"collection":[{"href":"https:\/\/ficer.com.ar\/2025\/wp-json\/wp\/v2\/pelicula"}],"about":[{"href":"https:\/\/ficer.com.ar\/2025\/wp-json\/wp\/v2\/types\/pelicula"}],"wp:featuredmedia":[{"embeddable":true,"href":"https:\/\/ficer.com.ar\/2025\/wp-json\/wp\/v2\/media\/7999"}],"wp:attachment":[{"href":"https:\/\/ficer.com.ar\/2025\/wp-json\/wp\/v2\/media?parent=7997"}],"wp:term":[{"taxonomy":"categoria","embeddable":true,"href":"https:\/\/ficer.com.ar\/2025\/wp-json\/wp\/v2\/categoria?post=7997"},{"taxonomy":"programacion","embeddable":true,"href":"https:\/\/ficer.com.ar\/2025\/wp-json\/wp\/v2\/programacion?post=7997"},{"taxonomy":"director","embeddable":true,"href":"https:\/\/ficer.com.ar\/2025\/wp-json\/wp\/v2\/director?post=7997"},{"taxonomy":"agenda","embeddable":true,"href":"https:\/\/ficer.com.ar\/2025\/wp-json\/wp\/v2\/agenda?post=7997"},{"taxonomy":"lugar","embeddable":true,"href":"https:\/\/ficer.com.ar\/2025\/wp-json\/wp\/v2\/lugar?post=7997"},{"taxonomy":"horario","embeddable":true,"href":"https:\/\/ficer.com.ar\/2025\/wp-json\/wp\/v2\/horario?post=7997"}],"curies":[{"name":"wp","href":"https:\/\/api.w.org\/{rel}","templated":true}]}}

<figure class="wp-block-image size-full"><img fetchpriority="high" decoding="async" width="1440" height="810" src="https://ficer.com.ar/2025/wp-content/uploads/2025/11/V25withhasan14.jpg" alt="" class="wp-image-7999" srcset="https://ficer.com.ar/2025/wp-content/uploads/2025/11/V25withhasan14.jpg 1440w, https://ficer.com.ar/2025/wp-content/uploads/2025/11/V25withhasan14-300x169.jpg 300w, https://ficer.com.ar/2025/wp-content/uploads/2025/11/V25withhasan14-1024x576.jpg 1024w, https://ficer.com.ar/2025/wp-content/uploads/2025/11/V25withhasan14-768x432.jpg 768w" sizes="(max-width: 1440px) 100vw, 1440px" /></figure>



<div class="wp-block-columns is-layout-flex wp-container-core-columns-is-layout-28f84493 wp-block-columns-is-layout-flex">
<div class="wp-block-column is-layout-flow wp-block-column-is-layout-flow" style="flex-basis:33.33%">
<p style="font-style:normal;font-weight:200"><strong><mark style="background-color:rgba(0, 0, 0, 0);color:#f78e26" class="has-inline-color">Dirección:</mark></strong> Kamal Aljafari<br><strong><mark style="background-color:rgba(0, 0, 0, 0);color:#f78e26" class="has-inline-color">Año:</mark></strong> 2025<br><strong><mark style="background-color:rgba(0, 0, 0, 0);color:#f78e26" class="has-inline-color">Duración:</mark> </strong>106’<br><strong><mark style="background-color:rgba(0, 0, 0, 0);color:#f78e26" class="has-inline-color">País:</mark></strong> Palestina, Alemania, Francia</p>



<p style="font-style:normal;font-weight:200"><strong><mark style="background-color:rgba(0, 0, 0, 0);color:#f78e26" class="has-inline-color">Intérpretes:</mark></strong> &#8212;</p>



<p style="font-style:normal;font-weight:200"><strong><mark style="background-color:rgba(0, 0, 0, 0);color:#f78e26" class="has-inline-color">Producción:</mark></strong> Kamal Aljafari, Flavia Mazzarino</p>
</div>



<div class="wp-block-column is-layout-flow wp-block-column-is-layout-flow" style="flex-basis:66.66%">
<h3 class="wp-block-heading has-large-font-size" style="font-style:normal;font-weight:100"><mark style="background-color:rgba(0, 0, 0, 0);color:#f78e26" class="has-inline-color">Sinopsis</mark></h3>



<p style="font-style:normal;font-weight:200">Obra construida sobre imágenes de archivo que contiene fragmentos de un viaje del norte al sur de Gaza en 2001. Allí aparece Hasan, el guía turístico, y la textura de calles, cafeterías, playas y habitantes de un tiempo y lugar que ya no existen. El director palestino sitúa así una vez más el cine como herramienta fundamental de lucha colectiva y de recuperación de la memoria.</p>



<p><mark style="background-color:rgba(0, 0, 0, 0);color:#f78e26" class="has-inline-color">“Estreno nacional”</mark></p>
</div>
</div>



<div style="height:49px" aria-hidden="true" class="wp-block-spacer"></div>



<div class="wp-block-columns is-layout-flex wp-container-core-columns-is-layout-28f84493 wp-block-columns-is-layout-flex">
<div class="wp-block-column is-layout-flow wp-block-column-is-layout-flow"></div>



<div class="wp-block-column is-layout-flow wp-block-column-is-layout-flow"></div>
</div>



<p></p>

<p>Cine Entrerriano<br />
EL MENSAJE (Iván Fund)<br />
20:30 – CPC 1P SALA MAYOR</p>
