{"id":8001,"date":"2025-11-12T11:28:44","date_gmt":"2025-11-12T14:28:44","guid":{"rendered":"https:\/\/ficer.com.ar\/2025\/?post_type=pelicula&#038;p=8001"},"modified":"2025-11-17T12:38:13","modified_gmt":"2025-11-17T15:38:13","slug":"gigantes","status":"publish","type":"pelicula","link":"https:\/\/ficer.com.ar\/2025\/pelicula\/gigantes\/","title":{"rendered":"GIGANTES"},"content":{"rendered":"\n<figure class=\"wp-block-image size-full\"><img fetchpriority=\"high\" decoding=\"async\" width=\"2560\" height=\"1073\" src=\"https:\/\/ficer.com.ar\/2025\/wp-content\/uploads\/2025\/11\/GIGANTES00001-scaled.jpg\" alt=\"\" class=\"wp-image-8002\" srcset=\"https:\/\/ficer.com.ar\/2025\/wp-content\/uploads\/2025\/11\/GIGANTES00001-scaled.jpg 2560w, https:\/\/ficer.com.ar\/2025\/wp-content\/uploads\/2025\/11\/GIGANTES00001-300x126.jpg 300w, https:\/\/ficer.com.ar\/2025\/wp-content\/uploads\/2025\/11\/GIGANTES00001-1024x429.jpg 1024w, https:\/\/ficer.com.ar\/2025\/wp-content\/uploads\/2025\/11\/GIGANTES00001-768x322.jpg 768w, https:\/\/ficer.com.ar\/2025\/wp-content\/uploads\/2025\/11\/GIGANTES00001-1536x644.jpg 1536w, https:\/\/ficer.com.ar\/2025\/wp-content\/uploads\/2025\/11\/GIGANTES00001-2048x858.jpg 2048w\" sizes=\"(max-width: 2560px) 100vw, 2560px\" \/><\/figure>\n\n\n\n<div class=\"wp-block-columns is-layout-flex wp-container-core-columns-is-layout-28f84493 wp-block-columns-is-layout-flex\">\n<div class=\"wp-block-column is-layout-flow wp-block-column-is-layout-flow\" style=\"flex-basis:33.33%\">\n<p style=\"font-style:normal;font-weight:200\"><strong><mark style=\"background-color:rgba(0, 0, 0, 0);color:#67cdbb\" class=\"has-inline-color\">Direcci\u00f3n:<\/mark><\/strong> Gonzalo Guti\u00e9rrez<br><mark style=\"background-color:rgba(0, 0, 0, 0);color:#67cdbb\" class=\"has-inline-color\"><strong>A\u00f1o:<\/strong> <\/mark>2024<br><strong><mark style=\"background-color:rgba(0, 0, 0, 0);color:#67cdbb\" class=\"has-inline-color\">Duraci\u00f3n:<\/mark> <\/strong>87\u2019<br><strong><mark style=\"background-color:rgba(0, 0, 0, 0);color:#67cdbb\" class=\"has-inline-color\">Pa\u00eds:<\/mark><\/strong> Argentina<\/p>\n\n\n\n<p style=\"font-style:normal;font-weight:200\"><strong><mark style=\"background-color:rgba(0, 0, 0, 0);color:#67cdbb\" class=\"has-inline-color\">Int\u00e9rpretes:<\/mark><\/strong> Patricio Lago, Carla Peterson, Karol Sevilla, Facundo Reyes, Marina Blanke<\/p>\n\n\n\n<p style=\"font-style:normal;font-weight:200\"><strong><mark style=\"background-color:rgba(0, 0, 0, 0);color:#67cdbb\" class=\"has-inline-color\">Producci\u00f3n:<\/mark><\/strong> Florencia Lemoine, Axel Kuschevatzky, Thorsten Wegener, Dominique Schuchmann.<\/p>\n<\/div>\n\n\n\n<div class=\"wp-block-column is-layout-flow wp-block-column-is-layout-flow\" style=\"flex-basis:66.66%\">\n<h3 class=\"wp-block-heading has-large-font-size\" style=\"font-style:normal;font-weight:100\"><mark style=\"background-color:rgba(0, 0, 0, 0);color:#67cdbb\" class=\"has-inline-color\">Sinopsis<\/mark><\/h3>\n\n\n\n<p style=\"font-style:normal;font-weight:200\">Una terrible tormenta amenaza a un peque\u00f1o y pintoresco pueblo obligando a sus habitantes al exilio. Alfonso, un ni\u00f1o de 12 a\u00f1os, es el \u00fanico que ve a un gigantesco monstruo como la causa de la tormenta y har\u00e1 todo lo posible para detenerlo y salvar a su pueblo. Para lograrlo, contar\u00e1 con la ayuda de sus valientes amigos, Pancho Panza y Victoria. Los ni\u00f1os emprender\u00e1n un viaje divertido y lleno de aventuras en el que aprender\u00e1n el valor de la amistad y descubrir\u00e1n la verdadera amenaza detr\u00e1s de la tormenta.<\/p>\n<\/div>\n<\/div>\n\n\n\n<div style=\"height:49px\" aria-hidden=\"true\" class=\"wp-block-spacer\"><\/div>\n\n\n\n<div class=\"wp-block-columns is-layout-flex wp-container-core-columns-is-layout-28f84493 wp-block-columns-is-layout-flex\">\n<div class=\"wp-block-column is-layout-flow wp-block-column-is-layout-flow\"><\/div>\n\n\n\n<div class=\"wp-block-column is-layout-flow wp-block-column-is-layout-flow\"><\/div>\n<\/div>\n\n\n\n<p><\/p>\n","protected":false},"excerpt":{"rendered":"<p>Cine Entrerriano<br \/>\nEL MENSAJE (Iv\u00e1n Fund)<br \/>\n20:30 \u2013 CPC 1P SALA MAYOR<\/p>\n","protected":false},"featured_media":8002,"template":"","meta":[],"categoria":[259],"programacion":[268],"director":[286],"agenda":[],"lugar":[287],"horario":[285],"class_list":["post-8001","pelicula","type-pelicula","status-publish","has-post-thumbnail","hentry","categoria-cine-infantil","programacion-miercoles-26-de-noviembre","director-gonzalo-gutierrez","lugar-cine-circulo","horario-285"],"_links":{"self":[{"href":"https:\/\/ficer.com.ar\/2025\/wp-json\/wp\/v2\/pelicula\/8001","targetHints":{"allow":["GET"]}}],"collection":[{"href":"https:\/\/ficer.com.ar\/2025\/wp-json\/wp\/v2\/pelicula"}],"about":[{"href":"https:\/\/ficer.com.ar\/2025\/wp-json\/wp\/v2\/types\/pelicula"}],"wp:featuredmedia":[{"embeddable":true,"href":"https:\/\/ficer.com.ar\/2025\/wp-json\/wp\/v2\/media\/8002"}],"wp:attachment":[{"href":"https:\/\/ficer.com.ar\/2025\/wp-json\/wp\/v2\/media?parent=8001"}],"wp:term":[{"taxonomy":"categoria","embeddable":true,"href":"https:\/\/ficer.com.ar\/2025\/wp-json\/wp\/v2\/categoria?post=8001"},{"taxonomy":"programacion","embeddable":true,"href":"https:\/\/ficer.com.ar\/2025\/wp-json\/wp\/v2\/programacion?post=8001"},{"taxonomy":"director","embeddable":true,"href":"https:\/\/ficer.com.ar\/2025\/wp-json\/wp\/v2\/director?post=8001"},{"taxonomy":"agenda","embeddable":true,"href":"https:\/\/ficer.com.ar\/2025\/wp-json\/wp\/v2\/agenda?post=8001"},{"taxonomy":"lugar","embeddable":true,"href":"https:\/\/ficer.com.ar\/2025\/wp-json\/wp\/v2\/lugar?post=8001"},{"taxonomy":"horario","embeddable":true,"href":"https:\/\/ficer.com.ar\/2025\/wp-json\/wp\/v2\/horario?post=8001"}],"curies":[{"name":"wp","href":"https:\/\/api.w.org\/{rel}","templated":true}]}}

<figure class="wp-block-image size-full"><img fetchpriority="high" decoding="async" width="2560" height="1073" src="https://ficer.com.ar/2025/wp-content/uploads/2025/11/GIGANTES00001-scaled.jpg" alt="" class="wp-image-8002" srcset="https://ficer.com.ar/2025/wp-content/uploads/2025/11/GIGANTES00001-scaled.jpg 2560w, https://ficer.com.ar/2025/wp-content/uploads/2025/11/GIGANTES00001-300x126.jpg 300w, https://ficer.com.ar/2025/wp-content/uploads/2025/11/GIGANTES00001-1024x429.jpg 1024w, https://ficer.com.ar/2025/wp-content/uploads/2025/11/GIGANTES00001-768x322.jpg 768w, https://ficer.com.ar/2025/wp-content/uploads/2025/11/GIGANTES00001-1536x644.jpg 1536w, https://ficer.com.ar/2025/wp-content/uploads/2025/11/GIGANTES00001-2048x858.jpg 2048w" sizes="(max-width: 2560px) 100vw, 2560px" /></figure>



<div class="wp-block-columns is-layout-flex wp-container-core-columns-is-layout-28f84493 wp-block-columns-is-layout-flex">
<div class="wp-block-column is-layout-flow wp-block-column-is-layout-flow" style="flex-basis:33.33%">
<p style="font-style:normal;font-weight:200"><strong><mark style="background-color:rgba(0, 0, 0, 0);color:#67cdbb" class="has-inline-color">Dirección:</mark></strong> Gonzalo Gutiérrez<br><mark style="background-color:rgba(0, 0, 0, 0);color:#67cdbb" class="has-inline-color"><strong>Año:</strong> </mark>2024<br><strong><mark style="background-color:rgba(0, 0, 0, 0);color:#67cdbb" class="has-inline-color">Duración:</mark> </strong>87’<br><strong><mark style="background-color:rgba(0, 0, 0, 0);color:#67cdbb" class="has-inline-color">País:</mark></strong> Argentina</p>



<p style="font-style:normal;font-weight:200"><strong><mark style="background-color:rgba(0, 0, 0, 0);color:#67cdbb" class="has-inline-color">Intérpretes:</mark></strong> Patricio Lago, Carla Peterson, Karol Sevilla, Facundo Reyes, Marina Blanke</p>



<p style="font-style:normal;font-weight:200"><strong><mark style="background-color:rgba(0, 0, 0, 0);color:#67cdbb" class="has-inline-color">Producción:</mark></strong> Florencia Lemoine, Axel Kuschevatzky, Thorsten Wegener, Dominique Schuchmann.</p>
</div>



<div class="wp-block-column is-layout-flow wp-block-column-is-layout-flow" style="flex-basis:66.66%">
<h3 class="wp-block-heading has-large-font-size" style="font-style:normal;font-weight:100"><mark style="background-color:rgba(0, 0, 0, 0);color:#67cdbb" class="has-inline-color">Sinopsis</mark></h3>



<p style="font-style:normal;font-weight:200">Una terrible tormenta amenaza a un pequeño y pintoresco pueblo obligando a sus habitantes al exilio. Alfonso, un niño de 12 años, es el único que ve a un gigantesco monstruo como la causa de la tormenta y hará todo lo posible para detenerlo y salvar a su pueblo. Para lograrlo, contará con la ayuda de sus valientes amigos, Pancho Panza y Victoria. Los niños emprenderán un viaje divertido y lleno de aventuras en el que aprenderán el valor de la amistad y descubrirán la verdadera amenaza detrás de la tormenta.</p>
</div>
</div>



<div style="height:49px" aria-hidden="true" class="wp-block-spacer"></div>



<div class="wp-block-columns is-layout-flex wp-container-core-columns-is-layout-28f84493 wp-block-columns-is-layout-flex">
<div class="wp-block-column is-layout-flow wp-block-column-is-layout-flow"></div>



<div class="wp-block-column is-layout-flow wp-block-column-is-layout-flow"></div>
</div>



<p></p>

<p>Cine Entrerriano<br />
EL MENSAJE (Iván Fund)<br />
20:30 – CPC 1P SALA MAYOR</p>
