{"id":8007,"date":"2025-11-12T11:51:27","date_gmt":"2025-11-12T14:51:27","guid":{"rendered":"https:\/\/ficer.com.ar\/2025\/?post_type=pelicula&#038;p=8007"},"modified":"2025-11-17T12:38:39","modified_gmt":"2025-11-17T15:38:39","slug":"museo-de-la-subversion","status":"publish","type":"pelicula","link":"https:\/\/ficer.com.ar\/2025\/pelicula\/museo-de-la-subversion\/","title":{"rendered":"MUSEO DE LA SUBVERSI\u00d3N"},"content":{"rendered":"\n<figure class=\"wp-block-image size-full\"><img fetchpriority=\"high\" decoding=\"async\" width=\"1998\" height=\"867\" src=\"https:\/\/ficer.com.ar\/2025\/wp-content\/uploads\/2025\/11\/MUSEO_STILL036.png\" alt=\"\" class=\"wp-image-8010\" srcset=\"https:\/\/ficer.com.ar\/2025\/wp-content\/uploads\/2025\/11\/MUSEO_STILL036.png 1998w, https:\/\/ficer.com.ar\/2025\/wp-content\/uploads\/2025\/11\/MUSEO_STILL036-300x130.png 300w, https:\/\/ficer.com.ar\/2025\/wp-content\/uploads\/2025\/11\/MUSEO_STILL036-1024x444.png 1024w, https:\/\/ficer.com.ar\/2025\/wp-content\/uploads\/2025\/11\/MUSEO_STILL036-768x333.png 768w, https:\/\/ficer.com.ar\/2025\/wp-content\/uploads\/2025\/11\/MUSEO_STILL036-1536x667.png 1536w\" sizes=\"(max-width: 1998px) 100vw, 1998px\" \/><\/figure>\n\n\n\n<div class=\"wp-block-columns is-layout-flex wp-container-core-columns-is-layout-28f84493 wp-block-columns-is-layout-flex\">\n<div class=\"wp-block-column is-layout-flow wp-block-column-is-layout-flow\" style=\"flex-basis:33.33%\">\n<p style=\"font-style:normal;font-weight:200\"><strong><mark style=\"background-color:rgba(0, 0, 0, 0);color:#0f56aa\" class=\"has-inline-color\">Direcci\u00f3n:<\/mark><\/strong> Francisco D&#8217;Eufemia<br><strong><mark style=\"background-color:rgba(0, 0, 0, 0);color:#0f56aa\" class=\"has-inline-color\">A\u00f1o:<\/mark><\/strong> 2025<br><strong><mark style=\"background-color:rgba(0, 0, 0, 0);color:#0f56aa\" class=\"has-inline-color\">Duraci\u00f3n:<\/mark> <\/strong>70\u2019<br><strong><mark style=\"background-color:rgba(0, 0, 0, 0);color:#0f56aa\" class=\"has-inline-color\">Pa\u00eds:<\/mark><\/strong> Argentina<\/p>\n\n\n\n<p style=\"font-style:normal;font-weight:200\"><strong><mark style=\"background-color:rgba(0, 0, 0, 0);color:#0f56aa\" class=\"has-inline-color\">Int\u00e9rpretes:<\/mark><\/strong> Bel\u00e9n Blanco, Pablo Llonto, Mariana Sirimarco<\/p>\n\n\n\n<p style=\"font-style:normal;font-weight:200\"><strong><mark style=\"background-color:rgba(0, 0, 0, 0);color:#0f56aa\" class=\"has-inline-color\">Producci\u00f3n:<\/mark><\/strong> Ram\u00f3n Irreal<\/p>\n<\/div>\n\n\n\n<div class=\"wp-block-column is-layout-flow wp-block-column-is-layout-flow\" style=\"flex-basis:66.66%\">\n<h3 class=\"wp-block-heading has-large-font-size\" style=\"font-style:normal;font-weight:100\"><mark style=\"background-color:rgba(0, 0, 0, 0);color:#0f56aa\" class=\"has-inline-color\">Sinopsis<\/mark><\/h3>\n\n\n\n<p style=\"font-style:normal;font-weight:200\">El hallazgo de varias cintas grabadas en 1985, durante los \u201cJuicios a las Juntas\u201d, en el interior del Museo Antisubversivo de Buenos Aires, permite reconstruir como pocas veces el accionar discursivo de la dictadura y muestra el poder residual de los militares a\u00fan en democracia. Esta pel\u00edcula ilumina un per\u00edodo hist\u00f3rico particularmente oscuro y produce una tensi\u00f3n: la exposici\u00f3n del discurso triunfalista de la dictadura y los maniqu\u00edes como presencia espectral de los desaparecidos.<\/p>\n\n\n\n<p><strong><mark style=\"background-color:rgba(0, 0, 0, 0);color:#0f56aa\" class=\"has-inline-color\">\u201cEstreno mundial\u201d<\/mark><\/strong><\/p>\n<\/div>\n<\/div>\n\n\n\n<div style=\"height:49px\" aria-hidden=\"true\" class=\"wp-block-spacer\"><\/div>\n\n\n\n<div class=\"wp-block-columns is-layout-flex wp-container-core-columns-is-layout-28f84493 wp-block-columns-is-layout-flex\">\n<div class=\"wp-block-column is-layout-flow wp-block-column-is-layout-flow\"><\/div>\n\n\n\n<div class=\"wp-block-column is-layout-flow wp-block-column-is-layout-flow\"><\/div>\n<\/div>\n\n\n\n<p><\/p>\n","protected":false},"excerpt":{"rendered":"<p>Cine Entrerriano<br \/>\nEL MENSAJE (Iv\u00e1n Fund)<br \/>\n20:30 \u2013 CPC 1P SALA MAYOR<\/p>\n","protected":false},"featured_media":8010,"template":"","meta":[],"categoria":[266],"programacion":[268],"director":[292],"agenda":[],"lugar":[278],"horario":[289],"class_list":["post-8007","pelicula","type-pelicula","status-publish","has-post-thumbnail","hentry","categoria-seccion-oficial","programacion-miercoles-26-de-noviembre","director-francisco-deufemia","lugar-sala-veronica-kuttel-vieja-usina","horario-289"],"_links":{"self":[{"href":"https:\/\/ficer.com.ar\/2025\/wp-json\/wp\/v2\/pelicula\/8007","targetHints":{"allow":["GET"]}}],"collection":[{"href":"https:\/\/ficer.com.ar\/2025\/wp-json\/wp\/v2\/pelicula"}],"about":[{"href":"https:\/\/ficer.com.ar\/2025\/wp-json\/wp\/v2\/types\/pelicula"}],"wp:featuredmedia":[{"embeddable":true,"href":"https:\/\/ficer.com.ar\/2025\/wp-json\/wp\/v2\/media\/8010"}],"wp:attachment":[{"href":"https:\/\/ficer.com.ar\/2025\/wp-json\/wp\/v2\/media?parent=8007"}],"wp:term":[{"taxonomy":"categoria","embeddable":true,"href":"https:\/\/ficer.com.ar\/2025\/wp-json\/wp\/v2\/categoria?post=8007"},{"taxonomy":"programacion","embeddable":true,"href":"https:\/\/ficer.com.ar\/2025\/wp-json\/wp\/v2\/programacion?post=8007"},{"taxonomy":"director","embeddable":true,"href":"https:\/\/ficer.com.ar\/2025\/wp-json\/wp\/v2\/director?post=8007"},{"taxonomy":"agenda","embeddable":true,"href":"https:\/\/ficer.com.ar\/2025\/wp-json\/wp\/v2\/agenda?post=8007"},{"taxonomy":"lugar","embeddable":true,"href":"https:\/\/ficer.com.ar\/2025\/wp-json\/wp\/v2\/lugar?post=8007"},{"taxonomy":"horario","embeddable":true,"href":"https:\/\/ficer.com.ar\/2025\/wp-json\/wp\/v2\/horario?post=8007"}],"curies":[{"name":"wp","href":"https:\/\/api.w.org\/{rel}","templated":true}]}}

MUSEO DE LA SUBVERSIÓN

<figure class="wp-block-image size-full"><img fetchpriority="high" decoding="async" width="1998" height="867" src="https://ficer.com.ar/2025/wp-content/uploads/2025/11/MUSEO_STILL036.png" alt="" class="wp-image-8010" srcset="https://ficer.com.ar/2025/wp-content/uploads/2025/11/MUSEO_STILL036.png 1998w, https://ficer.com.ar/2025/wp-content/uploads/2025/11/MUSEO_STILL036-300x130.png 300w, https://ficer.com.ar/2025/wp-content/uploads/2025/11/MUSEO_STILL036-1024x444.png 1024w, https://ficer.com.ar/2025/wp-content/uploads/2025/11/MUSEO_STILL036-768x333.png 768w, https://ficer.com.ar/2025/wp-content/uploads/2025/11/MUSEO_STILL036-1536x667.png 1536w" sizes="(max-width: 1998px) 100vw, 1998px" /></figure>



<div class="wp-block-columns is-layout-flex wp-container-core-columns-is-layout-28f84493 wp-block-columns-is-layout-flex">
<div class="wp-block-column is-layout-flow wp-block-column-is-layout-flow" style="flex-basis:33.33%">
<p style="font-style:normal;font-weight:200"><strong><mark style="background-color:rgba(0, 0, 0, 0);color:#0f56aa" class="has-inline-color">Dirección:</mark></strong> Francisco D&#8217;Eufemia<br><strong><mark style="background-color:rgba(0, 0, 0, 0);color:#0f56aa" class="has-inline-color">Año:</mark></strong> 2025<br><strong><mark style="background-color:rgba(0, 0, 0, 0);color:#0f56aa" class="has-inline-color">Duración:</mark> </strong>70’<br><strong><mark style="background-color:rgba(0, 0, 0, 0);color:#0f56aa" class="has-inline-color">País:</mark></strong> Argentina</p>



<p style="font-style:normal;font-weight:200"><strong><mark style="background-color:rgba(0, 0, 0, 0);color:#0f56aa" class="has-inline-color">Intérpretes:</mark></strong> Belén Blanco, Pablo Llonto, Mariana Sirimarco</p>



<p style="font-style:normal;font-weight:200"><strong><mark style="background-color:rgba(0, 0, 0, 0);color:#0f56aa" class="has-inline-color">Producción:</mark></strong> Ramón Irreal</p>
</div>



<div class="wp-block-column is-layout-flow wp-block-column-is-layout-flow" style="flex-basis:66.66%">
<h3 class="wp-block-heading has-large-font-size" style="font-style:normal;font-weight:100"><mark style="background-color:rgba(0, 0, 0, 0);color:#0f56aa" class="has-inline-color">Sinopsis</mark></h3>



<p style="font-style:normal;font-weight:200">El hallazgo de varias cintas grabadas en 1985, durante los “Juicios a las Juntas”, en el interior del Museo Antisubversivo de Buenos Aires, permite reconstruir como pocas veces el accionar discursivo de la dictadura y muestra el poder residual de los militares aún en democracia. Esta película ilumina un período histórico particularmente oscuro y produce una tensión: la exposición del discurso triunfalista de la dictadura y los maniquíes como presencia espectral de los desaparecidos.</p>



<p><strong><mark style="background-color:rgba(0, 0, 0, 0);color:#0f56aa" class="has-inline-color">“Estreno mundial”</mark></strong></p>
</div>
</div>



<div style="height:49px" aria-hidden="true" class="wp-block-spacer"></div>



<div class="wp-block-columns is-layout-flex wp-container-core-columns-is-layout-28f84493 wp-block-columns-is-layout-flex">
<div class="wp-block-column is-layout-flow wp-block-column-is-layout-flow"></div>



<div class="wp-block-column is-layout-flow wp-block-column-is-layout-flow"></div>
</div>



<p></p>

<p>Cine Entrerriano<br />
EL MENSAJE (Iván Fund)<br />
20:30 – CPC 1P SALA MAYOR</p>
