{"id":8014,"date":"2025-11-12T12:22:22","date_gmt":"2025-11-12T15:22:22","guid":{"rendered":"https:\/\/ficer.com.ar\/2025\/?post_type=pelicula&#038;p=8014"},"modified":"2025-11-18T10:11:45","modified_gmt":"2025-11-18T13:11:45","slug":"puro-andar","status":"publish","type":"pelicula","link":"https:\/\/ficer.com.ar\/2025\/pelicula\/puro-andar\/","title":{"rendered":"PURO ANDAR"},"content":{"rendered":"\n<figure class=\"wp-block-image size-full is-resized\"><img fetchpriority=\"high\" decoding=\"async\" width=\"716\" height=\"521\" src=\"https:\/\/ficer.com.ar\/2025\/wp-content\/uploads\/2025\/11\/download-1.png\" alt=\"\" class=\"wp-image-8015\" style=\"aspect-ratio:1.7777777777777777;object-fit:cover;width:800px;height:auto\" srcset=\"https:\/\/ficer.com.ar\/2025\/wp-content\/uploads\/2025\/11\/download-1.png 716w, https:\/\/ficer.com.ar\/2025\/wp-content\/uploads\/2025\/11\/download-1-300x218.png 300w\" sizes=\"(max-width: 716px) 100vw, 716px\" \/><\/figure>\n\n\n\n<div class=\"wp-block-columns is-layout-flex wp-container-core-columns-is-layout-28f84493 wp-block-columns-is-layout-flex\">\n<div class=\"wp-block-column is-layout-flow wp-block-column-is-layout-flow\" style=\"flex-basis:33.33%\">\n<p style=\"font-style:normal;font-weight:200\"><strong><mark style=\"background-color:rgba(0, 0, 0, 0);color:#ed5891\" class=\"has-inline-color\">Direcci\u00f3n:<\/mark><\/strong> Luciana Decker Orozco<br><strong><mark style=\"background-color:rgba(0, 0, 0, 0);color:#ed5891\" class=\"has-inline-color\">A\u00f1o:<\/mark><\/strong> 2025<br><strong><mark style=\"background-color:rgba(0, 0, 0, 0);color:#ed5891\" class=\"has-inline-color\">Duraci\u00f3n:<\/mark> <\/strong>13\u2019<br><strong><mark style=\"background-color:rgba(0, 0, 0, 0);color:#ed5891\" class=\"has-inline-color\">Pa\u00eds:<\/mark><\/strong> &nbsp;Bolivia \u2013 Estados Unidos<\/p>\n\n\n\n<p style=\"font-style:normal;font-weight:200\"><strong><mark style=\"background-color:rgba(0, 0, 0, 0);color:#ed5891\" class=\"has-inline-color\">Int\u00e9rpretes:<\/mark><\/strong> Bertha Canelas, Laura Huaycho, Dana Carrillo, Luciana Decker<\/p>\n\n\n\n<p style=\"font-style:normal;font-weight:200\"><strong><mark style=\"background-color:rgba(0, 0, 0, 0);color:#ed5891\" class=\"has-inline-color\">Producci\u00f3n:<\/mark><\/strong> Luciana Decker Orozco<\/p>\n<\/div>\n\n\n\n<div class=\"wp-block-column is-layout-flow wp-block-column-is-layout-flow\" style=\"flex-basis:66.66%\">\n<h3 class=\"wp-block-heading has-large-font-size\" style=\"font-style:normal;font-weight:100\"><mark style=\"background-color:rgba(0, 0, 0, 0);color:#ed5891\" class=\"has-inline-color\">Sinopsis<\/mark><\/h3>\n\n\n\n<p style=\"font-style:normal;font-weight:200\">Un viaje al inframundo comienza en las propias entra\u00f1as, moldeadas por migajas ablandadas con saliva de madres. Esta pel\u00edcula explora el devenir de diferentes tiempos, desde el ritmo \u00edntimo de la digesti\u00f3n hasta la vastedad de las eras geol\u00f3gicas: estalagmitas formadas a lo largo de milenios, huellas fosilizadas de dinosaurios y ecos de movimientos primigenios, parecidos a gru\u00f1idos.<\/p>\n<\/div>\n<\/div>\n\n\n\n<div style=\"height:49px\" aria-hidden=\"true\" class=\"wp-block-spacer\"><\/div>\n\n\n\n<div class=\"wp-block-columns is-layout-flex wp-container-core-columns-is-layout-28f84493 wp-block-columns-is-layout-flex\">\n<div class=\"wp-block-column is-layout-flow wp-block-column-is-layout-flow\"><\/div>\n\n\n\n<div class=\"wp-block-column is-layout-flow wp-block-column-is-layout-flow\"><\/div>\n<\/div>\n\n\n\n<p><\/p>\n","protected":false},"excerpt":{"rendered":"<p>Cine Entrerriano<br \/>\nEL MENSAJE (Iv\u00e1n Fund)<br \/>\n20:30 \u2013 CPC 1P SALA MAYOR<\/p>\n","protected":false},"featured_media":8015,"template":"","meta":[],"categoria":[265],"programacion":[268],"director":[297],"agenda":[],"lugar":[295],"horario":[296],"class_list":["post-8014","pelicula","type-pelicula","status-publish","has-post-thumbnail","hentry","categoria-fronteras-abiertas","programacion-miercoles-26-de-noviembre","director-luciana-decker-orozco","lugar-sala-noble","horario-296"],"_links":{"self":[{"href":"https:\/\/ficer.com.ar\/2025\/wp-json\/wp\/v2\/pelicula\/8014","targetHints":{"allow":["GET"]}}],"collection":[{"href":"https:\/\/ficer.com.ar\/2025\/wp-json\/wp\/v2\/pelicula"}],"about":[{"href":"https:\/\/ficer.com.ar\/2025\/wp-json\/wp\/v2\/types\/pelicula"}],"wp:featuredmedia":[{"embeddable":true,"href":"https:\/\/ficer.com.ar\/2025\/wp-json\/wp\/v2\/media\/8015"}],"wp:attachment":[{"href":"https:\/\/ficer.com.ar\/2025\/wp-json\/wp\/v2\/media?parent=8014"}],"wp:term":[{"taxonomy":"categoria","embeddable":true,"href":"https:\/\/ficer.com.ar\/2025\/wp-json\/wp\/v2\/categoria?post=8014"},{"taxonomy":"programacion","embeddable":true,"href":"https:\/\/ficer.com.ar\/2025\/wp-json\/wp\/v2\/programacion?post=8014"},{"taxonomy":"director","embeddable":true,"href":"https:\/\/ficer.com.ar\/2025\/wp-json\/wp\/v2\/director?post=8014"},{"taxonomy":"agenda","embeddable":true,"href":"https:\/\/ficer.com.ar\/2025\/wp-json\/wp\/v2\/agenda?post=8014"},{"taxonomy":"lugar","embeddable":true,"href":"https:\/\/ficer.com.ar\/2025\/wp-json\/wp\/v2\/lugar?post=8014"},{"taxonomy":"horario","embeddable":true,"href":"https:\/\/ficer.com.ar\/2025\/wp-json\/wp\/v2\/horario?post=8014"}],"curies":[{"name":"wp","href":"https:\/\/api.w.org\/{rel}","templated":true}]}}

<figure class="wp-block-image size-full is-resized"><img fetchpriority="high" decoding="async" width="716" height="521" src="https://ficer.com.ar/2025/wp-content/uploads/2025/11/download-1.png" alt="" class="wp-image-8015" style="aspect-ratio:1.7777777777777777;object-fit:cover;width:800px;height:auto" srcset="https://ficer.com.ar/2025/wp-content/uploads/2025/11/download-1.png 716w, https://ficer.com.ar/2025/wp-content/uploads/2025/11/download-1-300x218.png 300w" sizes="(max-width: 716px) 100vw, 716px" /></figure>



<div class="wp-block-columns is-layout-flex wp-container-core-columns-is-layout-28f84493 wp-block-columns-is-layout-flex">
<div class="wp-block-column is-layout-flow wp-block-column-is-layout-flow" style="flex-basis:33.33%">
<p style="font-style:normal;font-weight:200"><strong><mark style="background-color:rgba(0, 0, 0, 0);color:#ed5891" class="has-inline-color">Dirección:</mark></strong> Luciana Decker Orozco<br><strong><mark style="background-color:rgba(0, 0, 0, 0);color:#ed5891" class="has-inline-color">Año:</mark></strong> 2025<br><strong><mark style="background-color:rgba(0, 0, 0, 0);color:#ed5891" class="has-inline-color">Duración:</mark> </strong>13’<br><strong><mark style="background-color:rgba(0, 0, 0, 0);color:#ed5891" class="has-inline-color">País:</mark></strong> &nbsp;Bolivia – Estados Unidos</p>



<p style="font-style:normal;font-weight:200"><strong><mark style="background-color:rgba(0, 0, 0, 0);color:#ed5891" class="has-inline-color">Intérpretes:</mark></strong> Bertha Canelas, Laura Huaycho, Dana Carrillo, Luciana Decker</p>



<p style="font-style:normal;font-weight:200"><strong><mark style="background-color:rgba(0, 0, 0, 0);color:#ed5891" class="has-inline-color">Producción:</mark></strong> Luciana Decker Orozco</p>
</div>



<div class="wp-block-column is-layout-flow wp-block-column-is-layout-flow" style="flex-basis:66.66%">
<h3 class="wp-block-heading has-large-font-size" style="font-style:normal;font-weight:100"><mark style="background-color:rgba(0, 0, 0, 0);color:#ed5891" class="has-inline-color">Sinopsis</mark></h3>



<p style="font-style:normal;font-weight:200">Un viaje al inframundo comienza en las propias entrañas, moldeadas por migajas ablandadas con saliva de madres. Esta película explora el devenir de diferentes tiempos, desde el ritmo íntimo de la digestión hasta la vastedad de las eras geológicas: estalagmitas formadas a lo largo de milenios, huellas fosilizadas de dinosaurios y ecos de movimientos primigenios, parecidos a gruñidos.</p>
</div>
</div>



<div style="height:49px" aria-hidden="true" class="wp-block-spacer"></div>



<div class="wp-block-columns is-layout-flex wp-container-core-columns-is-layout-28f84493 wp-block-columns-is-layout-flex">
<div class="wp-block-column is-layout-flow wp-block-column-is-layout-flow"></div>



<div class="wp-block-column is-layout-flow wp-block-column-is-layout-flow"></div>
</div>



<p></p>

<p>Cine Entrerriano<br />
EL MENSAJE (Iván Fund)<br />
20:30 – CPC 1P SALA MAYOR</p>
