{"id":8016,"date":"2025-11-12T12:25:22","date_gmt":"2025-11-12T15:25:22","guid":{"rendered":"https:\/\/ficer.com.ar\/2025\/?post_type=pelicula&#038;p=8016"},"modified":"2025-11-17T12:38:58","modified_gmt":"2025-11-17T15:38:58","slug":"la-virgen-de-la-tosquera","status":"publish","type":"pelicula","link":"https:\/\/ficer.com.ar\/2025\/pelicula\/la-virgen-de-la-tosquera\/","title":{"rendered":"LA VIRGEN DE LA TOSQUERA"},"content":{"rendered":"\n<figure class=\"wp-block-image size-full\"><img fetchpriority=\"high\" decoding=\"async\" width=\"2560\" height=\"1384\" src=\"https:\/\/ficer.com.ar\/2025\/wp-content\/uploads\/2025\/11\/LVDLTSTILLSLEO_1.357.1-scaled.jpg\" alt=\"\" class=\"wp-image-8017\" srcset=\"https:\/\/ficer.com.ar\/2025\/wp-content\/uploads\/2025\/11\/LVDLTSTILLSLEO_1.357.1-scaled.jpg 2560w, https:\/\/ficer.com.ar\/2025\/wp-content\/uploads\/2025\/11\/LVDLTSTILLSLEO_1.357.1-300x162.jpg 300w, https:\/\/ficer.com.ar\/2025\/wp-content\/uploads\/2025\/11\/LVDLTSTILLSLEO_1.357.1-1024x554.jpg 1024w, https:\/\/ficer.com.ar\/2025\/wp-content\/uploads\/2025\/11\/LVDLTSTILLSLEO_1.357.1-768x415.jpg 768w, https:\/\/ficer.com.ar\/2025\/wp-content\/uploads\/2025\/11\/LVDLTSTILLSLEO_1.357.1-1536x830.jpg 1536w, https:\/\/ficer.com.ar\/2025\/wp-content\/uploads\/2025\/11\/LVDLTSTILLSLEO_1.357.1-2048x1107.jpg 2048w\" sizes=\"(max-width: 2560px) 100vw, 2560px\" \/><\/figure>\n\n\n\n<div class=\"wp-block-columns is-layout-flex wp-container-core-columns-is-layout-28f84493 wp-block-columns-is-layout-flex\">\n<div class=\"wp-block-column is-layout-flow wp-block-column-is-layout-flow\" style=\"flex-basis:33.33%\">\n<p style=\"font-style:normal;font-weight:200\"><strong><mark style=\"background-color:rgba(0, 0, 0, 0);color:#0f56aa\" class=\"has-inline-color\">Direcci\u00f3n:<\/mark><\/strong> Laura Casab\u00e9<br><strong><mark style=\"background-color:rgba(0, 0, 0, 0);color:#0f56aa\" class=\"has-inline-color\">A\u00f1o:<\/mark><\/strong> 2025<br><strong><mark style=\"background-color:rgba(0, 0, 0, 0);color:#0f56aa\" class=\"has-inline-color\">Duraci\u00f3n:<\/mark> <\/strong>95\u2019<br><strong><mark style=\"background-color:rgba(0, 0, 0, 0);color:#0f56aa\" class=\"has-inline-color\">Pa\u00eds:<\/mark><\/strong> \u00a0Argentina<\/p>\n\n\n\n<p style=\"font-style:normal;font-weight:200\"><strong><mark style=\"background-color:rgba(0, 0, 0, 0);color:#0f56aa\" class=\"has-inline-color\">Int\u00e9rpretes:<\/mark><\/strong> Dolores Oliverio, Fernanda Echavarria, Isabel Bracamonte, Candela Flores, Agust\u00edn Sosa<\/p>\n\n\n\n<p style=\"font-style:normal;font-weight:200\"><strong><mark style=\"background-color:rgba(0, 0, 0, 0);color:#0f56aa\" class=\"has-inline-color\">Producci\u00f3n:<\/mark><\/strong> Valeria Bistagnino, Tomas Eloy Mu\u00f1oz L\u00e1zaro, Alejandro Israel, Diego Mart\u00ednez Ulanosky, Angeles Hernandez, David Matamoros y Livi Herrera.<\/p>\n<\/div>\n\n\n\n<div class=\"wp-block-column is-layout-flow wp-block-column-is-layout-flow\" style=\"flex-basis:66.66%\">\n<h3 class=\"wp-block-heading has-large-font-size\" style=\"font-style:normal;font-weight:100\"><mark style=\"background-color:rgba(0, 0, 0, 0);color:#0f56aa\" class=\"has-inline-color\">Sinopsis<\/mark><\/h3>\n\n\n\n<p style=\"font-style:normal;font-weight:200\">Natalia, Mariela y Josefina son tres inseparables amigas que viven en las afueras de Buenos Aires y est\u00e1n locamente enamoradas de Diego, su amigo de la infancia. En un verano caluroso de 2001, tras el estallido de violencia que termin\u00f3 en una profunda crisis econ\u00f3mica y social, aparece Silvia, m\u00e1s mayor y m\u00e1s mundana, que cautiva a Diego. Natalia, decidida a reconquistar a Diego, pide ayuda a su abuela, Rita, que la adentrar\u00e1 en el reino de los hechizos y la magia negra.<\/p>\n<\/div>\n<\/div>\n\n\n\n<div style=\"height:49px\" aria-hidden=\"true\" class=\"wp-block-spacer\"><\/div>\n\n\n\n<div class=\"wp-block-columns is-layout-flex wp-container-core-columns-is-layout-28f84493 wp-block-columns-is-layout-flex\">\n<div class=\"wp-block-column is-layout-flow wp-block-column-is-layout-flow\"><\/div>\n\n\n\n<div class=\"wp-block-column is-layout-flow wp-block-column-is-layout-flow\"><\/div>\n<\/div>\n\n\n\n<p><\/p>\n","protected":false},"excerpt":{"rendered":"<p>Cine Entrerriano<br \/>\nEL MENSAJE (Iv\u00e1n Fund)<br \/>\n20:30 \u2013 CPC 1P SALA MAYOR<\/p>\n","protected":false},"featured_media":8017,"template":"","meta":[],"categoria":[266],"programacion":[268],"director":[298],"agenda":[],"lugar":[283],"horario":[299],"class_list":["post-8016","pelicula","type-pelicula","status-publish","has-post-thumbnail","hentry","categoria-seccion-oficial","programacion-miercoles-26-de-noviembre","director-laura-casabe","lugar-cine-las-tipas","horario-299"],"_links":{"self":[{"href":"https:\/\/ficer.com.ar\/2025\/wp-json\/wp\/v2\/pelicula\/8016","targetHints":{"allow":["GET"]}}],"collection":[{"href":"https:\/\/ficer.com.ar\/2025\/wp-json\/wp\/v2\/pelicula"}],"about":[{"href":"https:\/\/ficer.com.ar\/2025\/wp-json\/wp\/v2\/types\/pelicula"}],"wp:featuredmedia":[{"embeddable":true,"href":"https:\/\/ficer.com.ar\/2025\/wp-json\/wp\/v2\/media\/8017"}],"wp:attachment":[{"href":"https:\/\/ficer.com.ar\/2025\/wp-json\/wp\/v2\/media?parent=8016"}],"wp:term":[{"taxonomy":"categoria","embeddable":true,"href":"https:\/\/ficer.com.ar\/2025\/wp-json\/wp\/v2\/categoria?post=8016"},{"taxonomy":"programacion","embeddable":true,"href":"https:\/\/ficer.com.ar\/2025\/wp-json\/wp\/v2\/programacion?post=8016"},{"taxonomy":"director","embeddable":true,"href":"https:\/\/ficer.com.ar\/2025\/wp-json\/wp\/v2\/director?post=8016"},{"taxonomy":"agenda","embeddable":true,"href":"https:\/\/ficer.com.ar\/2025\/wp-json\/wp\/v2\/agenda?post=8016"},{"taxonomy":"lugar","embeddable":true,"href":"https:\/\/ficer.com.ar\/2025\/wp-json\/wp\/v2\/lugar?post=8016"},{"taxonomy":"horario","embeddable":true,"href":"https:\/\/ficer.com.ar\/2025\/wp-json\/wp\/v2\/horario?post=8016"}],"curies":[{"name":"wp","href":"https:\/\/api.w.org\/{rel}","templated":true}]}}

<figure class="wp-block-image size-full"><img fetchpriority="high" decoding="async" width="2560" height="1384" src="https://ficer.com.ar/2025/wp-content/uploads/2025/11/LVDLTSTILLSLEO_1.357.1-scaled.jpg" alt="" class="wp-image-8017" srcset="https://ficer.com.ar/2025/wp-content/uploads/2025/11/LVDLTSTILLSLEO_1.357.1-scaled.jpg 2560w, https://ficer.com.ar/2025/wp-content/uploads/2025/11/LVDLTSTILLSLEO_1.357.1-300x162.jpg 300w, https://ficer.com.ar/2025/wp-content/uploads/2025/11/LVDLTSTILLSLEO_1.357.1-1024x554.jpg 1024w, https://ficer.com.ar/2025/wp-content/uploads/2025/11/LVDLTSTILLSLEO_1.357.1-768x415.jpg 768w, https://ficer.com.ar/2025/wp-content/uploads/2025/11/LVDLTSTILLSLEO_1.357.1-1536x830.jpg 1536w, https://ficer.com.ar/2025/wp-content/uploads/2025/11/LVDLTSTILLSLEO_1.357.1-2048x1107.jpg 2048w" sizes="(max-width: 2560px) 100vw, 2560px" /></figure>



<div class="wp-block-columns is-layout-flex wp-container-core-columns-is-layout-28f84493 wp-block-columns-is-layout-flex">
<div class="wp-block-column is-layout-flow wp-block-column-is-layout-flow" style="flex-basis:33.33%">
<p style="font-style:normal;font-weight:200"><strong><mark style="background-color:rgba(0, 0, 0, 0);color:#0f56aa" class="has-inline-color">Dirección:</mark></strong> Laura Casabé<br><strong><mark style="background-color:rgba(0, 0, 0, 0);color:#0f56aa" class="has-inline-color">Año:</mark></strong> 2025<br><strong><mark style="background-color:rgba(0, 0, 0, 0);color:#0f56aa" class="has-inline-color">Duración:</mark> </strong>95’<br><strong><mark style="background-color:rgba(0, 0, 0, 0);color:#0f56aa" class="has-inline-color">País:</mark></strong>  Argentina</p>



<p style="font-style:normal;font-weight:200"><strong><mark style="background-color:rgba(0, 0, 0, 0);color:#0f56aa" class="has-inline-color">Intérpretes:</mark></strong> Dolores Oliverio, Fernanda Echavarria, Isabel Bracamonte, Candela Flores, Agustín Sosa</p>



<p style="font-style:normal;font-weight:200"><strong><mark style="background-color:rgba(0, 0, 0, 0);color:#0f56aa" class="has-inline-color">Producción:</mark></strong> Valeria Bistagnino, Tomas Eloy Muñoz Lázaro, Alejandro Israel, Diego Martínez Ulanosky, Angeles Hernandez, David Matamoros y Livi Herrera.</p>
</div>



<div class="wp-block-column is-layout-flow wp-block-column-is-layout-flow" style="flex-basis:66.66%">
<h3 class="wp-block-heading has-large-font-size" style="font-style:normal;font-weight:100"><mark style="background-color:rgba(0, 0, 0, 0);color:#0f56aa" class="has-inline-color">Sinopsis</mark></h3>



<p style="font-style:normal;font-weight:200">Natalia, Mariela y Josefina son tres inseparables amigas que viven en las afueras de Buenos Aires y están locamente enamoradas de Diego, su amigo de la infancia. En un verano caluroso de 2001, tras el estallido de violencia que terminó en una profunda crisis económica y social, aparece Silvia, más mayor y más mundana, que cautiva a Diego. Natalia, decidida a reconquistar a Diego, pide ayuda a su abuela, Rita, que la adentrará en el reino de los hechizos y la magia negra.</p>
</div>
</div>



<div style="height:49px" aria-hidden="true" class="wp-block-spacer"></div>



<div class="wp-block-columns is-layout-flex wp-container-core-columns-is-layout-28f84493 wp-block-columns-is-layout-flex">
<div class="wp-block-column is-layout-flow wp-block-column-is-layout-flow"></div>



<div class="wp-block-column is-layout-flow wp-block-column-is-layout-flow"></div>
</div>



<p></p>

<p>Cine Entrerriano<br />
EL MENSAJE (Iván Fund)<br />
20:30 – CPC 1P SALA MAYOR</p>
