{"id":8141,"date":"2025-11-14T13:12:00","date_gmt":"2025-11-14T16:12:00","guid":{"rendered":"https:\/\/ficer.com.ar\/2025\/?post_type=pelicula&#038;p=8141"},"modified":"2025-11-17T17:35:27","modified_gmt":"2025-11-17T20:35:27","slug":"mente-maestra","status":"publish","type":"pelicula","link":"https:\/\/ficer.com.ar\/2025\/pelicula\/mente-maestra\/","title":{"rendered":"MENTE MAESTRA"},"content":{"rendered":"\n<figure class=\"wp-block-image size-full\"><img fetchpriority=\"high\" decoding=\"async\" width=\"1920\" height=\"1080\" src=\"https:\/\/ficer.com.ar\/2025\/wp-content\/uploads\/2025\/11\/the-mastermind-2025-mastermind-movie-inc.webp\" alt=\"\" class=\"wp-image-8145\" srcset=\"https:\/\/ficer.com.ar\/2025\/wp-content\/uploads\/2025\/11\/the-mastermind-2025-mastermind-movie-inc.webp 1920w, https:\/\/ficer.com.ar\/2025\/wp-content\/uploads\/2025\/11\/the-mastermind-2025-mastermind-movie-inc-300x169.webp 300w, https:\/\/ficer.com.ar\/2025\/wp-content\/uploads\/2025\/11\/the-mastermind-2025-mastermind-movie-inc-1024x576.webp 1024w, https:\/\/ficer.com.ar\/2025\/wp-content\/uploads\/2025\/11\/the-mastermind-2025-mastermind-movie-inc-768x432.webp 768w, https:\/\/ficer.com.ar\/2025\/wp-content\/uploads\/2025\/11\/the-mastermind-2025-mastermind-movie-inc-1536x864.webp 1536w\" sizes=\"(max-width: 1920px) 100vw, 1920px\" \/><\/figure>\n\n\n\n<div class=\"wp-block-columns is-layout-flex wp-container-core-columns-is-layout-28f84493 wp-block-columns-is-layout-flex\">\n<div class=\"wp-block-column is-layout-flow wp-block-column-is-layout-flow\" style=\"flex-basis:33.33%\">\n<p style=\"font-style:normal;font-weight:200\"><strong><mark style=\"background-color:#ffffff;color:#f78e26\" class=\"has-inline-color\">Direcci\u00f3n:<\/mark><\/strong><mark style=\"background-color:#ffffff\" class=\"has-inline-color\"> <\/mark>Kelly Reichardt<br><strong><mark style=\"background-color:#ffffff;color:#f78e26\" class=\"has-inline-color\">A\u00f1o:<\/mark><\/strong><mark style=\"background-color:#ffffff\" class=\"has-inline-color\"> 2025<br><\/mark><strong><mark style=\"background-color:#ffffff;color:#f78e26\" class=\"has-inline-color\">Duraci\u00f3n:<\/mark><\/strong><mark style=\"background-color:#ffffff\" class=\"has-inline-color\"><strong> <\/strong>111\u2019<br><\/mark><strong><mark style=\"background-color:#ffffff;color:#f78e26\" class=\"has-inline-color\">Pa\u00eds:<\/mark><\/strong><mark style=\"background-color:#ffffff\" class=\"has-inline-color\"> \u00a0Estados Unidos<\/mark><\/p>\n\n\n\n<p style=\"font-style:normal;font-weight:200\"><strong><mark style=\"background-color:#ffffff;color:#f78e26\" class=\"has-inline-color\">Int\u00e9rpretes:<\/mark><\/strong><mark style=\"background-color:#ffffff\" class=\"has-inline-color\"> <\/mark>Josh O&#8217;Connor, Alana Haim, Hope Davis, John Magaro, Gaby Hoffmann<\/p>\n\n\n\n<p style=\"font-style:normal;font-weight:200\"><strong><mark style=\"background-color:#ffffff;color:#f78e26\" class=\"has-inline-color\">Producci\u00f3n:<\/mark><\/strong><mark style=\"background-color:#ffffff\" class=\"has-inline-color\"> <\/mark>Filmscience, MUBI<\/p>\n<\/div>\n\n\n\n<div class=\"wp-block-column is-layout-flow wp-block-column-is-layout-flow\" style=\"flex-basis:66.66%\">\n<h3 class=\"wp-block-heading has-large-font-size\" style=\"font-style:normal;font-weight:100\"><mark style=\"background-color:#ffffff;color:#f78e26\" class=\"has-inline-color\">Sinopsis<\/mark><\/h3>\n\n\n\n<p style=\"font-style:normal;font-weight:200\">En un tranquilo suburbio de Massachusetts, alrededor de 1970, J.B. Mooney, un padre de familia desempleado y ladr\u00f3n de arte aficionado, se embarca en su primer robo. Con el museo vigilado y los c\u00f3mplices reclutados, tiene un plan infalible. O eso cree \u00e9l.<\/p>\n<\/div>\n<\/div>\n\n\n\n<div style=\"height:49px\" aria-hidden=\"true\" class=\"wp-block-spacer\"><\/div>\n\n\n\n<div class=\"wp-block-columns is-layout-flex wp-container-core-columns-is-layout-28f84493 wp-block-columns-is-layout-flex\">\n<div class=\"wp-block-column is-layout-flow wp-block-column-is-layout-flow\"><\/div>\n\n\n\n<div class=\"wp-block-column is-layout-flow wp-block-column-is-layout-flow\"><\/div>\n<\/div>\n\n\n\n<p><\/p>\n","protected":false},"excerpt":{"rendered":"<p>Cine Entrerriano<br \/>\nEL MENSAJE (Iv\u00e1n Fund)<br \/>\n20:30 \u2013 CPC 1P SALA MAYOR<\/p>\n","protected":false},"featured_media":8145,"template":"","meta":[],"categoria":[260],"programacion":[268],"director":[304],"agenda":[],"lugar":[278],"horario":[277],"class_list":["post-8141","pelicula","type-pelicula","status-publish","has-post-thumbnail","hentry","categoria-cine-internacional","programacion-miercoles-26-de-noviembre","director-kelly-reichardt","lugar-sala-veronica-kuttel-vieja-usina","horario-277"],"_links":{"self":[{"href":"https:\/\/ficer.com.ar\/2025\/wp-json\/wp\/v2\/pelicula\/8141","targetHints":{"allow":["GET"]}}],"collection":[{"href":"https:\/\/ficer.com.ar\/2025\/wp-json\/wp\/v2\/pelicula"}],"about":[{"href":"https:\/\/ficer.com.ar\/2025\/wp-json\/wp\/v2\/types\/pelicula"}],"wp:featuredmedia":[{"embeddable":true,"href":"https:\/\/ficer.com.ar\/2025\/wp-json\/wp\/v2\/media\/8145"}],"wp:attachment":[{"href":"https:\/\/ficer.com.ar\/2025\/wp-json\/wp\/v2\/media?parent=8141"}],"wp:term":[{"taxonomy":"categoria","embeddable":true,"href":"https:\/\/ficer.com.ar\/2025\/wp-json\/wp\/v2\/categoria?post=8141"},{"taxonomy":"programacion","embeddable":true,"href":"https:\/\/ficer.com.ar\/2025\/wp-json\/wp\/v2\/programacion?post=8141"},{"taxonomy":"director","embeddable":true,"href":"https:\/\/ficer.com.ar\/2025\/wp-json\/wp\/v2\/director?post=8141"},{"taxonomy":"agenda","embeddable":true,"href":"https:\/\/ficer.com.ar\/2025\/wp-json\/wp\/v2\/agenda?post=8141"},{"taxonomy":"lugar","embeddable":true,"href":"https:\/\/ficer.com.ar\/2025\/wp-json\/wp\/v2\/lugar?post=8141"},{"taxonomy":"horario","embeddable":true,"href":"https:\/\/ficer.com.ar\/2025\/wp-json\/wp\/v2\/horario?post=8141"}],"curies":[{"name":"wp","href":"https:\/\/api.w.org\/{rel}","templated":true}]}}

<figure class="wp-block-image size-full"><img fetchpriority="high" decoding="async" width="1920" height="1080" src="https://ficer.com.ar/2025/wp-content/uploads/2025/11/the-mastermind-2025-mastermind-movie-inc.webp" alt="" class="wp-image-8145" srcset="https://ficer.com.ar/2025/wp-content/uploads/2025/11/the-mastermind-2025-mastermind-movie-inc.webp 1920w, https://ficer.com.ar/2025/wp-content/uploads/2025/11/the-mastermind-2025-mastermind-movie-inc-300x169.webp 300w, https://ficer.com.ar/2025/wp-content/uploads/2025/11/the-mastermind-2025-mastermind-movie-inc-1024x576.webp 1024w, https://ficer.com.ar/2025/wp-content/uploads/2025/11/the-mastermind-2025-mastermind-movie-inc-768x432.webp 768w, https://ficer.com.ar/2025/wp-content/uploads/2025/11/the-mastermind-2025-mastermind-movie-inc-1536x864.webp 1536w" sizes="(max-width: 1920px) 100vw, 1920px" /></figure>



<div class="wp-block-columns is-layout-flex wp-container-core-columns-is-layout-28f84493 wp-block-columns-is-layout-flex">
<div class="wp-block-column is-layout-flow wp-block-column-is-layout-flow" style="flex-basis:33.33%">
<p style="font-style:normal;font-weight:200"><strong><mark style="background-color:#ffffff;color:#f78e26" class="has-inline-color">Dirección:</mark></strong><mark style="background-color:#ffffff" class="has-inline-color"> </mark>Kelly Reichardt<br><strong><mark style="background-color:#ffffff;color:#f78e26" class="has-inline-color">Año:</mark></strong><mark style="background-color:#ffffff" class="has-inline-color"> 2025<br></mark><strong><mark style="background-color:#ffffff;color:#f78e26" class="has-inline-color">Duración:</mark></strong><mark style="background-color:#ffffff" class="has-inline-color"><strong> </strong>111’<br></mark><strong><mark style="background-color:#ffffff;color:#f78e26" class="has-inline-color">País:</mark></strong><mark style="background-color:#ffffff" class="has-inline-color">  Estados Unidos</mark></p>



<p style="font-style:normal;font-weight:200"><strong><mark style="background-color:#ffffff;color:#f78e26" class="has-inline-color">Intérpretes:</mark></strong><mark style="background-color:#ffffff" class="has-inline-color"> </mark>Josh O&#8217;Connor, Alana Haim, Hope Davis, John Magaro, Gaby Hoffmann</p>



<p style="font-style:normal;font-weight:200"><strong><mark style="background-color:#ffffff;color:#f78e26" class="has-inline-color">Producción:</mark></strong><mark style="background-color:#ffffff" class="has-inline-color"> </mark>Filmscience, MUBI</p>
</div>



<div class="wp-block-column is-layout-flow wp-block-column-is-layout-flow" style="flex-basis:66.66%">
<h3 class="wp-block-heading has-large-font-size" style="font-style:normal;font-weight:100"><mark style="background-color:#ffffff;color:#f78e26" class="has-inline-color">Sinopsis</mark></h3>



<p style="font-style:normal;font-weight:200">En un tranquilo suburbio de Massachusetts, alrededor de 1970, J.B. Mooney, un padre de familia desempleado y ladrón de arte aficionado, se embarca en su primer robo. Con el museo vigilado y los cómplices reclutados, tiene un plan infalible. O eso cree él.</p>
</div>
</div>



<div style="height:49px" aria-hidden="true" class="wp-block-spacer"></div>



<div class="wp-block-columns is-layout-flex wp-container-core-columns-is-layout-28f84493 wp-block-columns-is-layout-flex">
<div class="wp-block-column is-layout-flow wp-block-column-is-layout-flow"></div>



<div class="wp-block-column is-layout-flow wp-block-column-is-layout-flow"></div>
</div>



<p></p>

<p>Cine Entrerriano<br />
EL MENSAJE (Iván Fund)<br />
20:30 – CPC 1P SALA MAYOR</p>
