{"id":8166,"date":"2025-11-14T17:05:06","date_gmt":"2025-11-14T20:05:06","guid":{"rendered":"https:\/\/ficer.com.ar\/2025\/?post_type=pelicula&#038;p=8166"},"modified":"2025-11-18T10:08:50","modified_gmt":"2025-11-18T13:08:50","slug":"dice-que","status":"publish","type":"pelicula","link":"https:\/\/ficer.com.ar\/2025\/pelicula\/dice-que\/","title":{"rendered":"DICE QUE&#8230;"},"content":{"rendered":"\n<figure class=\"wp-block-image size-full\"><img fetchpriority=\"high\" decoding=\"async\" width=\"1333\" height=\"874\" src=\"https:\/\/ficer.com.ar\/2025\/wp-content\/uploads\/2025\/11\/Dice-que-1.png\" alt=\"\" class=\"wp-image-8168\" srcset=\"https:\/\/ficer.com.ar\/2025\/wp-content\/uploads\/2025\/11\/Dice-que-1.png 1333w, https:\/\/ficer.com.ar\/2025\/wp-content\/uploads\/2025\/11\/Dice-que-1-300x197.png 300w, https:\/\/ficer.com.ar\/2025\/wp-content\/uploads\/2025\/11\/Dice-que-1-1024x671.png 1024w, https:\/\/ficer.com.ar\/2025\/wp-content\/uploads\/2025\/11\/Dice-que-1-768x504.png 768w\" sizes=\"(max-width: 1333px) 100vw, 1333px\" \/><\/figure>\n\n\n\n<div class=\"wp-block-columns is-layout-flex wp-container-core-columns-is-layout-28f84493 wp-block-columns-is-layout-flex\">\n<div class=\"wp-block-column is-layout-flow wp-block-column-is-layout-flow\" style=\"flex-basis:33.33%\">\n<p style=\"font-style:normal;font-weight:200\"><strong><mark style=\"background-color:#ffffff;color:#0f56aa\" class=\"has-inline-color\">Direcci\u00f3n:<\/mark><\/strong><mark style=\"background-color:#ffffff\" class=\"has-inline-color\"> <\/mark>Alejandro Fern\u00e1ndez Mouj\u00e1n<br><strong><mark style=\"background-color:#ffffff;color:#0f56aa\" class=\"has-inline-color\">A\u00f1o:<\/mark><\/strong><mark style=\"background-color:#ffffff\" class=\"has-inline-color\"> 2025<br><\/mark><strong><mark style=\"background-color:#ffffff;color:#0f56aa\" class=\"has-inline-color\">Duraci\u00f3n:<\/mark><\/strong><mark style=\"background-color:#ffffff\" class=\"has-inline-color\"> 68\u2019<br><\/mark><strong><mark style=\"background-color:#ffffff;color:#0f56aa\" class=\"has-inline-color\">Pa\u00eds:<\/mark><\/strong><mark style=\"background-color:#ffffff\" class=\"has-inline-color\"> Argentina<\/mark><\/p>\n\n\n\n<p style=\"font-style:normal;font-weight:200\"><strong><mark style=\"background-color:#ffffff;color:#0f56aa\" class=\"has-inline-color\">Int\u00e9rpretes:<\/mark><\/strong><mark style=\"background-color:#ffffff\" class=\"has-inline-color\"> <\/mark>Jos\u00e9 Luis Alvarenga y pobladores de Las Palmas y La Leonesa<\/p>\n\n\n\n<p style=\"font-style:normal;font-weight:200\"><strong><mark style=\"background-color:#ffffff;color:#0f56aa\" class=\"has-inline-color\">Producci\u00f3n:<\/mark><\/strong><mark style=\"background-color:#ffffff\" class=\"has-inline-color\"> <\/mark>Alejandro Fern\u00e1ndez Mouj\u00e1n, Dionisio Saavedra<\/p>\n<\/div>\n\n\n\n<div class=\"wp-block-column is-layout-flow wp-block-column-is-layout-flow\" style=\"flex-basis:66.66%\">\n<h3 class=\"wp-block-heading has-large-font-size\" style=\"font-style:normal;font-weight:100\"><mark style=\"background-color:#ffffff;color:#0f56aa\" class=\"has-inline-color\">Sinopsis<\/mark><\/h3>\n\n\n\n<p style=\"font-style:normal;font-weight:200\">La pel\u00edcula narra la historia de la muerte de Jos\u00e9 Luis Alvarenga, conocido como &#8220;Lorenzo Lamas&#8221;. El suceso se report\u00f3 en un diario provincial como un &#8220;singular duelo criollo&#8221; en un pueblo del Chaco en v\u00edsperas de Navidad. El hecho narrado comienza con una provocaci\u00f3n, una reacci\u00f3n y un enfrentamiento desigual que culmina con la muerte de Jos\u00e9 Luis. Un testigo del hecho dice la frase clave que da inicio al relato: &#8220;mataron a Lorenzo Lamas&#8221;. La pel\u00edcula se centra en dar vida a esta historia simple y poco conocida.<\/p>\n<\/div>\n<\/div>\n\n\n\n<div style=\"height:49px\" aria-hidden=\"true\" class=\"wp-block-spacer\"><\/div>\n\n\n\n<div class=\"wp-block-columns is-layout-flex wp-container-core-columns-is-layout-28f84493 wp-block-columns-is-layout-flex\">\n<div class=\"wp-block-column is-layout-flow wp-block-column-is-layout-flow\"><\/div>\n\n\n\n<div class=\"wp-block-column is-layout-flow wp-block-column-is-layout-flow\"><\/div>\n<\/div>\n\n\n\n<p><\/p>\n","protected":false},"excerpt":{"rendered":"<p>Cine Entrerriano<br \/>\nEL MENSAJE (Iv\u00e1n Fund)<br \/>\n20:30 \u2013 CPC 1P SALA MAYOR<\/p>\n","protected":false},"featured_media":8167,"template":"","meta":[],"categoria":[266],"programacion":[269],"director":[315],"agenda":[],"lugar":[278],"horario":[289],"class_list":["post-8166","pelicula","type-pelicula","status-publish","has-post-thumbnail","hentry","categoria-seccion-oficial","programacion-jueves-27-de-noviembre","director-alejandro-fernandez-moujan","lugar-sala-veronica-kuttel-vieja-usina","horario-289"],"_links":{"self":[{"href":"https:\/\/ficer.com.ar\/2025\/wp-json\/wp\/v2\/pelicula\/8166","targetHints":{"allow":["GET"]}}],"collection":[{"href":"https:\/\/ficer.com.ar\/2025\/wp-json\/wp\/v2\/pelicula"}],"about":[{"href":"https:\/\/ficer.com.ar\/2025\/wp-json\/wp\/v2\/types\/pelicula"}],"wp:featuredmedia":[{"embeddable":true,"href":"https:\/\/ficer.com.ar\/2025\/wp-json\/wp\/v2\/media\/8167"}],"wp:attachment":[{"href":"https:\/\/ficer.com.ar\/2025\/wp-json\/wp\/v2\/media?parent=8166"}],"wp:term":[{"taxonomy":"categoria","embeddable":true,"href":"https:\/\/ficer.com.ar\/2025\/wp-json\/wp\/v2\/categoria?post=8166"},{"taxonomy":"programacion","embeddable":true,"href":"https:\/\/ficer.com.ar\/2025\/wp-json\/wp\/v2\/programacion?post=8166"},{"taxonomy":"director","embeddable":true,"href":"https:\/\/ficer.com.ar\/2025\/wp-json\/wp\/v2\/director?post=8166"},{"taxonomy":"agenda","embeddable":true,"href":"https:\/\/ficer.com.ar\/2025\/wp-json\/wp\/v2\/agenda?post=8166"},{"taxonomy":"lugar","embeddable":true,"href":"https:\/\/ficer.com.ar\/2025\/wp-json\/wp\/v2\/lugar?post=8166"},{"taxonomy":"horario","embeddable":true,"href":"https:\/\/ficer.com.ar\/2025\/wp-json\/wp\/v2\/horario?post=8166"}],"curies":[{"name":"wp","href":"https:\/\/api.w.org\/{rel}","templated":true}]}}

<figure class="wp-block-image size-full"><img fetchpriority="high" decoding="async" width="1333" height="874" src="https://ficer.com.ar/2025/wp-content/uploads/2025/11/Dice-que-1.png" alt="" class="wp-image-8168" srcset="https://ficer.com.ar/2025/wp-content/uploads/2025/11/Dice-que-1.png 1333w, https://ficer.com.ar/2025/wp-content/uploads/2025/11/Dice-que-1-300x197.png 300w, https://ficer.com.ar/2025/wp-content/uploads/2025/11/Dice-que-1-1024x671.png 1024w, https://ficer.com.ar/2025/wp-content/uploads/2025/11/Dice-que-1-768x504.png 768w" sizes="(max-width: 1333px) 100vw, 1333px" /></figure>



<div class="wp-block-columns is-layout-flex wp-container-core-columns-is-layout-28f84493 wp-block-columns-is-layout-flex">
<div class="wp-block-column is-layout-flow wp-block-column-is-layout-flow" style="flex-basis:33.33%">
<p style="font-style:normal;font-weight:200"><strong><mark style="background-color:#ffffff;color:#0f56aa" class="has-inline-color">Dirección:</mark></strong><mark style="background-color:#ffffff" class="has-inline-color"> </mark>Alejandro Fernández Mouján<br><strong><mark style="background-color:#ffffff;color:#0f56aa" class="has-inline-color">Año:</mark></strong><mark style="background-color:#ffffff" class="has-inline-color"> 2025<br></mark><strong><mark style="background-color:#ffffff;color:#0f56aa" class="has-inline-color">Duración:</mark></strong><mark style="background-color:#ffffff" class="has-inline-color"> 68’<br></mark><strong><mark style="background-color:#ffffff;color:#0f56aa" class="has-inline-color">País:</mark></strong><mark style="background-color:#ffffff" class="has-inline-color"> Argentina</mark></p>



<p style="font-style:normal;font-weight:200"><strong><mark style="background-color:#ffffff;color:#0f56aa" class="has-inline-color">Intérpretes:</mark></strong><mark style="background-color:#ffffff" class="has-inline-color"> </mark>José Luis Alvarenga y pobladores de Las Palmas y La Leonesa</p>



<p style="font-style:normal;font-weight:200"><strong><mark style="background-color:#ffffff;color:#0f56aa" class="has-inline-color">Producción:</mark></strong><mark style="background-color:#ffffff" class="has-inline-color"> </mark>Alejandro Fernández Mouján, Dionisio Saavedra</p>
</div>



<div class="wp-block-column is-layout-flow wp-block-column-is-layout-flow" style="flex-basis:66.66%">
<h3 class="wp-block-heading has-large-font-size" style="font-style:normal;font-weight:100"><mark style="background-color:#ffffff;color:#0f56aa" class="has-inline-color">Sinopsis</mark></h3>



<p style="font-style:normal;font-weight:200">La película narra la historia de la muerte de José Luis Alvarenga, conocido como &#8220;Lorenzo Lamas&#8221;. El suceso se reportó en un diario provincial como un &#8220;singular duelo criollo&#8221; en un pueblo del Chaco en vísperas de Navidad. El hecho narrado comienza con una provocación, una reacción y un enfrentamiento desigual que culmina con la muerte de José Luis. Un testigo del hecho dice la frase clave que da inicio al relato: &#8220;mataron a Lorenzo Lamas&#8221;. La película se centra en dar vida a esta historia simple y poco conocida.</p>
</div>
</div>



<div style="height:49px" aria-hidden="true" class="wp-block-spacer"></div>



<div class="wp-block-columns is-layout-flex wp-container-core-columns-is-layout-28f84493 wp-block-columns-is-layout-flex">
<div class="wp-block-column is-layout-flow wp-block-column-is-layout-flow"></div>



<div class="wp-block-column is-layout-flow wp-block-column-is-layout-flow"></div>
</div>



<p></p>

<p>Cine Entrerriano<br />
EL MENSAJE (Iván Fund)<br />
20:30 – CPC 1P SALA MAYOR</p>
