{"id":8175,"date":"2025-11-14T17:52:29","date_gmt":"2025-11-14T20:52:29","guid":{"rendered":"https:\/\/ficer.com.ar\/2025\/?post_type=pelicula&#038;p=8175"},"modified":"2025-11-18T10:07:47","modified_gmt":"2025-11-18T13:07:47","slug":"contrapunto-con-el-diablo","status":"publish","type":"pelicula","link":"https:\/\/ficer.com.ar\/2025\/pelicula\/contrapunto-con-el-diablo\/","title":{"rendered":"CONTRAPUNTO CON EL DIABLO"},"content":{"rendered":"\n<figure class=\"wp-block-image size-full\"><img fetchpriority=\"high\" decoding=\"async\" width=\"1599\" height=\"899\" src=\"https:\/\/ficer.com.ar\/2025\/wp-content\/uploads\/2025\/11\/FB_IMG_1759427320909.jpg\" alt=\"\" class=\"wp-image-8176\" srcset=\"https:\/\/ficer.com.ar\/2025\/wp-content\/uploads\/2025\/11\/FB_IMG_1759427320909.jpg 1599w, https:\/\/ficer.com.ar\/2025\/wp-content\/uploads\/2025\/11\/FB_IMG_1759427320909-300x169.jpg 300w, https:\/\/ficer.com.ar\/2025\/wp-content\/uploads\/2025\/11\/FB_IMG_1759427320909-1024x576.jpg 1024w, https:\/\/ficer.com.ar\/2025\/wp-content\/uploads\/2025\/11\/FB_IMG_1759427320909-768x432.jpg 768w, https:\/\/ficer.com.ar\/2025\/wp-content\/uploads\/2025\/11\/FB_IMG_1759427320909-1536x864.jpg 1536w\" sizes=\"(max-width: 1599px) 100vw, 1599px\" \/><\/figure>\n\n\n\n<div class=\"wp-block-columns is-layout-flex wp-container-core-columns-is-layout-28f84493 wp-block-columns-is-layout-flex\">\n<div class=\"wp-block-column is-layout-flow wp-block-column-is-layout-flow\" style=\"flex-basis:33.33%\">\n<p style=\"font-style:normal;font-weight:200\"><strong><mark style=\"background-color:#ffffff;color:#e7c900\" class=\"has-inline-color\">Direcci\u00f3n:<\/mark><\/strong><mark style=\"background-color:#ffffff\" class=\"has-inline-color\"> <\/mark>Diana Soto<br><strong><mark style=\"background-color:#ffffff;color:#e7c900\" class=\"has-inline-color\">A\u00f1o:<\/mark><\/strong><mark style=\"background-color:#ffffff\" class=\"has-inline-color\"> 2025<br><\/mark><strong><mark style=\"background-color:#ffffff;color:#e7c900\" class=\"has-inline-color\">Duraci\u00f3n:<\/mark><\/strong><mark style=\"background-color:#ffffff\" class=\"has-inline-color\"> 7\u2019<br><\/mark><strong><mark style=\"background-color:#ffffff;color:#e7c900\" class=\"has-inline-color\">Pa\u00eds:<\/mark><\/strong><mark style=\"background-color:#ffffff\" class=\"has-inline-color\"> Argentina<\/mark><\/p>\n\n\n\n<p style=\"font-style:normal;font-weight:200\"><strong><mark style=\"background-color:#ffffff;color:#e7c900\" class=\"has-inline-color\">Int\u00e9rpretes:<\/mark><\/strong><mark style=\"background-color:#ffffff\" class=\"has-inline-color\"> <\/mark>Leonela Maria de La Paz Ferreyra- Nicol\u00e1s P\u00e9rez- Marcos Gar\u00edn<\/p>\n\n\n\n<p style=\"font-style:normal;font-weight:200\"><strong><mark style=\"background-color:#ffffff;color:#e7c900\" class=\"has-inline-color\">Producci\u00f3n:<\/mark><\/strong><mark style=\"background-color:#ffffff\" class=\"has-inline-color\"> <\/mark>Diana Anahi Soto<\/p>\n<\/div>\n\n\n\n<div class=\"wp-block-column is-layout-flow wp-block-column-is-layout-flow\" style=\"flex-basis:66.66%\">\n<h3 class=\"wp-block-heading has-large-font-size\" style=\"font-style:normal;font-weight:100\"><mark style=\"background-color:#ffffff;color:#e7c900\" class=\"has-inline-color\">Sinopsis<\/mark><\/h3>\n\n\n\n<p style=\"font-style:normal;font-weight:200\">Contrapunto con el Diablo es una historia ambientada en las islas del Paran\u00e1, que transmite una vivencia fant\u00e1stica de amor. Pepe Olga, el Tape, al quedarse dormido en un sendero de vacas en el&nbsp; carrizal, se traba en una discusi\u00f3n con el Diablo, due\u00f1o de esos senderos. Una historia que muestra c\u00f3mo el ingenio y la creatividad pueden vencer hasta al mismo Diablo.<\/p>\n<\/div>\n<\/div>\n\n\n\n<div style=\"height:49px\" aria-hidden=\"true\" class=\"wp-block-spacer\"><\/div>\n\n\n\n<div class=\"wp-block-columns is-layout-flex wp-container-core-columns-is-layout-28f84493 wp-block-columns-is-layout-flex\">\n<div class=\"wp-block-column is-layout-flow wp-block-column-is-layout-flow\"><\/div>\n\n\n\n<div class=\"wp-block-column is-layout-flow wp-block-column-is-layout-flow\"><\/div>\n<\/div>\n\n\n\n<p><\/p>\n","protected":false},"excerpt":{"rendered":"<p>Cine Entrerriano<br \/>\nEL MENSAJE (Iv\u00e1n Fund)<br \/>\n20:30 \u2013 CPC 1P SALA MAYOR<\/p>\n","protected":false},"featured_media":8176,"template":"","meta":[],"categoria":[263],"programacion":[269],"director":[319],"agenda":[],"lugar":[278],"horario":[277],"class_list":["post-8175","pelicula","type-pelicula","status-publish","has-post-thumbnail","hentry","categoria-cortos-entrerrianos","programacion-jueves-27-de-noviembre","director-diana-anahi-soto","lugar-sala-veronica-kuttel-vieja-usina","horario-277"],"_links":{"self":[{"href":"https:\/\/ficer.com.ar\/2025\/wp-json\/wp\/v2\/pelicula\/8175","targetHints":{"allow":["GET"]}}],"collection":[{"href":"https:\/\/ficer.com.ar\/2025\/wp-json\/wp\/v2\/pelicula"}],"about":[{"href":"https:\/\/ficer.com.ar\/2025\/wp-json\/wp\/v2\/types\/pelicula"}],"wp:featuredmedia":[{"embeddable":true,"href":"https:\/\/ficer.com.ar\/2025\/wp-json\/wp\/v2\/media\/8176"}],"wp:attachment":[{"href":"https:\/\/ficer.com.ar\/2025\/wp-json\/wp\/v2\/media?parent=8175"}],"wp:term":[{"taxonomy":"categoria","embeddable":true,"href":"https:\/\/ficer.com.ar\/2025\/wp-json\/wp\/v2\/categoria?post=8175"},{"taxonomy":"programacion","embeddable":true,"href":"https:\/\/ficer.com.ar\/2025\/wp-json\/wp\/v2\/programacion?post=8175"},{"taxonomy":"director","embeddable":true,"href":"https:\/\/ficer.com.ar\/2025\/wp-json\/wp\/v2\/director?post=8175"},{"taxonomy":"agenda","embeddable":true,"href":"https:\/\/ficer.com.ar\/2025\/wp-json\/wp\/v2\/agenda?post=8175"},{"taxonomy":"lugar","embeddable":true,"href":"https:\/\/ficer.com.ar\/2025\/wp-json\/wp\/v2\/lugar?post=8175"},{"taxonomy":"horario","embeddable":true,"href":"https:\/\/ficer.com.ar\/2025\/wp-json\/wp\/v2\/horario?post=8175"}],"curies":[{"name":"wp","href":"https:\/\/api.w.org\/{rel}","templated":true}]}}

<figure class="wp-block-image size-full"><img fetchpriority="high" decoding="async" width="1599" height="899" src="https://ficer.com.ar/2025/wp-content/uploads/2025/11/FB_IMG_1759427320909.jpg" alt="" class="wp-image-8176" srcset="https://ficer.com.ar/2025/wp-content/uploads/2025/11/FB_IMG_1759427320909.jpg 1599w, https://ficer.com.ar/2025/wp-content/uploads/2025/11/FB_IMG_1759427320909-300x169.jpg 300w, https://ficer.com.ar/2025/wp-content/uploads/2025/11/FB_IMG_1759427320909-1024x576.jpg 1024w, https://ficer.com.ar/2025/wp-content/uploads/2025/11/FB_IMG_1759427320909-768x432.jpg 768w, https://ficer.com.ar/2025/wp-content/uploads/2025/11/FB_IMG_1759427320909-1536x864.jpg 1536w" sizes="(max-width: 1599px) 100vw, 1599px" /></figure>



<div class="wp-block-columns is-layout-flex wp-container-core-columns-is-layout-28f84493 wp-block-columns-is-layout-flex">
<div class="wp-block-column is-layout-flow wp-block-column-is-layout-flow" style="flex-basis:33.33%">
<p style="font-style:normal;font-weight:200"><strong><mark style="background-color:#ffffff;color:#e7c900" class="has-inline-color">Dirección:</mark></strong><mark style="background-color:#ffffff" class="has-inline-color"> </mark>Diana Soto<br><strong><mark style="background-color:#ffffff;color:#e7c900" class="has-inline-color">Año:</mark></strong><mark style="background-color:#ffffff" class="has-inline-color"> 2025<br></mark><strong><mark style="background-color:#ffffff;color:#e7c900" class="has-inline-color">Duración:</mark></strong><mark style="background-color:#ffffff" class="has-inline-color"> 7’<br></mark><strong><mark style="background-color:#ffffff;color:#e7c900" class="has-inline-color">País:</mark></strong><mark style="background-color:#ffffff" class="has-inline-color"> Argentina</mark></p>



<p style="font-style:normal;font-weight:200"><strong><mark style="background-color:#ffffff;color:#e7c900" class="has-inline-color">Intérpretes:</mark></strong><mark style="background-color:#ffffff" class="has-inline-color"> </mark>Leonela Maria de La Paz Ferreyra- Nicolás Pérez- Marcos Garín</p>



<p style="font-style:normal;font-weight:200"><strong><mark style="background-color:#ffffff;color:#e7c900" class="has-inline-color">Producción:</mark></strong><mark style="background-color:#ffffff" class="has-inline-color"> </mark>Diana Anahi Soto</p>
</div>



<div class="wp-block-column is-layout-flow wp-block-column-is-layout-flow" style="flex-basis:66.66%">
<h3 class="wp-block-heading has-large-font-size" style="font-style:normal;font-weight:100"><mark style="background-color:#ffffff;color:#e7c900" class="has-inline-color">Sinopsis</mark></h3>



<p style="font-style:normal;font-weight:200">Contrapunto con el Diablo es una historia ambientada en las islas del Paraná, que transmite una vivencia fantástica de amor. Pepe Olga, el Tape, al quedarse dormido en un sendero de vacas en el&nbsp; carrizal, se traba en una discusión con el Diablo, dueño de esos senderos. Una historia que muestra cómo el ingenio y la creatividad pueden vencer hasta al mismo Diablo.</p>
</div>
</div>



<div style="height:49px" aria-hidden="true" class="wp-block-spacer"></div>



<div class="wp-block-columns is-layout-flex wp-container-core-columns-is-layout-28f84493 wp-block-columns-is-layout-flex">
<div class="wp-block-column is-layout-flow wp-block-column-is-layout-flow"></div>



<div class="wp-block-column is-layout-flow wp-block-column-is-layout-flow"></div>
</div>



<p></p>

<p>Cine Entrerriano<br />
EL MENSAJE (Iván Fund)<br />
20:30 – CPC 1P SALA MAYOR</p>
