{"id":8177,"date":"2025-11-14T17:58:03","date_gmt":"2025-11-14T20:58:03","guid":{"rendered":"https:\/\/ficer.com.ar\/2025\/?post_type=pelicula&#038;p=8177"},"modified":"2025-11-18T10:07:30","modified_gmt":"2025-11-18T13:07:30","slug":"el-susurro","status":"publish","type":"pelicula","link":"https:\/\/ficer.com.ar\/2025\/pelicula\/el-susurro\/","title":{"rendered":"EL SUSURRO"},"content":{"rendered":"\n<figure class=\"wp-block-image size-full is-resized\"><img fetchpriority=\"high\" decoding=\"async\" width=\"736\" height=\"391\" src=\"https:\/\/ficer.com.ar\/2025\/wp-content\/uploads\/2025\/11\/el-susurro-hernandez.jpg\" alt=\"\" class=\"wp-image-8178\" style=\"width:800px;height:auto\" srcset=\"https:\/\/ficer.com.ar\/2025\/wp-content\/uploads\/2025\/11\/el-susurro-hernandez.jpg 736w, https:\/\/ficer.com.ar\/2025\/wp-content\/uploads\/2025\/11\/el-susurro-hernandez-300x159.jpg 300w\" sizes=\"(max-width: 736px) 100vw, 736px\" \/><\/figure>\n\n\n\n<div class=\"wp-block-columns is-layout-flex wp-container-core-columns-is-layout-28f84493 wp-block-columns-is-layout-flex\">\n<div class=\"wp-block-column is-layout-flow wp-block-column-is-layout-flow\" style=\"flex-basis:33.33%\">\n<p style=\"font-style:normal;font-weight:200\"><strong><mark style=\"background-color:#ffffff;color:#f78e26\" class=\"has-inline-color\">Direcci\u00f3n:<\/mark><\/strong><mark style=\"background-color:#ffffff\" class=\"has-inline-color\"> <\/mark>Gustavo Hern\u00e1ndez Ib\u00e1\u00f1ez<br><strong><mark style=\"background-color:#ffffff;color:#f78e26\" class=\"has-inline-color\">A\u00f1o:<\/mark><\/strong><mark style=\"background-color:#ffffff\" class=\"has-inline-color\"> 2025<br><\/mark><strong><mark style=\"background-color:#ffffff;color:#f78e26\" class=\"has-inline-color\">Duraci\u00f3n:<\/mark><\/strong><mark style=\"background-color:#ffffff\" class=\"has-inline-color\"> 89\u2019<br><\/mark><strong><mark style=\"background-color:#ffffff;color:#f78e26\" class=\"has-inline-color\">Pa\u00eds:<\/mark><\/strong><mark style=\"background-color:#ffffff\" class=\"has-inline-color\"> Uruguay &#8211; Argentina<\/mark><\/p>\n\n\n\n<p style=\"font-style:normal;font-weight:200\"><strong><mark style=\"background-color:#ffffff;color:#f78e26\" class=\"has-inline-color\">Int\u00e9rpretes:<\/mark><\/strong><mark style=\"background-color:#ffffff\" class=\"has-inline-color\"> <\/mark>Ana Clara Guanco, Marcelo Michinaux, Luciano C\u00e1ceres<\/p>\n\n\n\n<p style=\"font-style:normal;font-weight:200\"><strong><mark style=\"background-color:#ffffff;color:#f78e26\" class=\"has-inline-color\">Producci\u00f3n:<\/mark><\/strong><mark style=\"background-color:#ffffff\" class=\"has-inline-color\"> <\/mark>Roxana Ramos, Fernando D\u00edaz, Ignacio Garc\u00eda Cucucovich, Patricio Rabuffetti, Gast\u00f3n Gualco, Marina Sconocchini.<\/p>\n<\/div>\n\n\n\n<div class=\"wp-block-column is-layout-flow wp-block-column-is-layout-flow\" style=\"flex-basis:66.66%\">\n<h3 class=\"wp-block-heading has-large-font-size\" style=\"font-style:normal;font-weight:100\"><mark style=\"background-color:#ffffff;color:#f78e26\" class=\"has-inline-color\">Sinopsis<\/mark><\/h3>\n\n\n\n<p style=\"font-style:normal;font-weight:200\">Huyendo de su violento padre, Luc\u00eda y Adri\u00e1n se refugian en una mansi\u00f3n remota. Con la ayuda de una microc\u00e1mara oculta en un gato, Luc\u00eda descubre un secreto aterrador: sus vecinos forman parte de una red criminal que secuestra a adolescentes para hacer pel\u00edculas <em>snuff<\/em>, y pretenden deshacerse de los hermanos. Mientras Luc\u00eda lucha por proteger a Adri\u00e1n, debe enfrentarse a una oscura maldici\u00f3n familiar que los persigue hasta su nuevo refugio.<\/p>\n<\/div>\n<\/div>\n\n\n\n<div style=\"height:49px\" aria-hidden=\"true\" class=\"wp-block-spacer\"><\/div>\n\n\n\n<div class=\"wp-block-columns is-layout-flex wp-container-core-columns-is-layout-28f84493 wp-block-columns-is-layout-flex\">\n<div class=\"wp-block-column is-layout-flow wp-block-column-is-layout-flow\"><\/div>\n\n\n\n<div class=\"wp-block-column is-layout-flow wp-block-column-is-layout-flow\"><\/div>\n<\/div>\n\n\n\n<p><\/p>\n","protected":false},"excerpt":{"rendered":"<p>Cine Entrerriano<br \/>\nEL MENSAJE (Iv\u00e1n Fund)<br \/>\n20:30 \u2013 CPC 1P SALA MAYOR<\/p>\n","protected":false},"featured_media":8178,"template":"","meta":[],"categoria":[263],"programacion":[269],"director":[320],"agenda":[],"lugar":[274],"horario":[277],"class_list":["post-8177","pelicula","type-pelicula","status-publish","has-post-thumbnail","hentry","categoria-cortos-entrerrianos","programacion-jueves-27-de-noviembre","director-gustavo-hernandez-ibanez","lugar-cpc-1p-sala-mayor","horario-277"],"_links":{"self":[{"href":"https:\/\/ficer.com.ar\/2025\/wp-json\/wp\/v2\/pelicula\/8177","targetHints":{"allow":["GET"]}}],"collection":[{"href":"https:\/\/ficer.com.ar\/2025\/wp-json\/wp\/v2\/pelicula"}],"about":[{"href":"https:\/\/ficer.com.ar\/2025\/wp-json\/wp\/v2\/types\/pelicula"}],"wp:featuredmedia":[{"embeddable":true,"href":"https:\/\/ficer.com.ar\/2025\/wp-json\/wp\/v2\/media\/8178"}],"wp:attachment":[{"href":"https:\/\/ficer.com.ar\/2025\/wp-json\/wp\/v2\/media?parent=8177"}],"wp:term":[{"taxonomy":"categoria","embeddable":true,"href":"https:\/\/ficer.com.ar\/2025\/wp-json\/wp\/v2\/categoria?post=8177"},{"taxonomy":"programacion","embeddable":true,"href":"https:\/\/ficer.com.ar\/2025\/wp-json\/wp\/v2\/programacion?post=8177"},{"taxonomy":"director","embeddable":true,"href":"https:\/\/ficer.com.ar\/2025\/wp-json\/wp\/v2\/director?post=8177"},{"taxonomy":"agenda","embeddable":true,"href":"https:\/\/ficer.com.ar\/2025\/wp-json\/wp\/v2\/agenda?post=8177"},{"taxonomy":"lugar","embeddable":true,"href":"https:\/\/ficer.com.ar\/2025\/wp-json\/wp\/v2\/lugar?post=8177"},{"taxonomy":"horario","embeddable":true,"href":"https:\/\/ficer.com.ar\/2025\/wp-json\/wp\/v2\/horario?post=8177"}],"curies":[{"name":"wp","href":"https:\/\/api.w.org\/{rel}","templated":true}]}}

<figure class="wp-block-image size-full is-resized"><img fetchpriority="high" decoding="async" width="736" height="391" src="https://ficer.com.ar/2025/wp-content/uploads/2025/11/el-susurro-hernandez.jpg" alt="" class="wp-image-8178" style="width:800px;height:auto" srcset="https://ficer.com.ar/2025/wp-content/uploads/2025/11/el-susurro-hernandez.jpg 736w, https://ficer.com.ar/2025/wp-content/uploads/2025/11/el-susurro-hernandez-300x159.jpg 300w" sizes="(max-width: 736px) 100vw, 736px" /></figure>



<div class="wp-block-columns is-layout-flex wp-container-core-columns-is-layout-28f84493 wp-block-columns-is-layout-flex">
<div class="wp-block-column is-layout-flow wp-block-column-is-layout-flow" style="flex-basis:33.33%">
<p style="font-style:normal;font-weight:200"><strong><mark style="background-color:#ffffff;color:#f78e26" class="has-inline-color">Dirección:</mark></strong><mark style="background-color:#ffffff" class="has-inline-color"> </mark>Gustavo Hernández Ibáñez<br><strong><mark style="background-color:#ffffff;color:#f78e26" class="has-inline-color">Año:</mark></strong><mark style="background-color:#ffffff" class="has-inline-color"> 2025<br></mark><strong><mark style="background-color:#ffffff;color:#f78e26" class="has-inline-color">Duración:</mark></strong><mark style="background-color:#ffffff" class="has-inline-color"> 89’<br></mark><strong><mark style="background-color:#ffffff;color:#f78e26" class="has-inline-color">País:</mark></strong><mark style="background-color:#ffffff" class="has-inline-color"> Uruguay &#8211; Argentina</mark></p>



<p style="font-style:normal;font-weight:200"><strong><mark style="background-color:#ffffff;color:#f78e26" class="has-inline-color">Intérpretes:</mark></strong><mark style="background-color:#ffffff" class="has-inline-color"> </mark>Ana Clara Guanco, Marcelo Michinaux, Luciano Cáceres</p>



<p style="font-style:normal;font-weight:200"><strong><mark style="background-color:#ffffff;color:#f78e26" class="has-inline-color">Producción:</mark></strong><mark style="background-color:#ffffff" class="has-inline-color"> </mark>Roxana Ramos, Fernando Díaz, Ignacio García Cucucovich, Patricio Rabuffetti, Gastón Gualco, Marina Sconocchini.</p>
</div>



<div class="wp-block-column is-layout-flow wp-block-column-is-layout-flow" style="flex-basis:66.66%">
<h3 class="wp-block-heading has-large-font-size" style="font-style:normal;font-weight:100"><mark style="background-color:#ffffff;color:#f78e26" class="has-inline-color">Sinopsis</mark></h3>



<p style="font-style:normal;font-weight:200">Huyendo de su violento padre, Lucía y Adrián se refugian en una mansión remota. Con la ayuda de una microcámara oculta en un gato, Lucía descubre un secreto aterrador: sus vecinos forman parte de una red criminal que secuestra a adolescentes para hacer películas <em>snuff</em>, y pretenden deshacerse de los hermanos. Mientras Lucía lucha por proteger a Adrián, debe enfrentarse a una oscura maldición familiar que los persigue hasta su nuevo refugio.</p>
</div>
</div>



<div style="height:49px" aria-hidden="true" class="wp-block-spacer"></div>



<div class="wp-block-columns is-layout-flex wp-container-core-columns-is-layout-28f84493 wp-block-columns-is-layout-flex">
<div class="wp-block-column is-layout-flow wp-block-column-is-layout-flow"></div>



<div class="wp-block-column is-layout-flow wp-block-column-is-layout-flow"></div>
</div>



<p></p>

<p>Cine Entrerriano<br />
EL MENSAJE (Iván Fund)<br />
20:30 – CPC 1P SALA MAYOR</p>
