{"id":8179,"date":"2025-11-14T18:05:36","date_gmt":"2025-11-14T21:05:36","guid":{"rendered":"https:\/\/ficer.com.ar\/2025\/?post_type=pelicula&#038;p=8179"},"modified":"2025-11-18T10:07:09","modified_gmt":"2025-11-18T13:07:09","slug":"usuario-desconocido","status":"publish","type":"pelicula","link":"https:\/\/ficer.com.ar\/2025\/pelicula\/usuario-desconocido\/","title":{"rendered":"USUARIO DESCONOCIDO"},"content":{"rendered":"\n<figure class=\"wp-block-image size-full\"><img fetchpriority=\"high\" decoding=\"async\" width=\"1280\" height=\"720\" src=\"https:\/\/ficer.com.ar\/2025\/wp-content\/uploads\/2025\/11\/C0002T01-1.jpg\" alt=\"\" class=\"wp-image-8180\" srcset=\"https:\/\/ficer.com.ar\/2025\/wp-content\/uploads\/2025\/11\/C0002T01-1.jpg 1280w, https:\/\/ficer.com.ar\/2025\/wp-content\/uploads\/2025\/11\/C0002T01-1-300x169.jpg 300w, https:\/\/ficer.com.ar\/2025\/wp-content\/uploads\/2025\/11\/C0002T01-1-1024x576.jpg 1024w, https:\/\/ficer.com.ar\/2025\/wp-content\/uploads\/2025\/11\/C0002T01-1-768x432.jpg 768w\" sizes=\"(max-width: 1280px) 100vw, 1280px\" \/><\/figure>\n\n\n\n<div class=\"wp-block-columns is-layout-flex wp-container-core-columns-is-layout-28f84493 wp-block-columns-is-layout-flex\">\n<div class=\"wp-block-column is-layout-flow wp-block-column-is-layout-flow\" style=\"flex-basis:33.33%\">\n<p style=\"font-style:normal;font-weight:200\"><strong><mark style=\"background-color:#ffffff;color:#e7c900\" class=\"has-inline-color\">Direcci\u00f3n:<\/mark><\/strong><mark style=\"background-color:#ffffff\" class=\"has-inline-color\"> <\/mark>Leandro G\u00f3mez<br><strong><mark style=\"background-color:#ffffff;color:#e7c900\" class=\"has-inline-color\">A\u00f1o:<\/mark><\/strong><mark style=\"background-color:#ffffff\" class=\"has-inline-color\"> 2025<br><\/mark><strong><mark style=\"background-color:#ffffff;color:#e7c900\" class=\"has-inline-color\">Duraci\u00f3n:<\/mark><\/strong><mark style=\"background-color:#ffffff\" class=\"has-inline-color\"> 3\u2019<br><\/mark><strong><mark style=\"background-color:#ffffff;color:#e7c900\" class=\"has-inline-color\">Pa\u00eds:<\/mark><\/strong><mark style=\"background-color:#ffffff\" class=\"has-inline-color\"> Argentina<\/mark><\/p>\n\n\n\n<p style=\"font-style:normal;font-weight:200\"><strong><mark style=\"background-color:#ffffff;color:#e7c900\" class=\"has-inline-color\">Int\u00e9rpretes:<\/mark><\/strong><mark style=\"background-color:#ffffff\" class=\"has-inline-color\"> <\/mark>Federica Alvarez, Sofia Luz Re Galante<\/p>\n\n\n\n<p style=\"font-style:normal;font-weight:200\"><strong><mark style=\"background-color:#ffffff;color:#e7c900\" class=\"has-inline-color\">Producci\u00f3n:<\/mark><\/strong><mark style=\"background-color:#ffffff\" class=\"has-inline-color\"> <\/mark>Victoria Robledo<\/p>\n<\/div>\n\n\n\n<div class=\"wp-block-column is-layout-flow wp-block-column-is-layout-flow\" style=\"flex-basis:66.66%\">\n<h3 class=\"wp-block-heading has-large-font-size\" style=\"font-style:normal;font-weight:100\"><mark style=\"background-color:#ffffff;color:#e7c900\" class=\"has-inline-color\">Sinopsis<\/mark><\/h3>\n\n\n\n<p style=\"font-style:normal;font-weight:200\">Camila acaba de mudarse y decide retomar su rutina de ejercicios. Como todos los d\u00edas, utiliza una aplicaci\u00f3n de inteligencia artificial. Sin embargo, lo que inicia como una rutina cotidiana empieza a tornarse extra\u00f1o. Entre cajas a\u00fan sin desempacar y el eco de la soledad, la tecnolog\u00eda abre una grieta hacia lo desconocido.<\/p>\n<\/div>\n<\/div>\n\n\n\n<div style=\"height:49px\" aria-hidden=\"true\" class=\"wp-block-spacer\"><\/div>\n\n\n\n<div class=\"wp-block-columns is-layout-flex wp-container-core-columns-is-layout-28f84493 wp-block-columns-is-layout-flex\">\n<div class=\"wp-block-column is-layout-flow wp-block-column-is-layout-flow\"><\/div>\n\n\n\n<div class=\"wp-block-column is-layout-flow wp-block-column-is-layout-flow\"><\/div>\n<\/div>\n\n\n\n<p><\/p>\n","protected":false},"excerpt":{"rendered":"<p>Cine Entrerriano<br \/>\nEL MENSAJE (Iv\u00e1n Fund)<br \/>\n20:30 \u2013 CPC 1P SALA MAYOR<\/p>\n","protected":false},"featured_media":8180,"template":"","meta":[],"categoria":[263],"programacion":[269],"director":[322],"agenda":[],"lugar":[274],"horario":[277],"class_list":["post-8179","pelicula","type-pelicula","status-publish","has-post-thumbnail","hentry","categoria-cortos-entrerrianos","programacion-jueves-27-de-noviembre","director-leandro-gomez","lugar-cpc-1p-sala-mayor","horario-277"],"_links":{"self":[{"href":"https:\/\/ficer.com.ar\/2025\/wp-json\/wp\/v2\/pelicula\/8179","targetHints":{"allow":["GET"]}}],"collection":[{"href":"https:\/\/ficer.com.ar\/2025\/wp-json\/wp\/v2\/pelicula"}],"about":[{"href":"https:\/\/ficer.com.ar\/2025\/wp-json\/wp\/v2\/types\/pelicula"}],"wp:featuredmedia":[{"embeddable":true,"href":"https:\/\/ficer.com.ar\/2025\/wp-json\/wp\/v2\/media\/8180"}],"wp:attachment":[{"href":"https:\/\/ficer.com.ar\/2025\/wp-json\/wp\/v2\/media?parent=8179"}],"wp:term":[{"taxonomy":"categoria","embeddable":true,"href":"https:\/\/ficer.com.ar\/2025\/wp-json\/wp\/v2\/categoria?post=8179"},{"taxonomy":"programacion","embeddable":true,"href":"https:\/\/ficer.com.ar\/2025\/wp-json\/wp\/v2\/programacion?post=8179"},{"taxonomy":"director","embeddable":true,"href":"https:\/\/ficer.com.ar\/2025\/wp-json\/wp\/v2\/director?post=8179"},{"taxonomy":"agenda","embeddable":true,"href":"https:\/\/ficer.com.ar\/2025\/wp-json\/wp\/v2\/agenda?post=8179"},{"taxonomy":"lugar","embeddable":true,"href":"https:\/\/ficer.com.ar\/2025\/wp-json\/wp\/v2\/lugar?post=8179"},{"taxonomy":"horario","embeddable":true,"href":"https:\/\/ficer.com.ar\/2025\/wp-json\/wp\/v2\/horario?post=8179"}],"curies":[{"name":"wp","href":"https:\/\/api.w.org\/{rel}","templated":true}]}}

<figure class="wp-block-image size-full"><img fetchpriority="high" decoding="async" width="1280" height="720" src="https://ficer.com.ar/2025/wp-content/uploads/2025/11/C0002T01-1.jpg" alt="" class="wp-image-8180" srcset="https://ficer.com.ar/2025/wp-content/uploads/2025/11/C0002T01-1.jpg 1280w, https://ficer.com.ar/2025/wp-content/uploads/2025/11/C0002T01-1-300x169.jpg 300w, https://ficer.com.ar/2025/wp-content/uploads/2025/11/C0002T01-1-1024x576.jpg 1024w, https://ficer.com.ar/2025/wp-content/uploads/2025/11/C0002T01-1-768x432.jpg 768w" sizes="(max-width: 1280px) 100vw, 1280px" /></figure>



<div class="wp-block-columns is-layout-flex wp-container-core-columns-is-layout-28f84493 wp-block-columns-is-layout-flex">
<div class="wp-block-column is-layout-flow wp-block-column-is-layout-flow" style="flex-basis:33.33%">
<p style="font-style:normal;font-weight:200"><strong><mark style="background-color:#ffffff;color:#e7c900" class="has-inline-color">Dirección:</mark></strong><mark style="background-color:#ffffff" class="has-inline-color"> </mark>Leandro Gómez<br><strong><mark style="background-color:#ffffff;color:#e7c900" class="has-inline-color">Año:</mark></strong><mark style="background-color:#ffffff" class="has-inline-color"> 2025<br></mark><strong><mark style="background-color:#ffffff;color:#e7c900" class="has-inline-color">Duración:</mark></strong><mark style="background-color:#ffffff" class="has-inline-color"> 3’<br></mark><strong><mark style="background-color:#ffffff;color:#e7c900" class="has-inline-color">País:</mark></strong><mark style="background-color:#ffffff" class="has-inline-color"> Argentina</mark></p>



<p style="font-style:normal;font-weight:200"><strong><mark style="background-color:#ffffff;color:#e7c900" class="has-inline-color">Intérpretes:</mark></strong><mark style="background-color:#ffffff" class="has-inline-color"> </mark>Federica Alvarez, Sofia Luz Re Galante</p>



<p style="font-style:normal;font-weight:200"><strong><mark style="background-color:#ffffff;color:#e7c900" class="has-inline-color">Producción:</mark></strong><mark style="background-color:#ffffff" class="has-inline-color"> </mark>Victoria Robledo</p>
</div>



<div class="wp-block-column is-layout-flow wp-block-column-is-layout-flow" style="flex-basis:66.66%">
<h3 class="wp-block-heading has-large-font-size" style="font-style:normal;font-weight:100"><mark style="background-color:#ffffff;color:#e7c900" class="has-inline-color">Sinopsis</mark></h3>



<p style="font-style:normal;font-weight:200">Camila acaba de mudarse y decide retomar su rutina de ejercicios. Como todos los días, utiliza una aplicación de inteligencia artificial. Sin embargo, lo que inicia como una rutina cotidiana empieza a tornarse extraño. Entre cajas aún sin desempacar y el eco de la soledad, la tecnología abre una grieta hacia lo desconocido.</p>
</div>
</div>



<div style="height:49px" aria-hidden="true" class="wp-block-spacer"></div>



<div class="wp-block-columns is-layout-flex wp-container-core-columns-is-layout-28f84493 wp-block-columns-is-layout-flex">
<div class="wp-block-column is-layout-flow wp-block-column-is-layout-flow"></div>



<div class="wp-block-column is-layout-flow wp-block-column-is-layout-flow"></div>
</div>



<p></p>

<p>Cine Entrerriano<br />
EL MENSAJE (Iván Fund)<br />
20:30 – CPC 1P SALA MAYOR</p>
