{"id":8184,"date":"2025-11-14T18:31:34","date_gmt":"2025-11-14T21:31:34","guid":{"rendered":"https:\/\/ficer.com.ar\/2025\/?post_type=pelicula&#038;p=8184"},"modified":"2025-11-18T10:06:39","modified_gmt":"2025-11-18T13:06:39","slug":"las-aventuras-de-hijitus-programa-2","status":"publish","type":"pelicula","link":"https:\/\/ficer.com.ar\/2025\/pelicula\/las-aventuras-de-hijitus-programa-2\/","title":{"rendered":"LAS AVENTURAS DE HIJITUS (Programa 1)"},"content":{"rendered":"\n<figure class=\"wp-block-image size-full\"><img fetchpriority=\"high\" decoding=\"async\" width=\"1440\" height=\"1080\" src=\"https:\/\/ficer.com.ar\/2025\/wp-content\/uploads\/2025\/11\/wtjlclwmb_2000x1500_1.jpg\" alt=\"\" class=\"wp-image-8183\" srcset=\"https:\/\/ficer.com.ar\/2025\/wp-content\/uploads\/2025\/11\/wtjlclwmb_2000x1500_1.jpg 1440w, https:\/\/ficer.com.ar\/2025\/wp-content\/uploads\/2025\/11\/wtjlclwmb_2000x1500_1-300x225.jpg 300w, https:\/\/ficer.com.ar\/2025\/wp-content\/uploads\/2025\/11\/wtjlclwmb_2000x1500_1-1024x768.jpg 1024w, https:\/\/ficer.com.ar\/2025\/wp-content\/uploads\/2025\/11\/wtjlclwmb_2000x1500_1-768x576.jpg 768w\" sizes=\"(max-width: 1440px) 100vw, 1440px\" \/><\/figure>\n\n\n\n<div class=\"wp-block-columns is-layout-flex wp-container-core-columns-is-layout-28f84493 wp-block-columns-is-layout-flex\">\n<div class=\"wp-block-column is-layout-flow wp-block-column-is-layout-flow\" style=\"flex-basis:33.33%\">\n<p style=\"font-style:normal;font-weight:200\"><strong><mark style=\"background-color:#ffffff;color:#67cdbb\" class=\"has-inline-color\">Direcci\u00f3n:<\/mark><\/strong><mark style=\"background-color:#ffffff\" class=\"has-inline-color\"> <\/mark>Manuel Garc\u00eda Ferr\u00e9<br><strong><mark style=\"background-color:#ffffff;color:#67cdbb\" class=\"has-inline-color\">A\u00f1o:<\/mark><\/strong><mark style=\"background-color:#ffffff\" class=\"has-inline-color\"> 1967-1996<br><\/mark><strong><mark style=\"background-color:#ffffff;color:#67cdbb\" class=\"has-inline-color\">Duraci\u00f3n:<\/mark><\/strong><mark style=\"background-color:#ffffff\" class=\"has-inline-color\"> 40\u2019<br><\/mark><strong><mark style=\"background-color:#ffffff;color:#67cdbb\" class=\"has-inline-color\">Pa\u00eds:<\/mark><\/strong><mark style=\"background-color:#ffffff\" class=\"has-inline-color\"> Argentina<\/mark><\/p>\n\n\n\n<p style=\"font-style:normal;font-weight:200\"><strong><mark style=\"background-color:#ffffff;color:#67cdbb\" class=\"has-inline-color\">Int\u00e9rpretes:<\/mark><\/strong><mark style=\"background-color:#ffffff\" class=\"has-inline-color\"> <\/mark>N\u00e9stor D&#8217;Alessandro (Hijitus, Serrucho (ruidos), Cachavacha, Dedo Negro, Pichichus y Raimundo), Pelusa Suero (Larguirucho, Profesor Neurus, Pucho, Comisario, Pajarraco, Gold Silver, Guti\u00e9rrez, Director del Museo, Boxitracio y algunos peatones de Trulala), Liliana Mamone (Oaky), Mario Gian (Gran Hampa, Serrucho [voz hablada]) Susana Sisto (Vecinita de Enfrente, Varios), Mari\u00f3n Tiffemberg (Anteojito), Pedro An\u00edbal Mansilla (Antifaz), Enrique Conlazo (Varios)<\/p>\n\n\n\n<p style=\"font-style:normal;font-weight:200\"><strong><mark style=\"background-color:#ffffff;color:#67cdbb\" class=\"has-inline-color\">Producci\u00f3n:<\/mark><\/strong><mark style=\"background-color:#ffffff\" class=\"has-inline-color\"> <\/mark>&#8211;<\/p>\n<\/div>\n\n\n\n<div class=\"wp-block-column is-layout-flow wp-block-column-is-layout-flow\" style=\"flex-basis:66.66%\">\n<h3 class=\"wp-block-heading has-large-font-size\" style=\"font-style:normal;font-weight:100\"><mark style=\"background-color:#ffffff;color:#67cdbb\" class=\"has-inline-color\">Sinopsis<\/mark><\/h3>\n\n\n\n<p style=\"font-style:normal;font-weight:200\">Un viaje en el tiempo a trav\u00e9s de varios cap\u00edtulos de la serie de dibujos animados de Manuel Garc\u00eda Ferr\u00e9. Esta tira fue la primera en Argentina destinada al mercado televisivo. Comenz\u00f3 a fines de los a\u00f1os 60\u2019 y fue el mayor \u00e9xito en la historia del dibujo animado nacional.<\/p>\n\n\n\n<p><strong><mark style=\"background-color:#ffffff;color:#67cdbb\" class=\"has-inline-color\">Funci\u00f3n para escuelas<\/mark><\/strong><\/p>\n<\/div>\n<\/div>\n\n\n\n<div style=\"height:49px\" aria-hidden=\"true\" class=\"wp-block-spacer\"><\/div>\n\n\n\n<div class=\"wp-block-columns is-layout-flex wp-container-core-columns-is-layout-28f84493 wp-block-columns-is-layout-flex\">\n<div class=\"wp-block-column is-layout-flow wp-block-column-is-layout-flow\"><\/div>\n\n\n\n<div class=\"wp-block-column is-layout-flow wp-block-column-is-layout-flow\"><\/div>\n<\/div>\n\n\n\n<p><\/p>\n","protected":false},"excerpt":{"rendered":"<p>Cine Entrerriano<br \/>\nEL MENSAJE (Iv\u00e1n Fund)<br \/>\n20:30 \u2013 CPC 1P SALA MAYOR<\/p>\n","protected":false},"featured_media":8183,"template":"","meta":[],"categoria":[259],"programacion":[270],"director":[323],"agenda":[],"lugar":[274],"horario":[281],"class_list":["post-8184","pelicula","type-pelicula","status-publish","has-post-thumbnail","hentry","categoria-cine-infantil","programacion-viernes-28-de-noviembre","director-manuel-garcia-ferre","lugar-cpc-1p-sala-mayor","horario-281"],"_links":{"self":[{"href":"https:\/\/ficer.com.ar\/2025\/wp-json\/wp\/v2\/pelicula\/8184","targetHints":{"allow":["GET"]}}],"collection":[{"href":"https:\/\/ficer.com.ar\/2025\/wp-json\/wp\/v2\/pelicula"}],"about":[{"href":"https:\/\/ficer.com.ar\/2025\/wp-json\/wp\/v2\/types\/pelicula"}],"wp:featuredmedia":[{"embeddable":true,"href":"https:\/\/ficer.com.ar\/2025\/wp-json\/wp\/v2\/media\/8183"}],"wp:attachment":[{"href":"https:\/\/ficer.com.ar\/2025\/wp-json\/wp\/v2\/media?parent=8184"}],"wp:term":[{"taxonomy":"categoria","embeddable":true,"href":"https:\/\/ficer.com.ar\/2025\/wp-json\/wp\/v2\/categoria?post=8184"},{"taxonomy":"programacion","embeddable":true,"href":"https:\/\/ficer.com.ar\/2025\/wp-json\/wp\/v2\/programacion?post=8184"},{"taxonomy":"director","embeddable":true,"href":"https:\/\/ficer.com.ar\/2025\/wp-json\/wp\/v2\/director?post=8184"},{"taxonomy":"agenda","embeddable":true,"href":"https:\/\/ficer.com.ar\/2025\/wp-json\/wp\/v2\/agenda?post=8184"},{"taxonomy":"lugar","embeddable":true,"href":"https:\/\/ficer.com.ar\/2025\/wp-json\/wp\/v2\/lugar?post=8184"},{"taxonomy":"horario","embeddable":true,"href":"https:\/\/ficer.com.ar\/2025\/wp-json\/wp\/v2\/horario?post=8184"}],"curies":[{"name":"wp","href":"https:\/\/api.w.org\/{rel}","templated":true}]}}

<figure class="wp-block-image size-full"><img fetchpriority="high" decoding="async" width="1440" height="1080" src="https://ficer.com.ar/2025/wp-content/uploads/2025/11/wtjlclwmb_2000x1500_1.jpg" alt="" class="wp-image-8183" srcset="https://ficer.com.ar/2025/wp-content/uploads/2025/11/wtjlclwmb_2000x1500_1.jpg 1440w, https://ficer.com.ar/2025/wp-content/uploads/2025/11/wtjlclwmb_2000x1500_1-300x225.jpg 300w, https://ficer.com.ar/2025/wp-content/uploads/2025/11/wtjlclwmb_2000x1500_1-1024x768.jpg 1024w, https://ficer.com.ar/2025/wp-content/uploads/2025/11/wtjlclwmb_2000x1500_1-768x576.jpg 768w" sizes="(max-width: 1440px) 100vw, 1440px" /></figure>



<div class="wp-block-columns is-layout-flex wp-container-core-columns-is-layout-28f84493 wp-block-columns-is-layout-flex">
<div class="wp-block-column is-layout-flow wp-block-column-is-layout-flow" style="flex-basis:33.33%">
<p style="font-style:normal;font-weight:200"><strong><mark style="background-color:#ffffff;color:#67cdbb" class="has-inline-color">Dirección:</mark></strong><mark style="background-color:#ffffff" class="has-inline-color"> </mark>Manuel García Ferré<br><strong><mark style="background-color:#ffffff;color:#67cdbb" class="has-inline-color">Año:</mark></strong><mark style="background-color:#ffffff" class="has-inline-color"> 1967-1996<br></mark><strong><mark style="background-color:#ffffff;color:#67cdbb" class="has-inline-color">Duración:</mark></strong><mark style="background-color:#ffffff" class="has-inline-color"> 40’<br></mark><strong><mark style="background-color:#ffffff;color:#67cdbb" class="has-inline-color">País:</mark></strong><mark style="background-color:#ffffff" class="has-inline-color"> Argentina</mark></p>



<p style="font-style:normal;font-weight:200"><strong><mark style="background-color:#ffffff;color:#67cdbb" class="has-inline-color">Intérpretes:</mark></strong><mark style="background-color:#ffffff" class="has-inline-color"> </mark>Néstor D&#8217;Alessandro (Hijitus, Serrucho (ruidos), Cachavacha, Dedo Negro, Pichichus y Raimundo), Pelusa Suero (Larguirucho, Profesor Neurus, Pucho, Comisario, Pajarraco, Gold Silver, Gutiérrez, Director del Museo, Boxitracio y algunos peatones de Trulala), Liliana Mamone (Oaky), Mario Gian (Gran Hampa, Serrucho [voz hablada]) Susana Sisto (Vecinita de Enfrente, Varios), Marión Tiffemberg (Anteojito), Pedro Aníbal Mansilla (Antifaz), Enrique Conlazo (Varios)</p>



<p style="font-style:normal;font-weight:200"><strong><mark style="background-color:#ffffff;color:#67cdbb" class="has-inline-color">Producción:</mark></strong><mark style="background-color:#ffffff" class="has-inline-color"> </mark>&#8211;</p>
</div>



<div class="wp-block-column is-layout-flow wp-block-column-is-layout-flow" style="flex-basis:66.66%">
<h3 class="wp-block-heading has-large-font-size" style="font-style:normal;font-weight:100"><mark style="background-color:#ffffff;color:#67cdbb" class="has-inline-color">Sinopsis</mark></h3>



<p style="font-style:normal;font-weight:200">Un viaje en el tiempo a través de varios capítulos de la serie de dibujos animados de Manuel García Ferré. Esta tira fue la primera en Argentina destinada al mercado televisivo. Comenzó a fines de los años 60’ y fue el mayor éxito en la historia del dibujo animado nacional.</p>



<p><strong><mark style="background-color:#ffffff;color:#67cdbb" class="has-inline-color">Función para escuelas</mark></strong></p>
</div>
</div>



<div style="height:49px" aria-hidden="true" class="wp-block-spacer"></div>



<div class="wp-block-columns is-layout-flex wp-container-core-columns-is-layout-28f84493 wp-block-columns-is-layout-flex">
<div class="wp-block-column is-layout-flow wp-block-column-is-layout-flow"></div>



<div class="wp-block-column is-layout-flow wp-block-column-is-layout-flow"></div>
</div>



<p></p>

<p>Cine Entrerriano<br />
EL MENSAJE (Iván Fund)<br />
20:30 – CPC 1P SALA MAYOR</p>
