{"id":8185,"date":"2025-11-14T18:33:22","date_gmt":"2025-11-14T21:33:22","guid":{"rendered":"https:\/\/ficer.com.ar\/2025\/?post_type=pelicula&#038;p=8185"},"modified":"2025-11-18T10:06:13","modified_gmt":"2025-11-18T13:06:13","slug":"los-dias-chinos","status":"publish","type":"pelicula","link":"https:\/\/ficer.com.ar\/2025\/pelicula\/los-dias-chinos\/","title":{"rendered":"LOS D\u00cdAS CHINOS"},"content":{"rendered":"\n<figure class=\"wp-block-image size-full\"><img fetchpriority=\"high\" decoding=\"async\" width=\"1024\" height=\"803\" src=\"https:\/\/ficer.com.ar\/2025\/wp-content\/uploads\/2025\/11\/losdiaschinos-copia.jpg\" alt=\"\" class=\"wp-image-8186\" srcset=\"https:\/\/ficer.com.ar\/2025\/wp-content\/uploads\/2025\/11\/losdiaschinos-copia.jpg 1024w, https:\/\/ficer.com.ar\/2025\/wp-content\/uploads\/2025\/11\/losdiaschinos-copia-300x235.jpg 300w, https:\/\/ficer.com.ar\/2025\/wp-content\/uploads\/2025\/11\/losdiaschinos-copia-768x602.jpg 768w\" sizes=\"(max-width: 1024px) 100vw, 1024px\" \/><\/figure>\n\n\n\n<div class=\"wp-block-columns is-layout-flex wp-container-core-columns-is-layout-28f84493 wp-block-columns-is-layout-flex\">\n<div class=\"wp-block-column is-layout-flow wp-block-column-is-layout-flow\" style=\"flex-basis:33.33%\">\n<p style=\"font-style:normal;font-weight:200\"><strong><mark style=\"background-color:#ffffff;color:#b860ea\" class=\"has-inline-color\">Direcci\u00f3n:<\/mark><\/strong><mark style=\"background-color:#ffffff\" class=\"has-inline-color\"> <\/mark>Santiago Loza<br><strong><mark style=\"background-color:#ffffff;color:#b860ea\" class=\"has-inline-color\">A\u00f1o:<\/mark><\/strong><mark style=\"background-color:#ffffff\" class=\"has-inline-color\"> 2025<br><\/mark><strong><mark style=\"background-color:#ffffff;color:#b860ea\" class=\"has-inline-color\">Duraci\u00f3n:<\/mark><\/strong><mark style=\"background-color:#ffffff\" class=\"has-inline-color\"> 64\u2019<br><\/mark><strong><mark style=\"background-color:#ffffff;color:#b860ea\" class=\"has-inline-color\">Pa\u00eds:<\/mark><\/strong><mark style=\"background-color:#ffffff\" class=\"has-inline-color\"> Argentina<\/mark><\/p>\n\n\n\n<p style=\"font-style:normal;font-weight:200\"><strong><mark style=\"background-color:#ffffff;color:#b860ea\" class=\"has-inline-color\">Int\u00e9rpretes:<\/mark><\/strong><mark style=\"background-color:#ffffff\" class=\"has-inline-color\"> <\/mark>&#8211;<\/p>\n\n\n\n<p style=\"font-style:normal;font-weight:200\"><strong><mark style=\"background-color:#ffffff;color:#b860ea\" class=\"has-inline-color\">Producci\u00f3n:<\/mark><\/strong><mark style=\"background-color:#ffffff\" class=\"has-inline-color\"> <\/mark>Pablo Chernov. Producci\u00f3n: Diego Dubcovsky (Varsovia Films), Pablo Chernov (Alina Films) y Santiago Loza.<\/p>\n<\/div>\n\n\n\n<div class=\"wp-block-column is-layout-flow wp-block-column-is-layout-flow\" style=\"flex-basis:66.66%\">\n<h3 class=\"wp-block-heading has-large-font-size\" style=\"font-style:normal;font-weight:100\"><mark style=\"background-color:#ffffff;color:#b860ea\" class=\"has-inline-color\">Sinopsis<\/mark><\/h3>\n\n\n\n<p style=\"font-style:normal;font-weight:200\">Un viaje que se ha postergado durante a\u00f1os y un d\u00eda se concreta. Un plan para filmar, hacer s\u00f3lo una toma por d\u00eda, casi como una rutina. Mirar, filmar y anotar. Llevar un diario, una bit\u00e1cora para no perderse, para dejar se\u00f1ales de los lugares donde se estuvo. Ese registro es la cr\u00f3nica de un asombro. Una manera de adentrarse a un territorio lejano y pensar una y otra vez c\u00f3mo seguir haciendo cine.<\/p>\n<\/div>\n<\/div>\n\n\n\n<div style=\"height:49px\" aria-hidden=\"true\" class=\"wp-block-spacer\"><\/div>\n\n\n\n<div class=\"wp-block-columns is-layout-flex wp-container-core-columns-is-layout-28f84493 wp-block-columns-is-layout-flex\">\n<div class=\"wp-block-column is-layout-flow wp-block-column-is-layout-flow\"><\/div>\n\n\n\n<div class=\"wp-block-column is-layout-flow wp-block-column-is-layout-flow\"><\/div>\n<\/div>\n\n\n\n<p><\/p>\n","protected":false},"excerpt":{"rendered":"<p>Cine Entrerriano<br \/>\nEL MENSAJE (Iv\u00e1n Fund)<br \/>\n20:30 \u2013 CPC 1P SALA MAYOR<\/p>\n","protected":false},"featured_media":8186,"template":"","meta":[],"categoria":[262],"programacion":[270],"director":[325],"agenda":[],"lugar":[283],"horario":[285],"class_list":["post-8185","pelicula","type-pelicula","status-publish","has-post-thumbnail","hentry","categoria-correntada-cine-argentino","programacion-viernes-28-de-noviembre","director-santiago-loza","lugar-cine-las-tipas","horario-285"],"_links":{"self":[{"href":"https:\/\/ficer.com.ar\/2025\/wp-json\/wp\/v2\/pelicula\/8185","targetHints":{"allow":["GET"]}}],"collection":[{"href":"https:\/\/ficer.com.ar\/2025\/wp-json\/wp\/v2\/pelicula"}],"about":[{"href":"https:\/\/ficer.com.ar\/2025\/wp-json\/wp\/v2\/types\/pelicula"}],"wp:featuredmedia":[{"embeddable":true,"href":"https:\/\/ficer.com.ar\/2025\/wp-json\/wp\/v2\/media\/8186"}],"wp:attachment":[{"href":"https:\/\/ficer.com.ar\/2025\/wp-json\/wp\/v2\/media?parent=8185"}],"wp:term":[{"taxonomy":"categoria","embeddable":true,"href":"https:\/\/ficer.com.ar\/2025\/wp-json\/wp\/v2\/categoria?post=8185"},{"taxonomy":"programacion","embeddable":true,"href":"https:\/\/ficer.com.ar\/2025\/wp-json\/wp\/v2\/programacion?post=8185"},{"taxonomy":"director","embeddable":true,"href":"https:\/\/ficer.com.ar\/2025\/wp-json\/wp\/v2\/director?post=8185"},{"taxonomy":"agenda","embeddable":true,"href":"https:\/\/ficer.com.ar\/2025\/wp-json\/wp\/v2\/agenda?post=8185"},{"taxonomy":"lugar","embeddable":true,"href":"https:\/\/ficer.com.ar\/2025\/wp-json\/wp\/v2\/lugar?post=8185"},{"taxonomy":"horario","embeddable":true,"href":"https:\/\/ficer.com.ar\/2025\/wp-json\/wp\/v2\/horario?post=8185"}],"curies":[{"name":"wp","href":"https:\/\/api.w.org\/{rel}","templated":true}]}}

LOS DÍAS CHINOS

<figure class="wp-block-image size-full"><img fetchpriority="high" decoding="async" width="1024" height="803" src="https://ficer.com.ar/2025/wp-content/uploads/2025/11/losdiaschinos-copia.jpg" alt="" class="wp-image-8186" srcset="https://ficer.com.ar/2025/wp-content/uploads/2025/11/losdiaschinos-copia.jpg 1024w, https://ficer.com.ar/2025/wp-content/uploads/2025/11/losdiaschinos-copia-300x235.jpg 300w, https://ficer.com.ar/2025/wp-content/uploads/2025/11/losdiaschinos-copia-768x602.jpg 768w" sizes="(max-width: 1024px) 100vw, 1024px" /></figure>



<div class="wp-block-columns is-layout-flex wp-container-core-columns-is-layout-28f84493 wp-block-columns-is-layout-flex">
<div class="wp-block-column is-layout-flow wp-block-column-is-layout-flow" style="flex-basis:33.33%">
<p style="font-style:normal;font-weight:200"><strong><mark style="background-color:#ffffff;color:#b860ea" class="has-inline-color">Dirección:</mark></strong><mark style="background-color:#ffffff" class="has-inline-color"> </mark>Santiago Loza<br><strong><mark style="background-color:#ffffff;color:#b860ea" class="has-inline-color">Año:</mark></strong><mark style="background-color:#ffffff" class="has-inline-color"> 2025<br></mark><strong><mark style="background-color:#ffffff;color:#b860ea" class="has-inline-color">Duración:</mark></strong><mark style="background-color:#ffffff" class="has-inline-color"> 64’<br></mark><strong><mark style="background-color:#ffffff;color:#b860ea" class="has-inline-color">País:</mark></strong><mark style="background-color:#ffffff" class="has-inline-color"> Argentina</mark></p>



<p style="font-style:normal;font-weight:200"><strong><mark style="background-color:#ffffff;color:#b860ea" class="has-inline-color">Intérpretes:</mark></strong><mark style="background-color:#ffffff" class="has-inline-color"> </mark>&#8211;</p>



<p style="font-style:normal;font-weight:200"><strong><mark style="background-color:#ffffff;color:#b860ea" class="has-inline-color">Producción:</mark></strong><mark style="background-color:#ffffff" class="has-inline-color"> </mark>Pablo Chernov. Producción: Diego Dubcovsky (Varsovia Films), Pablo Chernov (Alina Films) y Santiago Loza.</p>
</div>



<div class="wp-block-column is-layout-flow wp-block-column-is-layout-flow" style="flex-basis:66.66%">
<h3 class="wp-block-heading has-large-font-size" style="font-style:normal;font-weight:100"><mark style="background-color:#ffffff;color:#b860ea" class="has-inline-color">Sinopsis</mark></h3>



<p style="font-style:normal;font-weight:200">Un viaje que se ha postergado durante años y un día se concreta. Un plan para filmar, hacer sólo una toma por día, casi como una rutina. Mirar, filmar y anotar. Llevar un diario, una bitácora para no perderse, para dejar señales de los lugares donde se estuvo. Ese registro es la crónica de un asombro. Una manera de adentrarse a un territorio lejano y pensar una y otra vez cómo seguir haciendo cine.</p>
</div>
</div>



<div style="height:49px" aria-hidden="true" class="wp-block-spacer"></div>



<div class="wp-block-columns is-layout-flex wp-container-core-columns-is-layout-28f84493 wp-block-columns-is-layout-flex">
<div class="wp-block-column is-layout-flow wp-block-column-is-layout-flow"></div>



<div class="wp-block-column is-layout-flow wp-block-column-is-layout-flow"></div>
</div>



<p></p>

<p>Cine Entrerriano<br />
EL MENSAJE (Iván Fund)<br />
20:30 – CPC 1P SALA MAYOR</p>
