{"id":8187,"date":"2025-11-14T18:55:06","date_gmt":"2025-11-14T21:55:06","guid":{"rendered":"https:\/\/ficer.com.ar\/2025\/?post_type=pelicula&#038;p=8187"},"modified":"2025-11-18T10:05:54","modified_gmt":"2025-11-18T13:05:54","slug":"en-lista-de-espera","status":"publish","type":"pelicula","link":"https:\/\/ficer.com.ar\/2025\/pelicula\/en-lista-de-espera\/","title":{"rendered":"EN LISTA DE ESPERA"},"content":{"rendered":"\n<figure class=\"wp-block-image size-full\"><img fetchpriority=\"high\" decoding=\"async\" width=\"1920\" height=\"1080\" src=\"https:\/\/ficer.com.ar\/2025\/wp-content\/uploads\/2025\/11\/En-lista-de-espera-Still-6.png\" alt=\"\" class=\"wp-image-8191\" srcset=\"https:\/\/ficer.com.ar\/2025\/wp-content\/uploads\/2025\/11\/En-lista-de-espera-Still-6.png 1920w, https:\/\/ficer.com.ar\/2025\/wp-content\/uploads\/2025\/11\/En-lista-de-espera-Still-6-300x169.png 300w, https:\/\/ficer.com.ar\/2025\/wp-content\/uploads\/2025\/11\/En-lista-de-espera-Still-6-1024x576.png 1024w, https:\/\/ficer.com.ar\/2025\/wp-content\/uploads\/2025\/11\/En-lista-de-espera-Still-6-768x432.png 768w, https:\/\/ficer.com.ar\/2025\/wp-content\/uploads\/2025\/11\/En-lista-de-espera-Still-6-1536x864.png 1536w\" sizes=\"(max-width: 1920px) 100vw, 1920px\" \/><\/figure>\n\n\n\n<div class=\"wp-block-columns is-layout-flex wp-container-core-columns-is-layout-28f84493 wp-block-columns-is-layout-flex\">\n<div class=\"wp-block-column is-layout-flow wp-block-column-is-layout-flow\" style=\"flex-basis:33.33%\">\n<p style=\"font-style:normal;font-weight:200\"><strong><mark style=\"background-color:#ffffff;color:#6db561\" class=\"has-inline-color\">Direcci\u00f3n:<\/mark><\/strong><mark style=\"background-color:#ffffff\" class=\"has-inline-color\"> <\/mark>Victoria De Michele y Mariela Di Naro<br><strong><mark style=\"background-color:#ffffff;color:#6db561\" class=\"has-inline-color\">A\u00f1o:<\/mark><\/strong><mark style=\"background-color:#ffffff\" class=\"has-inline-color\"> 2025<br><\/mark><strong><mark style=\"background-color:#ffffff;color:#6db561\" class=\"has-inline-color\">Duraci\u00f3n:<\/mark><\/strong><mark style=\"background-color:#ffffff\" class=\"has-inline-color\"> 76\u2019<br><\/mark><strong><mark style=\"background-color:#ffffff;color:#6db561\" class=\"has-inline-color\">Pa\u00eds:<\/mark><\/strong><mark style=\"background-color:#ffffff\" class=\"has-inline-color\"> Argentina<\/mark><\/p>\n\n\n\n<p style=\"font-style:normal;font-weight:200\"><strong><mark style=\"background-color:#ffffff;color:#6db561\" class=\"has-inline-color\">Int\u00e9rpretes:<\/mark><\/strong><mark style=\"background-color:#ffffff\" class=\"has-inline-color\"> <\/mark>Victoria Abalde, Ulises Matayoshi Abalde, Mart\u00edn Tecchi, Matias Broglia, Leo P\u00e1ez.<\/p>\n\n\n\n<p style=\"font-style:normal;font-weight:200\"><strong><mark style=\"background-color:#ffffff;color:#6db561\" class=\"has-inline-color\">Producci\u00f3n:<\/mark><\/strong><mark style=\"background-color:#ffffff\" class=\"has-inline-color\"> <\/mark>Mariela Di Naro, Victoria De Michele, Silvina Estevez, Ame Blanco Pura Vida TV, Oso Rosa TV<\/p>\n<\/div>\n\n\n\n<div class=\"wp-block-column is-layout-flow wp-block-column-is-layout-flow\" style=\"flex-basis:66.66%\">\n<h3 class=\"wp-block-heading has-large-font-size\" style=\"font-style:normal;font-weight:100\"><mark style=\"background-color:#ffffff;color:#6db561\" class=\"has-inline-color\">Sinopsis<\/mark><\/h3>\n\n\n\n<p style=\"font-style:normal;font-weight:200\">En medio del mundial de f\u00fatbol, Victoria, cineasta, se entera que su hijo qued\u00f3 sin vacante para ingresar en el jard\u00edn p\u00fablico. Mientras espera el resultado del recurso de amparo, retratar\u00e1 a otras madres afectadas por este problema invisible<\/p>\n<\/div>\n<\/div>\n\n\n\n<div style=\"height:49px\" aria-hidden=\"true\" class=\"wp-block-spacer\"><\/div>\n\n\n\n<div class=\"wp-block-columns is-layout-flex wp-container-core-columns-is-layout-28f84493 wp-block-columns-is-layout-flex\">\n<div class=\"wp-block-column is-layout-flow wp-block-column-is-layout-flow\"><\/div>\n\n\n\n<div class=\"wp-block-column is-layout-flow wp-block-column-is-layout-flow\"><\/div>\n<\/div>\n\n\n\n<p><\/p>\n","protected":false},"excerpt":{"rendered":"<p>Cine Entrerriano<br \/>\nEL MENSAJE (Iv\u00e1n Fund)<br \/>\n20:30 \u2013 CPC 1P SALA MAYOR<\/p>\n","protected":false},"featured_media":8191,"template":"","meta":[],"categoria":[258],"programacion":[270],"director":[326],"agenda":[],"lugar":[287],"horario":[285],"class_list":["post-8187","pelicula","type-pelicula","status-publish","has-post-thumbnail","hentry","categoria-cine-entrerriano","programacion-viernes-28-de-noviembre","director-victoria-de-michele-y-mariela-di-naro","lugar-cine-circulo","horario-285"],"_links":{"self":[{"href":"https:\/\/ficer.com.ar\/2025\/wp-json\/wp\/v2\/pelicula\/8187","targetHints":{"allow":["GET"]}}],"collection":[{"href":"https:\/\/ficer.com.ar\/2025\/wp-json\/wp\/v2\/pelicula"}],"about":[{"href":"https:\/\/ficer.com.ar\/2025\/wp-json\/wp\/v2\/types\/pelicula"}],"wp:featuredmedia":[{"embeddable":true,"href":"https:\/\/ficer.com.ar\/2025\/wp-json\/wp\/v2\/media\/8191"}],"wp:attachment":[{"href":"https:\/\/ficer.com.ar\/2025\/wp-json\/wp\/v2\/media?parent=8187"}],"wp:term":[{"taxonomy":"categoria","embeddable":true,"href":"https:\/\/ficer.com.ar\/2025\/wp-json\/wp\/v2\/categoria?post=8187"},{"taxonomy":"programacion","embeddable":true,"href":"https:\/\/ficer.com.ar\/2025\/wp-json\/wp\/v2\/programacion?post=8187"},{"taxonomy":"director","embeddable":true,"href":"https:\/\/ficer.com.ar\/2025\/wp-json\/wp\/v2\/director?post=8187"},{"taxonomy":"agenda","embeddable":true,"href":"https:\/\/ficer.com.ar\/2025\/wp-json\/wp\/v2\/agenda?post=8187"},{"taxonomy":"lugar","embeddable":true,"href":"https:\/\/ficer.com.ar\/2025\/wp-json\/wp\/v2\/lugar?post=8187"},{"taxonomy":"horario","embeddable":true,"href":"https:\/\/ficer.com.ar\/2025\/wp-json\/wp\/v2\/horario?post=8187"}],"curies":[{"name":"wp","href":"https:\/\/api.w.org\/{rel}","templated":true}]}}

<figure class="wp-block-image size-full"><img fetchpriority="high" decoding="async" width="1920" height="1080" src="https://ficer.com.ar/2025/wp-content/uploads/2025/11/En-lista-de-espera-Still-6.png" alt="" class="wp-image-8191" srcset="https://ficer.com.ar/2025/wp-content/uploads/2025/11/En-lista-de-espera-Still-6.png 1920w, https://ficer.com.ar/2025/wp-content/uploads/2025/11/En-lista-de-espera-Still-6-300x169.png 300w, https://ficer.com.ar/2025/wp-content/uploads/2025/11/En-lista-de-espera-Still-6-1024x576.png 1024w, https://ficer.com.ar/2025/wp-content/uploads/2025/11/En-lista-de-espera-Still-6-768x432.png 768w, https://ficer.com.ar/2025/wp-content/uploads/2025/11/En-lista-de-espera-Still-6-1536x864.png 1536w" sizes="(max-width: 1920px) 100vw, 1920px" /></figure>



<div class="wp-block-columns is-layout-flex wp-container-core-columns-is-layout-28f84493 wp-block-columns-is-layout-flex">
<div class="wp-block-column is-layout-flow wp-block-column-is-layout-flow" style="flex-basis:33.33%">
<p style="font-style:normal;font-weight:200"><strong><mark style="background-color:#ffffff;color:#6db561" class="has-inline-color">Dirección:</mark></strong><mark style="background-color:#ffffff" class="has-inline-color"> </mark>Victoria De Michele y Mariela Di Naro<br><strong><mark style="background-color:#ffffff;color:#6db561" class="has-inline-color">Año:</mark></strong><mark style="background-color:#ffffff" class="has-inline-color"> 2025<br></mark><strong><mark style="background-color:#ffffff;color:#6db561" class="has-inline-color">Duración:</mark></strong><mark style="background-color:#ffffff" class="has-inline-color"> 76’<br></mark><strong><mark style="background-color:#ffffff;color:#6db561" class="has-inline-color">País:</mark></strong><mark style="background-color:#ffffff" class="has-inline-color"> Argentina</mark></p>



<p style="font-style:normal;font-weight:200"><strong><mark style="background-color:#ffffff;color:#6db561" class="has-inline-color">Intérpretes:</mark></strong><mark style="background-color:#ffffff" class="has-inline-color"> </mark>Victoria Abalde, Ulises Matayoshi Abalde, Martín Tecchi, Matias Broglia, Leo Páez.</p>



<p style="font-style:normal;font-weight:200"><strong><mark style="background-color:#ffffff;color:#6db561" class="has-inline-color">Producción:</mark></strong><mark style="background-color:#ffffff" class="has-inline-color"> </mark>Mariela Di Naro, Victoria De Michele, Silvina Estevez, Ame Blanco Pura Vida TV, Oso Rosa TV</p>
</div>



<div class="wp-block-column is-layout-flow wp-block-column-is-layout-flow" style="flex-basis:66.66%">
<h3 class="wp-block-heading has-large-font-size" style="font-style:normal;font-weight:100"><mark style="background-color:#ffffff;color:#6db561" class="has-inline-color">Sinopsis</mark></h3>



<p style="font-style:normal;font-weight:200">En medio del mundial de fútbol, Victoria, cineasta, se entera que su hijo quedó sin vacante para ingresar en el jardín público. Mientras espera el resultado del recurso de amparo, retratará a otras madres afectadas por este problema invisible</p>
</div>
</div>



<div style="height:49px" aria-hidden="true" class="wp-block-spacer"></div>



<div class="wp-block-columns is-layout-flex wp-container-core-columns-is-layout-28f84493 wp-block-columns-is-layout-flex">
<div class="wp-block-column is-layout-flow wp-block-column-is-layout-flow"></div>



<div class="wp-block-column is-layout-flow wp-block-column-is-layout-flow"></div>
</div>



<p></p>

<p>Cine Entrerriano<br />
EL MENSAJE (Iván Fund)<br />
20:30 – CPC 1P SALA MAYOR</p>
