{"id":8199,"date":"2025-11-14T19:12:51","date_gmt":"2025-11-14T22:12:51","guid":{"rendered":"https:\/\/ficer.com.ar\/2025\/?post_type=pelicula&#038;p=8199"},"modified":"2025-11-18T10:04:39","modified_gmt":"2025-11-18T13:04:39","slug":"el-infierno-de-los-vivos","status":"publish","type":"pelicula","link":"https:\/\/ficer.com.ar\/2025\/pelicula\/el-infierno-de-los-vivos\/","title":{"rendered":"EL INFIERNO DE LOS VIVOS"},"content":{"rendered":"\n<figure class=\"wp-block-image size-full\"><img fetchpriority=\"high\" decoding=\"async\" width=\"1920\" height=\"1233\" src=\"https:\/\/ficer.com.ar\/2025\/wp-content\/uploads\/2025\/11\/El-infierno-de-los-vivos-5.png\" alt=\"\" class=\"wp-image-8206\" srcset=\"https:\/\/ficer.com.ar\/2025\/wp-content\/uploads\/2025\/11\/El-infierno-de-los-vivos-5.png 1920w, https:\/\/ficer.com.ar\/2025\/wp-content\/uploads\/2025\/11\/El-infierno-de-los-vivos-5-300x193.png 300w, https:\/\/ficer.com.ar\/2025\/wp-content\/uploads\/2025\/11\/El-infierno-de-los-vivos-5-1024x658.png 1024w, https:\/\/ficer.com.ar\/2025\/wp-content\/uploads\/2025\/11\/El-infierno-de-los-vivos-5-768x493.png 768w, https:\/\/ficer.com.ar\/2025\/wp-content\/uploads\/2025\/11\/El-infierno-de-los-vivos-5-1536x986.png 1536w\" sizes=\"(max-width: 1920px) 100vw, 1920px\" \/><\/figure>\n\n\n\n<div class=\"wp-block-columns is-layout-flex wp-container-core-columns-is-layout-28f84493 wp-block-columns-is-layout-flex\">\n<div class=\"wp-block-column is-layout-flow wp-block-column-is-layout-flow\" style=\"flex-basis:33.33%\">\n<p style=\"font-style:normal;font-weight:200\"><strong><mark style=\"background-color:#ffffff;color:#6db561\" class=\"has-inline-color\">Direcci\u00f3n:<\/mark><\/strong><mark style=\"background-color:#ffffff\" class=\"has-inline-color\"> <\/mark>Alberto Gieco<br><strong><mark style=\"background-color:#ffffff;color:#6db561\" class=\"has-inline-color\">A\u00f1o:<\/mark><\/strong><mark style=\"background-color:#ffffff\" class=\"has-inline-color\"> 2024<br><\/mark><strong><mark style=\"background-color:#ffffff;color:#6db561\" class=\"has-inline-color\">Duraci\u00f3n:<\/mark><\/strong><mark style=\"background-color:#ffffff\" class=\"has-inline-color\"> 90\u2019<br><\/mark><strong><mark style=\"background-color:#ffffff;color:#6db561\" class=\"has-inline-color\">Pa\u00eds:<\/mark><\/strong><mark style=\"background-color:#ffffff\" class=\"has-inline-color\"> Argentina<\/mark><\/p>\n\n\n\n<p style=\"font-style:normal;font-weight:200\"><strong><mark style=\"background-color:#ffffff;color:#6db561\" class=\"has-inline-color\">Int\u00e9rpretes:<\/mark><\/strong><mark style=\"background-color:#ffffff\" class=\"has-inline-color\"> <\/mark>Cielo Eberhardt, Esteban Meloni, Iride Mockert, Chola Almir\u00f3n, Caterina Guimarans<\/p>\n\n\n\n<p style=\"font-style:normal;font-weight:200\"><strong><mark style=\"background-color:#ffffff;color:#6db561\" class=\"has-inline-color\">Producci\u00f3n:<\/mark><\/strong> Agust\u00edn Falco, Azul Sioli, Alberto Gieco, Fabricio Barale<\/p>\n<\/div>\n\n\n\n<div class=\"wp-block-column is-layout-flow wp-block-column-is-layout-flow\" style=\"flex-basis:66.66%\">\n<h3 class=\"wp-block-heading has-large-font-size\" style=\"font-style:normal;font-weight:100\"><mark style=\"background-color:#ffffff;color:#6db561\" class=\"has-inline-color\">Sinopsis<\/mark><\/h3>\n\n\n\n<p style=\"font-style:normal;font-weight:200\">Mariana, una adolescente de 15 a\u00f1os, huye de su violento hogar en Santa Fe. En la b\u00fasqueda de su padre biol\u00f3gico, se refugia en casa de una amiga, es conducida a un orfanato dirigido por monjas y encuentra el afecto de un pariente lejano. A lo largo de su viaje, que la lleva al interior de la provincia, descubre su fortaleza interior.<\/p>\n<\/div>\n<\/div>\n\n\n\n<div style=\"height:49px\" aria-hidden=\"true\" class=\"wp-block-spacer\"><\/div>\n\n\n\n<div class=\"wp-block-columns is-layout-flex wp-container-core-columns-is-layout-28f84493 wp-block-columns-is-layout-flex\">\n<div class=\"wp-block-column is-layout-flow wp-block-column-is-layout-flow\"><\/div>\n\n\n\n<div class=\"wp-block-column is-layout-flow wp-block-column-is-layout-flow\"><\/div>\n<\/div>\n\n\n\n<p><\/p>\n","protected":false},"excerpt":{"rendered":"<p>Cine Entrerriano<br \/>\nEL MENSAJE (Iv\u00e1n Fund)<br \/>\n20:30 \u2013 CPC 1P SALA MAYOR<\/p>\n","protected":false},"featured_media":8201,"template":"","meta":[],"categoria":[258],"programacion":[270],"director":[330],"agenda":[],"lugar":[274],"horario":[289],"class_list":["post-8199","pelicula","type-pelicula","status-publish","has-post-thumbnail","hentry","categoria-cine-entrerriano","programacion-viernes-28-de-noviembre","director-alberto-gieco","lugar-cpc-1p-sala-mayor","horario-289"],"_links":{"self":[{"href":"https:\/\/ficer.com.ar\/2025\/wp-json\/wp\/v2\/pelicula\/8199","targetHints":{"allow":["GET"]}}],"collection":[{"href":"https:\/\/ficer.com.ar\/2025\/wp-json\/wp\/v2\/pelicula"}],"about":[{"href":"https:\/\/ficer.com.ar\/2025\/wp-json\/wp\/v2\/types\/pelicula"}],"wp:featuredmedia":[{"embeddable":true,"href":"https:\/\/ficer.com.ar\/2025\/wp-json\/wp\/v2\/media\/8201"}],"wp:attachment":[{"href":"https:\/\/ficer.com.ar\/2025\/wp-json\/wp\/v2\/media?parent=8199"}],"wp:term":[{"taxonomy":"categoria","embeddable":true,"href":"https:\/\/ficer.com.ar\/2025\/wp-json\/wp\/v2\/categoria?post=8199"},{"taxonomy":"programacion","embeddable":true,"href":"https:\/\/ficer.com.ar\/2025\/wp-json\/wp\/v2\/programacion?post=8199"},{"taxonomy":"director","embeddable":true,"href":"https:\/\/ficer.com.ar\/2025\/wp-json\/wp\/v2\/director?post=8199"},{"taxonomy":"agenda","embeddable":true,"href":"https:\/\/ficer.com.ar\/2025\/wp-json\/wp\/v2\/agenda?post=8199"},{"taxonomy":"lugar","embeddable":true,"href":"https:\/\/ficer.com.ar\/2025\/wp-json\/wp\/v2\/lugar?post=8199"},{"taxonomy":"horario","embeddable":true,"href":"https:\/\/ficer.com.ar\/2025\/wp-json\/wp\/v2\/horario?post=8199"}],"curies":[{"name":"wp","href":"https:\/\/api.w.org\/{rel}","templated":true}]}}

<figure class="wp-block-image size-full"><img fetchpriority="high" decoding="async" width="1920" height="1233" src="https://ficer.com.ar/2025/wp-content/uploads/2025/11/El-infierno-de-los-vivos-5.png" alt="" class="wp-image-8206" srcset="https://ficer.com.ar/2025/wp-content/uploads/2025/11/El-infierno-de-los-vivos-5.png 1920w, https://ficer.com.ar/2025/wp-content/uploads/2025/11/El-infierno-de-los-vivos-5-300x193.png 300w, https://ficer.com.ar/2025/wp-content/uploads/2025/11/El-infierno-de-los-vivos-5-1024x658.png 1024w, https://ficer.com.ar/2025/wp-content/uploads/2025/11/El-infierno-de-los-vivos-5-768x493.png 768w, https://ficer.com.ar/2025/wp-content/uploads/2025/11/El-infierno-de-los-vivos-5-1536x986.png 1536w" sizes="(max-width: 1920px) 100vw, 1920px" /></figure>



<div class="wp-block-columns is-layout-flex wp-container-core-columns-is-layout-28f84493 wp-block-columns-is-layout-flex">
<div class="wp-block-column is-layout-flow wp-block-column-is-layout-flow" style="flex-basis:33.33%">
<p style="font-style:normal;font-weight:200"><strong><mark style="background-color:#ffffff;color:#6db561" class="has-inline-color">Dirección:</mark></strong><mark style="background-color:#ffffff" class="has-inline-color"> </mark>Alberto Gieco<br><strong><mark style="background-color:#ffffff;color:#6db561" class="has-inline-color">Año:</mark></strong><mark style="background-color:#ffffff" class="has-inline-color"> 2024<br></mark><strong><mark style="background-color:#ffffff;color:#6db561" class="has-inline-color">Duración:</mark></strong><mark style="background-color:#ffffff" class="has-inline-color"> 90’<br></mark><strong><mark style="background-color:#ffffff;color:#6db561" class="has-inline-color">País:</mark></strong><mark style="background-color:#ffffff" class="has-inline-color"> Argentina</mark></p>



<p style="font-style:normal;font-weight:200"><strong><mark style="background-color:#ffffff;color:#6db561" class="has-inline-color">Intérpretes:</mark></strong><mark style="background-color:#ffffff" class="has-inline-color"> </mark>Cielo Eberhardt, Esteban Meloni, Iride Mockert, Chola Almirón, Caterina Guimarans</p>



<p style="font-style:normal;font-weight:200"><strong><mark style="background-color:#ffffff;color:#6db561" class="has-inline-color">Producción:</mark></strong> Agustín Falco, Azul Sioli, Alberto Gieco, Fabricio Barale</p>
</div>



<div class="wp-block-column is-layout-flow wp-block-column-is-layout-flow" style="flex-basis:66.66%">
<h3 class="wp-block-heading has-large-font-size" style="font-style:normal;font-weight:100"><mark style="background-color:#ffffff;color:#6db561" class="has-inline-color">Sinopsis</mark></h3>



<p style="font-style:normal;font-weight:200">Mariana, una adolescente de 15 años, huye de su violento hogar en Santa Fe. En la búsqueda de su padre biológico, se refugia en casa de una amiga, es conducida a un orfanato dirigido por monjas y encuentra el afecto de un pariente lejano. A lo largo de su viaje, que la lleva al interior de la provincia, descubre su fortaleza interior.</p>
</div>
</div>



<div style="height:49px" aria-hidden="true" class="wp-block-spacer"></div>



<div class="wp-block-columns is-layout-flex wp-container-core-columns-is-layout-28f84493 wp-block-columns-is-layout-flex">
<div class="wp-block-column is-layout-flow wp-block-column-is-layout-flow"></div>



<div class="wp-block-column is-layout-flow wp-block-column-is-layout-flow"></div>
</div>



<p></p>

<p>Cine Entrerriano<br />
EL MENSAJE (Iván Fund)<br />
20:30 – CPC 1P SALA MAYOR</p>
