{"id":8215,"date":"2025-11-15T09:53:17","date_gmt":"2025-11-15T12:53:17","guid":{"rendered":"https:\/\/ficer.com.ar\/2025\/?post_type=pelicula&#038;p=8215"},"modified":"2025-11-18T10:04:11","modified_gmt":"2025-11-18T13:04:11","slug":"cartas-a-mis-padres-muertos","status":"publish","type":"pelicula","link":"https:\/\/ficer.com.ar\/2025\/pelicula\/cartas-a-mis-padres-muertos\/","title":{"rendered":"CARTAS A MIS PADRES MUERTOS"},"content":{"rendered":"\n<figure class=\"wp-block-image size-full\"><img fetchpriority=\"high\" decoding=\"async\" width=\"1000\" height=\"563\" src=\"https:\/\/ficer.com.ar\/2025\/wp-content\/uploads\/2025\/11\/cartas-a-mis-padres-muertos.jpg\" alt=\"\" class=\"wp-image-8216\" srcset=\"https:\/\/ficer.com.ar\/2025\/wp-content\/uploads\/2025\/11\/cartas-a-mis-padres-muertos.jpg 1000w, https:\/\/ficer.com.ar\/2025\/wp-content\/uploads\/2025\/11\/cartas-a-mis-padres-muertos-300x169.jpg 300w, https:\/\/ficer.com.ar\/2025\/wp-content\/uploads\/2025\/11\/cartas-a-mis-padres-muertos-768x432.jpg 768w\" sizes=\"(max-width: 1000px) 100vw, 1000px\" \/><\/figure>\n\n\n\n<div class=\"wp-block-columns is-layout-flex wp-container-core-columns-is-layout-28f84493 wp-block-columns-is-layout-flex\">\n<div class=\"wp-block-column is-layout-flow wp-block-column-is-layout-flow\" style=\"flex-basis:33.33%\">\n<p style=\"font-style:normal;font-weight:200\"><strong><mark style=\"background-color:#ffffff;color:#ed5891\" class=\"has-inline-color\">Direcci\u00f3n:<\/mark><\/strong><mark style=\"background-color:#ffffff\" class=\"has-inline-color\"> <\/mark>Ignacio Ag\u00fcero<br><strong><mark style=\"background-color:#ffffff;color:#ed5891\" class=\"has-inline-color\">A\u00f1o:<\/mark><\/strong><mark style=\"background-color:#ffffff\" class=\"has-inline-color\"> 2025<br><\/mark><strong><mark style=\"background-color:#ffffff;color:#ed5891\" class=\"has-inline-color\">Duraci\u00f3n:<\/mark><\/strong><mark style=\"background-color:#ffffff\" class=\"has-inline-color\"> 106\u2019<br><\/mark><strong><mark style=\"background-color:#ffffff;color:#ed5891\" class=\"has-inline-color\">Pa\u00eds:<\/mark><\/strong><mark style=\"background-color:#ffffff\" class=\"has-inline-color\"> Chile<\/mark><\/p>\n\n\n\n<p style=\"font-style:normal;font-weight:200\"><strong><mark style=\"background-color:#ffffff;color:#ed5891\" class=\"has-inline-color\">Int\u00e9rpretes:<\/mark><\/strong><mark style=\"background-color:#ffffff\" class=\"has-inline-color\"> <\/mark>&#8211;<\/p>\n\n\n\n<p style=\"font-style:normal;font-weight:200\"><strong><mark style=\"background-color:#ffffff;color:#ed5891\" class=\"has-inline-color\">Producci\u00f3n:<\/mark><\/strong> Tehani Staiger, Ignacio Ag\u00fcero<\/p>\n<\/div>\n\n\n\n<div class=\"wp-block-column is-layout-flow wp-block-column-is-layout-flow\" style=\"flex-basis:66.66%\">\n<h3 class=\"wp-block-heading has-large-font-size\" style=\"font-style:normal;font-weight:100\"><mark style=\"background-color:#ffffff;color:#ed5891\" class=\"has-inline-color\">Sinopsis<\/mark><\/h3>\n\n\n\n<p style=\"font-style:normal;font-weight:200\">El cineasta se dispone a crear la forma de poner al d\u00eda a sus padres de los sucesos tanto \u00edntimos y familiares como sociales y pol\u00edticos desde el triunfo de Allende hasta hoy. Cincuenta a\u00f1os de la vida del cineasta y del pa\u00eds en sobre la base de materiales de archivo personales, familiares y p\u00fablicos, sumados a material filmado en el presente, constituyen un tejido \u00edntimo, social y pol\u00edtico que persiste en la forma indagatoria y exploratoria del cine de Ag\u00fcero, estilo que ha derivado en lo que llama \u201ccine de la divagaci\u00f3n\u201d.<\/p>\n\n\n\n<p><mark style=\"background-color:rgba(0, 0, 0, 0);color:#ed5891\" class=\"has-inline-color\">\u201cCon el apoyo del Centro Cultural Matta \/ Embajada de Chile en Argentina\u201d<\/mark><\/p>\n\n\n\n<figure class=\"wp-block-image size-full is-resized wp-duotone-dark-grayscale\"><img decoding=\"async\" width=\"545\" height=\"61\" src=\"https:\/\/ficer.com.ar\/2025\/wp-content\/uploads\/2025\/11\/ccmatta.png\" alt=\"\" class=\"wp-image-7950\" style=\"width:397px;height:auto\" srcset=\"https:\/\/ficer.com.ar\/2025\/wp-content\/uploads\/2025\/11\/ccmatta.png 545w, https:\/\/ficer.com.ar\/2025\/wp-content\/uploads\/2025\/11\/ccmatta-300x34.png 300w\" sizes=\"(max-width: 545px) 100vw, 545px\" \/><\/figure>\n<\/div>\n<\/div>\n\n\n\n<div style=\"height:49px\" aria-hidden=\"true\" class=\"wp-block-spacer\"><\/div>\n\n\n\n<div class=\"wp-block-columns is-layout-flex wp-container-core-columns-is-layout-28f84493 wp-block-columns-is-layout-flex\">\n<div class=\"wp-block-column is-layout-flow wp-block-column-is-layout-flow\"><\/div>\n\n\n\n<div class=\"wp-block-column is-layout-flow wp-block-column-is-layout-flow\"><\/div>\n<\/div>\n\n\n\n<p><\/p>\n","protected":false},"excerpt":{"rendered":"<p>Cine Entrerriano<br \/>\nEL MENSAJE (Iv\u00e1n Fund)<br \/>\n20:30 \u2013 CPC 1P SALA MAYOR<\/p>\n","protected":false},"featured_media":8216,"template":"","meta":[],"categoria":[350,265],"programacion":[270],"director":[294],"agenda":[],"lugar":[283],"horario":[296],"class_list":["post-8215","pelicula","type-pelicula","status-publish","has-post-thumbnail","hentry","categoria-foco-ignacio-aguero","categoria-fronteras-abiertas","programacion-viernes-28-de-noviembre","director-ignacio-aguero","lugar-cine-las-tipas","horario-296"],"_links":{"self":[{"href":"https:\/\/ficer.com.ar\/2025\/wp-json\/wp\/v2\/pelicula\/8215","targetHints":{"allow":["GET"]}}],"collection":[{"href":"https:\/\/ficer.com.ar\/2025\/wp-json\/wp\/v2\/pelicula"}],"about":[{"href":"https:\/\/ficer.com.ar\/2025\/wp-json\/wp\/v2\/types\/pelicula"}],"wp:featuredmedia":[{"embeddable":true,"href":"https:\/\/ficer.com.ar\/2025\/wp-json\/wp\/v2\/media\/8216"}],"wp:attachment":[{"href":"https:\/\/ficer.com.ar\/2025\/wp-json\/wp\/v2\/media?parent=8215"}],"wp:term":[{"taxonomy":"categoria","embeddable":true,"href":"https:\/\/ficer.com.ar\/2025\/wp-json\/wp\/v2\/categoria?post=8215"},{"taxonomy":"programacion","embeddable":true,"href":"https:\/\/ficer.com.ar\/2025\/wp-json\/wp\/v2\/programacion?post=8215"},{"taxonomy":"director","embeddable":true,"href":"https:\/\/ficer.com.ar\/2025\/wp-json\/wp\/v2\/director?post=8215"},{"taxonomy":"agenda","embeddable":true,"href":"https:\/\/ficer.com.ar\/2025\/wp-json\/wp\/v2\/agenda?post=8215"},{"taxonomy":"lugar","embeddable":true,"href":"https:\/\/ficer.com.ar\/2025\/wp-json\/wp\/v2\/lugar?post=8215"},{"taxonomy":"horario","embeddable":true,"href":"https:\/\/ficer.com.ar\/2025\/wp-json\/wp\/v2\/horario?post=8215"}],"curies":[{"name":"wp","href":"https:\/\/api.w.org\/{rel}","templated":true}]}}

<figure class="wp-block-image size-full"><img fetchpriority="high" decoding="async" width="1000" height="563" src="https://ficer.com.ar/2025/wp-content/uploads/2025/11/cartas-a-mis-padres-muertos.jpg" alt="" class="wp-image-8216" srcset="https://ficer.com.ar/2025/wp-content/uploads/2025/11/cartas-a-mis-padres-muertos.jpg 1000w, https://ficer.com.ar/2025/wp-content/uploads/2025/11/cartas-a-mis-padres-muertos-300x169.jpg 300w, https://ficer.com.ar/2025/wp-content/uploads/2025/11/cartas-a-mis-padres-muertos-768x432.jpg 768w" sizes="(max-width: 1000px) 100vw, 1000px" /></figure>



<div class="wp-block-columns is-layout-flex wp-container-core-columns-is-layout-28f84493 wp-block-columns-is-layout-flex">
<div class="wp-block-column is-layout-flow wp-block-column-is-layout-flow" style="flex-basis:33.33%">
<p style="font-style:normal;font-weight:200"><strong><mark style="background-color:#ffffff;color:#ed5891" class="has-inline-color">Dirección:</mark></strong><mark style="background-color:#ffffff" class="has-inline-color"> </mark>Ignacio Agüero<br><strong><mark style="background-color:#ffffff;color:#ed5891" class="has-inline-color">Año:</mark></strong><mark style="background-color:#ffffff" class="has-inline-color"> 2025<br></mark><strong><mark style="background-color:#ffffff;color:#ed5891" class="has-inline-color">Duración:</mark></strong><mark style="background-color:#ffffff" class="has-inline-color"> 106’<br></mark><strong><mark style="background-color:#ffffff;color:#ed5891" class="has-inline-color">País:</mark></strong><mark style="background-color:#ffffff" class="has-inline-color"> Chile</mark></p>



<p style="font-style:normal;font-weight:200"><strong><mark style="background-color:#ffffff;color:#ed5891" class="has-inline-color">Intérpretes:</mark></strong><mark style="background-color:#ffffff" class="has-inline-color"> </mark>&#8211;</p>



<p style="font-style:normal;font-weight:200"><strong><mark style="background-color:#ffffff;color:#ed5891" class="has-inline-color">Producción:</mark></strong> Tehani Staiger, Ignacio Agüero</p>
</div>



<div class="wp-block-column is-layout-flow wp-block-column-is-layout-flow" style="flex-basis:66.66%">
<h3 class="wp-block-heading has-large-font-size" style="font-style:normal;font-weight:100"><mark style="background-color:#ffffff;color:#ed5891" class="has-inline-color">Sinopsis</mark></h3>



<p style="font-style:normal;font-weight:200">El cineasta se dispone a crear la forma de poner al día a sus padres de los sucesos tanto íntimos y familiares como sociales y políticos desde el triunfo de Allende hasta hoy. Cincuenta años de la vida del cineasta y del país en sobre la base de materiales de archivo personales, familiares y públicos, sumados a material filmado en el presente, constituyen un tejido íntimo, social y político que persiste en la forma indagatoria y exploratoria del cine de Agüero, estilo que ha derivado en lo que llama “cine de la divagación”.</p>



<p><mark style="background-color:rgba(0, 0, 0, 0);color:#ed5891" class="has-inline-color">“Con el apoyo del Centro Cultural Matta / Embajada de Chile en Argentina”</mark></p>



<figure class="wp-block-image size-full is-resized wp-duotone-dark-grayscale"><img decoding="async" width="545" height="61" src="https://ficer.com.ar/2025/wp-content/uploads/2025/11/ccmatta.png" alt="" class="wp-image-7950" style="width:397px;height:auto" srcset="https://ficer.com.ar/2025/wp-content/uploads/2025/11/ccmatta.png 545w, https://ficer.com.ar/2025/wp-content/uploads/2025/11/ccmatta-300x34.png 300w" sizes="(max-width: 545px) 100vw, 545px" /></figure>
</div>
</div>



<div style="height:49px" aria-hidden="true" class="wp-block-spacer"></div>



<div class="wp-block-columns is-layout-flex wp-container-core-columns-is-layout-28f84493 wp-block-columns-is-layout-flex">
<div class="wp-block-column is-layout-flow wp-block-column-is-layout-flow"></div>



<div class="wp-block-column is-layout-flow wp-block-column-is-layout-flow"></div>
</div>



<p></p>

<p>Cine Entrerriano<br />
EL MENSAJE (Iván Fund)<br />
20:30 – CPC 1P SALA MAYOR</p>
