{"id":8217,"date":"2025-11-15T09:58:14","date_gmt":"2025-11-15T12:58:14","guid":{"rendered":"https:\/\/ficer.com.ar\/2025\/?post_type=pelicula&#038;p=8217"},"modified":"2025-11-18T10:03:57","modified_gmt":"2025-11-18T13:03:57","slug":"la-noche-sin-mi","status":"publish","type":"pelicula","link":"https:\/\/ficer.com.ar\/2025\/pelicula\/la-noche-sin-mi\/","title":{"rendered":"LA NOCHE SIN M\u00cd"},"content":{"rendered":"\n<figure class=\"wp-block-image size-full\"><img fetchpriority=\"high\" decoding=\"async\" width=\"1600\" height=\"1000\" src=\"https:\/\/ficer.com.ar\/2025\/wp-content\/uploads\/2025\/11\/d.jpeg\" alt=\"\" class=\"wp-image-8218\" srcset=\"https:\/\/ficer.com.ar\/2025\/wp-content\/uploads\/2025\/11\/d.jpeg 1600w, https:\/\/ficer.com.ar\/2025\/wp-content\/uploads\/2025\/11\/d-300x188.jpeg 300w, https:\/\/ficer.com.ar\/2025\/wp-content\/uploads\/2025\/11\/d-1024x640.jpeg 1024w, https:\/\/ficer.com.ar\/2025\/wp-content\/uploads\/2025\/11\/d-768x480.jpeg 768w, https:\/\/ficer.com.ar\/2025\/wp-content\/uploads\/2025\/11\/d-1536x960.jpeg 1536w\" sizes=\"(max-width: 1600px) 100vw, 1600px\" \/><\/figure>\n\n\n\n<div class=\"wp-block-columns is-layout-flex wp-container-core-columns-is-layout-28f84493 wp-block-columns-is-layout-flex\">\n<div class=\"wp-block-column is-layout-flow wp-block-column-is-layout-flow\" style=\"flex-basis:33.33%\">\n<p style=\"font-style:normal;font-weight:200\"><strong><mark style=\"background-color:#ffffff;color:#b860ea\" class=\"has-inline-color\">Direcci\u00f3n:<\/mark><\/strong><mark style=\"background-color:#ffffff\" class=\"has-inline-color\"> <\/mark>Mar\u00eda Laura Berch, Laura Chiabrando<br><strong><mark style=\"background-color:#ffffff;color:#b860ea\" class=\"has-inline-color\">A\u00f1o:<\/mark><\/strong><mark style=\"background-color:#ffffff\" class=\"has-inline-color\"> 2025<br><\/mark><strong><mark style=\"background-color:#ffffff;color:#b860ea\" class=\"has-inline-color\">Duraci\u00f3n:<\/mark><\/strong><mark style=\"background-color:#ffffff\" class=\"has-inline-color\"> 67\u2019<br><\/mark><strong><mark style=\"background-color:#ffffff;color:#b860ea\" class=\"has-inline-color\">Pa\u00eds:<\/mark><\/strong><mark style=\"background-color:#ffffff\" class=\"has-inline-color\"> Argentina<\/mark><\/p>\n\n\n\n<p style=\"font-style:normal;font-weight:200\"><strong><mark style=\"background-color:#ffffff;color:#b860ea\" class=\"has-inline-color\">Int\u00e9rpretes:<\/mark><\/strong><mark style=\"background-color:#ffffff\" class=\"has-inline-color\"> <\/mark>Natalia Oreiro, Pablo Cura, Matilde Creimer Chiabrando, Teo Inama Chiabrando<\/p>\n\n\n\n<p style=\"font-style:normal;font-weight:200\"><strong><mark style=\"background-color:#ffffff;color:#b860ea\" class=\"has-inline-color\">Producci\u00f3n:<\/mark><\/strong> Tarea Fina<\/p>\n<\/div>\n\n\n\n<div class=\"wp-block-column is-layout-flow wp-block-column-is-layout-flow\" style=\"flex-basis:66.66%\">\n<h3 class=\"wp-block-heading has-large-font-size\" style=\"font-style:normal;font-weight:100\"><mark style=\"background-color:#ffffff;color:#b860ea\" class=\"has-inline-color\">Sinopsis<\/mark><\/h3>\n\n\n\n<p style=\"font-style:normal;font-weight:200\">Eva esa noche se percibe diferente. Un hecho inesperado la transforma. Su cuerpo ya lo sabe pero la cabeza no logra organizarlo todav\u00eda. Su universo femenino puesto en tensi\u00f3n, sosteniendo lo insostenible en la estructura&nbsp; familiar. Desde esta noche, para ella todo ser\u00e1 distinto, aunque nada cambie.<\/p>\n<\/div>\n<\/div>\n\n\n\n<div style=\"height:49px\" aria-hidden=\"true\" class=\"wp-block-spacer\"><\/div>\n\n\n\n<div class=\"wp-block-columns is-layout-flex wp-container-core-columns-is-layout-28f84493 wp-block-columns-is-layout-flex\">\n<div class=\"wp-block-column is-layout-flow wp-block-column-is-layout-flow\"><\/div>\n\n\n\n<div class=\"wp-block-column is-layout-flow wp-block-column-is-layout-flow\"><\/div>\n<\/div>\n\n\n\n<p><\/p>\n","protected":false},"excerpt":{"rendered":"<p>Cine Entrerriano<br \/>\nEL MENSAJE (Iv\u00e1n Fund)<br \/>\n20:30 \u2013 CPC 1P SALA MAYOR<\/p>\n","protected":false},"featured_media":8218,"template":"","meta":[],"categoria":[262],"programacion":[270],"director":[332],"agenda":[],"lugar":[287],"horario":[296],"class_list":["post-8217","pelicula","type-pelicula","status-publish","has-post-thumbnail","hentry","categoria-correntada-cine-argentino","programacion-viernes-28-de-noviembre","director-maria-laura-berch-y-laura-chiabrando","lugar-cine-circulo","horario-296"],"_links":{"self":[{"href":"https:\/\/ficer.com.ar\/2025\/wp-json\/wp\/v2\/pelicula\/8217","targetHints":{"allow":["GET"]}}],"collection":[{"href":"https:\/\/ficer.com.ar\/2025\/wp-json\/wp\/v2\/pelicula"}],"about":[{"href":"https:\/\/ficer.com.ar\/2025\/wp-json\/wp\/v2\/types\/pelicula"}],"wp:featuredmedia":[{"embeddable":true,"href":"https:\/\/ficer.com.ar\/2025\/wp-json\/wp\/v2\/media\/8218"}],"wp:attachment":[{"href":"https:\/\/ficer.com.ar\/2025\/wp-json\/wp\/v2\/media?parent=8217"}],"wp:term":[{"taxonomy":"categoria","embeddable":true,"href":"https:\/\/ficer.com.ar\/2025\/wp-json\/wp\/v2\/categoria?post=8217"},{"taxonomy":"programacion","embeddable":true,"href":"https:\/\/ficer.com.ar\/2025\/wp-json\/wp\/v2\/programacion?post=8217"},{"taxonomy":"director","embeddable":true,"href":"https:\/\/ficer.com.ar\/2025\/wp-json\/wp\/v2\/director?post=8217"},{"taxonomy":"agenda","embeddable":true,"href":"https:\/\/ficer.com.ar\/2025\/wp-json\/wp\/v2\/agenda?post=8217"},{"taxonomy":"lugar","embeddable":true,"href":"https:\/\/ficer.com.ar\/2025\/wp-json\/wp\/v2\/lugar?post=8217"},{"taxonomy":"horario","embeddable":true,"href":"https:\/\/ficer.com.ar\/2025\/wp-json\/wp\/v2\/horario?post=8217"}],"curies":[{"name":"wp","href":"https:\/\/api.w.org\/{rel}","templated":true}]}}

LA NOCHE SIN MÍ

<figure class="wp-block-image size-full"><img fetchpriority="high" decoding="async" width="1600" height="1000" src="https://ficer.com.ar/2025/wp-content/uploads/2025/11/d.jpeg" alt="" class="wp-image-8218" srcset="https://ficer.com.ar/2025/wp-content/uploads/2025/11/d.jpeg 1600w, https://ficer.com.ar/2025/wp-content/uploads/2025/11/d-300x188.jpeg 300w, https://ficer.com.ar/2025/wp-content/uploads/2025/11/d-1024x640.jpeg 1024w, https://ficer.com.ar/2025/wp-content/uploads/2025/11/d-768x480.jpeg 768w, https://ficer.com.ar/2025/wp-content/uploads/2025/11/d-1536x960.jpeg 1536w" sizes="(max-width: 1600px) 100vw, 1600px" /></figure>



<div class="wp-block-columns is-layout-flex wp-container-core-columns-is-layout-28f84493 wp-block-columns-is-layout-flex">
<div class="wp-block-column is-layout-flow wp-block-column-is-layout-flow" style="flex-basis:33.33%">
<p style="font-style:normal;font-weight:200"><strong><mark style="background-color:#ffffff;color:#b860ea" class="has-inline-color">Dirección:</mark></strong><mark style="background-color:#ffffff" class="has-inline-color"> </mark>María Laura Berch, Laura Chiabrando<br><strong><mark style="background-color:#ffffff;color:#b860ea" class="has-inline-color">Año:</mark></strong><mark style="background-color:#ffffff" class="has-inline-color"> 2025<br></mark><strong><mark style="background-color:#ffffff;color:#b860ea" class="has-inline-color">Duración:</mark></strong><mark style="background-color:#ffffff" class="has-inline-color"> 67’<br></mark><strong><mark style="background-color:#ffffff;color:#b860ea" class="has-inline-color">País:</mark></strong><mark style="background-color:#ffffff" class="has-inline-color"> Argentina</mark></p>



<p style="font-style:normal;font-weight:200"><strong><mark style="background-color:#ffffff;color:#b860ea" class="has-inline-color">Intérpretes:</mark></strong><mark style="background-color:#ffffff" class="has-inline-color"> </mark>Natalia Oreiro, Pablo Cura, Matilde Creimer Chiabrando, Teo Inama Chiabrando</p>



<p style="font-style:normal;font-weight:200"><strong><mark style="background-color:#ffffff;color:#b860ea" class="has-inline-color">Producción:</mark></strong> Tarea Fina</p>
</div>



<div class="wp-block-column is-layout-flow wp-block-column-is-layout-flow" style="flex-basis:66.66%">
<h3 class="wp-block-heading has-large-font-size" style="font-style:normal;font-weight:100"><mark style="background-color:#ffffff;color:#b860ea" class="has-inline-color">Sinopsis</mark></h3>



<p style="font-style:normal;font-weight:200">Eva esa noche se percibe diferente. Un hecho inesperado la transforma. Su cuerpo ya lo sabe pero la cabeza no logra organizarlo todavía. Su universo femenino puesto en tensión, sosteniendo lo insostenible en la estructura&nbsp; familiar. Desde esta noche, para ella todo será distinto, aunque nada cambie.</p>
</div>
</div>



<div style="height:49px" aria-hidden="true" class="wp-block-spacer"></div>



<div class="wp-block-columns is-layout-flex wp-container-core-columns-is-layout-28f84493 wp-block-columns-is-layout-flex">
<div class="wp-block-column is-layout-flow wp-block-column-is-layout-flow"></div>



<div class="wp-block-column is-layout-flow wp-block-column-is-layout-flow"></div>
</div>



<p></p>

<p>Cine Entrerriano<br />
EL MENSAJE (Iván Fund)<br />
20:30 – CPC 1P SALA MAYOR</p>
