{"id":8219,"date":"2025-11-15T10:01:55","date_gmt":"2025-11-15T13:01:55","guid":{"rendered":"https:\/\/ficer.com.ar\/2025\/?post_type=pelicula&#038;p=8219"},"modified":"2025-11-18T10:03:45","modified_gmt":"2025-11-18T13:03:45","slug":"temporada-de-rescate","status":"publish","type":"pelicula","link":"https:\/\/ficer.com.ar\/2025\/pelicula\/temporada-de-rescate\/","title":{"rendered":"TEMPORADA DE RESCATE"},"content":{"rendered":"\n<figure class=\"wp-block-image size-full\"><img fetchpriority=\"high\" decoding=\"async\" width=\"2560\" height=\"1600\" src=\"https:\/\/ficer.com.ar\/2025\/wp-content\/uploads\/2025\/11\/LazaroBlanco_2-scaled.png\" alt=\"\" class=\"wp-image-8223\" srcset=\"https:\/\/ficer.com.ar\/2025\/wp-content\/uploads\/2025\/11\/LazaroBlanco_2-scaled.png 2560w, https:\/\/ficer.com.ar\/2025\/wp-content\/uploads\/2025\/11\/LazaroBlanco_2-300x188.png 300w, https:\/\/ficer.com.ar\/2025\/wp-content\/uploads\/2025\/11\/LazaroBlanco_2-1024x640.png 1024w, https:\/\/ficer.com.ar\/2025\/wp-content\/uploads\/2025\/11\/LazaroBlanco_2-768x480.png 768w, https:\/\/ficer.com.ar\/2025\/wp-content\/uploads\/2025\/11\/LazaroBlanco_2-1536x960.png 1536w, https:\/\/ficer.com.ar\/2025\/wp-content\/uploads\/2025\/11\/LazaroBlanco_2-2048x1280.png 2048w\" sizes=\"(max-width: 2560px) 100vw, 2560px\" \/><\/figure>\n\n\n\n<div class=\"wp-block-columns is-layout-flex wp-container-core-columns-is-layout-28f84493 wp-block-columns-is-layout-flex\">\n<div class=\"wp-block-column is-layout-flow wp-block-column-is-layout-flow\" style=\"flex-basis:33.33%\">\n<p style=\"font-style:normal;font-weight:200\"><strong><mark style=\"background-color:#ffffff;color:#e83a4c\" class=\"has-inline-color\">Direcci\u00f3n:<\/mark><\/strong><mark style=\"background-color:#ffffff\" class=\"has-inline-color\"> <\/mark>L\u00f3pez\/Cazes, Dubosc, Coll<br><strong><mark style=\"background-color:#ffffff;color:#e83a4c\" class=\"has-inline-color\">A\u00f1o:<\/mark><\/strong><mark style=\"background-color:#ffffff\" class=\"has-inline-color\"> 2025<br><\/mark><strong><mark style=\"background-color:#ffffff;color:#e83a4c\" class=\"has-inline-color\">Duraci\u00f3n:<\/mark><\/strong><mark style=\"background-color:#ffffff\" class=\"has-inline-color\"> &#8211;<br><\/mark><strong><mark style=\"background-color:#ffffff;color:#e83a4c\" class=\"has-inline-color\">Pa\u00eds:<\/mark><\/strong><mark style=\"background-color:#ffffff\" class=\"has-inline-color\"> &#8211;<\/mark><\/p>\n\n\n\n<p style=\"font-style:normal;font-weight:200\"><strong><mark style=\"background-color:#ffffff;color:#e83a4c\" class=\"has-inline-color\">Int\u00e9rpretes:<\/mark><\/strong><mark style=\"background-color:#ffffff\" class=\"has-inline-color\"> <\/mark>&#8211;<\/p>\n\n\n\n<p style=\"font-style:normal;font-weight:200\"><strong><mark style=\"background-color:#ffffff;color:#e83a4c\" class=\"has-inline-color\">Producci\u00f3n:<\/mark><\/strong> &#8211;<\/p>\n<\/div>\n\n\n\n<div class=\"wp-block-column is-layout-flow wp-block-column-is-layout-flow\" style=\"flex-basis:66.66%\">\n<h3 class=\"wp-block-heading has-large-font-size\" style=\"font-style:normal;font-weight:100\"><mark style=\"background-color:#ffffff;color:#e83a4c\" class=\"has-inline-color\">Sinopsis<\/mark><\/h3>\n\n\n\n<p style=\"font-style:normal;font-weight:200\">Este programa re\u00fane tres cortometrajes recuperados que dialogan entre mito, territorio y mirada. <em>L\u00e1zaro Blanco, una leyenda de 100 a\u00f1os<\/em> (Rolando L\u00f3pez y Luis Cazes) rescata al m\u00edtico personaje entrerriano narrado por Linares Cardozo; <em>Kuarahy Ohecha (El sol lo vi\u00f3)<\/em> (Dominique Dubosc) observa con sensibilidad etnogr\u00e1fica la vida de una familia campesina paraguaya en 1968; y <em>La doma<\/em> (Patricio Coll) retrata el v\u00ednculo entre el hombre, el caballo y la tierra en una estancia de Entre R\u00edos.<\/p>\n<\/div>\n<\/div>\n\n\n\n<div style=\"height:49px\" aria-hidden=\"true\" class=\"wp-block-spacer\"><\/div>\n\n\n\n<div class=\"wp-block-columns is-layout-flex wp-container-core-columns-is-layout-28f84493 wp-block-columns-is-layout-flex\">\n<div class=\"wp-block-column is-layout-flow wp-block-column-is-layout-flow\"><\/div>\n\n\n\n<div class=\"wp-block-column is-layout-flow wp-block-column-is-layout-flow\"><\/div>\n<\/div>\n\n\n\n<p><\/p>\n","protected":false},"excerpt":{"rendered":"<p>Cine Entrerriano<br \/>\nEL MENSAJE (Iv\u00e1n Fund)<br \/>\n20:30 \u2013 CPC 1P SALA MAYOR<\/p>\n","protected":false},"featured_media":8223,"template":"","meta":[],"categoria":[261],"programacion":[270],"director":[351],"agenda":[],"lugar":[295],"horario":[275],"class_list":["post-8219","pelicula","type-pelicula","status-publish","has-post-thumbnail","hentry","categoria-cinemateca-presenta","programacion-viernes-28-de-noviembre","director-lopez-cazes-dubosc-coll","lugar-sala-noble","horario-275"],"_links":{"self":[{"href":"https:\/\/ficer.com.ar\/2025\/wp-json\/wp\/v2\/pelicula\/8219","targetHints":{"allow":["GET"]}}],"collection":[{"href":"https:\/\/ficer.com.ar\/2025\/wp-json\/wp\/v2\/pelicula"}],"about":[{"href":"https:\/\/ficer.com.ar\/2025\/wp-json\/wp\/v2\/types\/pelicula"}],"wp:featuredmedia":[{"embeddable":true,"href":"https:\/\/ficer.com.ar\/2025\/wp-json\/wp\/v2\/media\/8223"}],"wp:attachment":[{"href":"https:\/\/ficer.com.ar\/2025\/wp-json\/wp\/v2\/media?parent=8219"}],"wp:term":[{"taxonomy":"categoria","embeddable":true,"href":"https:\/\/ficer.com.ar\/2025\/wp-json\/wp\/v2\/categoria?post=8219"},{"taxonomy":"programacion","embeddable":true,"href":"https:\/\/ficer.com.ar\/2025\/wp-json\/wp\/v2\/programacion?post=8219"},{"taxonomy":"director","embeddable":true,"href":"https:\/\/ficer.com.ar\/2025\/wp-json\/wp\/v2\/director?post=8219"},{"taxonomy":"agenda","embeddable":true,"href":"https:\/\/ficer.com.ar\/2025\/wp-json\/wp\/v2\/agenda?post=8219"},{"taxonomy":"lugar","embeddable":true,"href":"https:\/\/ficer.com.ar\/2025\/wp-json\/wp\/v2\/lugar?post=8219"},{"taxonomy":"horario","embeddable":true,"href":"https:\/\/ficer.com.ar\/2025\/wp-json\/wp\/v2\/horario?post=8219"}],"curies":[{"name":"wp","href":"https:\/\/api.w.org\/{rel}","templated":true}]}}

<figure class="wp-block-image size-full"><img fetchpriority="high" decoding="async" width="2560" height="1600" src="https://ficer.com.ar/2025/wp-content/uploads/2025/11/LazaroBlanco_2-scaled.png" alt="" class="wp-image-8223" srcset="https://ficer.com.ar/2025/wp-content/uploads/2025/11/LazaroBlanco_2-scaled.png 2560w, https://ficer.com.ar/2025/wp-content/uploads/2025/11/LazaroBlanco_2-300x188.png 300w, https://ficer.com.ar/2025/wp-content/uploads/2025/11/LazaroBlanco_2-1024x640.png 1024w, https://ficer.com.ar/2025/wp-content/uploads/2025/11/LazaroBlanco_2-768x480.png 768w, https://ficer.com.ar/2025/wp-content/uploads/2025/11/LazaroBlanco_2-1536x960.png 1536w, https://ficer.com.ar/2025/wp-content/uploads/2025/11/LazaroBlanco_2-2048x1280.png 2048w" sizes="(max-width: 2560px) 100vw, 2560px" /></figure>



<div class="wp-block-columns is-layout-flex wp-container-core-columns-is-layout-28f84493 wp-block-columns-is-layout-flex">
<div class="wp-block-column is-layout-flow wp-block-column-is-layout-flow" style="flex-basis:33.33%">
<p style="font-style:normal;font-weight:200"><strong><mark style="background-color:#ffffff;color:#e83a4c" class="has-inline-color">Dirección:</mark></strong><mark style="background-color:#ffffff" class="has-inline-color"> </mark>López/Cazes, Dubosc, Coll<br><strong><mark style="background-color:#ffffff;color:#e83a4c" class="has-inline-color">Año:</mark></strong><mark style="background-color:#ffffff" class="has-inline-color"> 2025<br></mark><strong><mark style="background-color:#ffffff;color:#e83a4c" class="has-inline-color">Duración:</mark></strong><mark style="background-color:#ffffff" class="has-inline-color"> &#8211;<br></mark><strong><mark style="background-color:#ffffff;color:#e83a4c" class="has-inline-color">País:</mark></strong><mark style="background-color:#ffffff" class="has-inline-color"> &#8211;</mark></p>



<p style="font-style:normal;font-weight:200"><strong><mark style="background-color:#ffffff;color:#e83a4c" class="has-inline-color">Intérpretes:</mark></strong><mark style="background-color:#ffffff" class="has-inline-color"> </mark>&#8211;</p>



<p style="font-style:normal;font-weight:200"><strong><mark style="background-color:#ffffff;color:#e83a4c" class="has-inline-color">Producción:</mark></strong> &#8211;</p>
</div>



<div class="wp-block-column is-layout-flow wp-block-column-is-layout-flow" style="flex-basis:66.66%">
<h3 class="wp-block-heading has-large-font-size" style="font-style:normal;font-weight:100"><mark style="background-color:#ffffff;color:#e83a4c" class="has-inline-color">Sinopsis</mark></h3>



<p style="font-style:normal;font-weight:200">Este programa reúne tres cortometrajes recuperados que dialogan entre mito, territorio y mirada. <em>Lázaro Blanco, una leyenda de 100 años</em> (Rolando López y Luis Cazes) rescata al mítico personaje entrerriano narrado por Linares Cardozo; <em>Kuarahy Ohecha (El sol lo vió)</em> (Dominique Dubosc) observa con sensibilidad etnográfica la vida de una familia campesina paraguaya en 1968; y <em>La doma</em> (Patricio Coll) retrata el vínculo entre el hombre, el caballo y la tierra en una estancia de Entre Ríos.</p>
</div>
</div>



<div style="height:49px" aria-hidden="true" class="wp-block-spacer"></div>



<div class="wp-block-columns is-layout-flex wp-container-core-columns-is-layout-28f84493 wp-block-columns-is-layout-flex">
<div class="wp-block-column is-layout-flow wp-block-column-is-layout-flow"></div>



<div class="wp-block-column is-layout-flow wp-block-column-is-layout-flow"></div>
</div>



<p></p>

<p>Cine Entrerriano<br />
EL MENSAJE (Iván Fund)<br />
20:30 – CPC 1P SALA MAYOR</p>
