{"id":8224,"date":"2025-11-15T10:36:52","date_gmt":"2025-11-15T13:36:52","guid":{"rendered":"https:\/\/ficer.com.ar\/2025\/?post_type=pelicula&#038;p=8224"},"modified":"2025-11-18T10:03:34","modified_gmt":"2025-11-18T13:03:34","slug":"belen","status":"publish","type":"pelicula","link":"https:\/\/ficer.com.ar\/2025\/pelicula\/belen\/","title":{"rendered":"BEL\u00c9N"},"content":{"rendered":"\n<figure class=\"wp-block-image size-full\"><img fetchpriority=\"high\" decoding=\"async\" width=\"1280\" height=\"770\" src=\"https:\/\/ficer.com.ar\/2025\/wp-content\/uploads\/2025\/11\/Belen.webp\" alt=\"\" class=\"wp-image-8225\" srcset=\"https:\/\/ficer.com.ar\/2025\/wp-content\/uploads\/2025\/11\/Belen.webp 1280w, https:\/\/ficer.com.ar\/2025\/wp-content\/uploads\/2025\/11\/Belen-300x180.webp 300w, https:\/\/ficer.com.ar\/2025\/wp-content\/uploads\/2025\/11\/Belen-1024x616.webp 1024w, https:\/\/ficer.com.ar\/2025\/wp-content\/uploads\/2025\/11\/Belen-768x462.webp 768w\" sizes=\"(max-width: 1280px) 100vw, 1280px\" \/><\/figure>\n\n\n\n<div class=\"wp-block-columns is-layout-flex wp-container-core-columns-is-layout-28f84493 wp-block-columns-is-layout-flex\">\n<div class=\"wp-block-column is-layout-flow wp-block-column-is-layout-flow\" style=\"flex-basis:33.33%\">\n<p style=\"font-style:normal;font-weight:200\"><strong><mark style=\"background-color:#ffffff;color:#b860ea\" class=\"has-inline-color\">Direcci\u00f3n:<\/mark><\/strong><mark style=\"background-color:#ffffff\" class=\"has-inline-color\"> <\/mark>Dolores Fonzi<br><strong><mark style=\"background-color:#ffffff;color:#b860ea\" class=\"has-inline-color\">A\u00f1o:<\/mark><\/strong><mark style=\"background-color:#ffffff\" class=\"has-inline-color\"> 2025<br><\/mark><strong><mark style=\"background-color:#ffffff;color:#b860ea\" class=\"has-inline-color\">Duraci\u00f3n:<\/mark><\/strong><mark style=\"background-color:#ffffff\" class=\"has-inline-color\"> 105\u2019<br><\/mark><strong><mark style=\"background-color:#ffffff;color:#b860ea\" class=\"has-inline-color\">Pa\u00eds:<\/mark><\/strong><mark style=\"background-color:#ffffff\" class=\"has-inline-color\"> Argentina<\/mark><\/p>\n\n\n\n<p style=\"font-style:normal;font-weight:200\"><strong><mark style=\"background-color:#ffffff;color:#b860ea\" class=\"has-inline-color\">Int\u00e9rpretes:<\/mark><\/strong><mark style=\"background-color:#ffffff\" class=\"has-inline-color\"> <\/mark>Dolores Fonzi, Camila Plaate, Laura Paredes, Julieta Cardinali, Luis Mach\u00edn, C\u00e9sar Troncoso<\/p>\n\n\n\n<p style=\"font-style:normal;font-weight:200\"><strong><mark style=\"background-color:#ffffff;color:#b860ea\" class=\"has-inline-color\">Producci\u00f3n:<\/mark><\/strong> K&amp;S Films (Argentina), Leticia Cristi, Mat\u00edas Mosteir\u00edn<\/p>\n<\/div>\n\n\n\n<div class=\"wp-block-column is-layout-flow wp-block-column-is-layout-flow\" style=\"flex-basis:66.66%\">\n<h3 class=\"wp-block-heading has-large-font-size\" style=\"font-style:normal;font-weight:100\"><mark style=\"background-color:#ffffff;color:#b860ea\" class=\"has-inline-color\">Sinopsis<\/mark><\/h3>\n\n\n\n<p style=\"font-style:normal;font-weight:200\">Tucum\u00e1n, Argentina, 2014; una joven ingresa a un hospital con un severo dolor abdominal, sin saber que est\u00e1 embarazada. Despierta esposada a la camilla y rodeada de polic\u00edas. Es acusada de haberse provocado un aborto y, luego de dos a\u00f1os en prisi\u00f3n preventiva, es sentenciada a ocho a\u00f1os de prisi\u00f3n por homicidio agravado por el v\u00ednculo. Una abogada tucumana luchar\u00e1 por su libertad junto al apoyo de miles de mujeres y organizaciones, quienes se unir\u00e1n para cambiar el curso de la historia.<\/p>\n<\/div>\n<\/div>\n\n\n\n<div style=\"height:49px\" aria-hidden=\"true\" class=\"wp-block-spacer\"><\/div>\n\n\n\n<div class=\"wp-block-columns is-layout-flex wp-container-core-columns-is-layout-28f84493 wp-block-columns-is-layout-flex\">\n<div class=\"wp-block-column is-layout-flow wp-block-column-is-layout-flow\"><\/div>\n\n\n\n<div class=\"wp-block-column is-layout-flow wp-block-column-is-layout-flow\"><\/div>\n<\/div>\n\n\n\n<p><\/p>\n","protected":false},"excerpt":{"rendered":"<p>Cine Entrerriano<br \/>\nEL MENSAJE (Iv\u00e1n Fund)<br \/>\n20:30 \u2013 CPC 1P SALA MAYOR<\/p>\n","protected":false},"featured_media":8225,"template":"","meta":[],"categoria":[262],"programacion":[270],"director":[333],"agenda":[],"lugar":[274],"horario":[277],"class_list":["post-8224","pelicula","type-pelicula","status-publish","has-post-thumbnail","hentry","categoria-correntada-cine-argentino","programacion-viernes-28-de-noviembre","director-dolores-fonzi","lugar-cpc-1p-sala-mayor","horario-277"],"_links":{"self":[{"href":"https:\/\/ficer.com.ar\/2025\/wp-json\/wp\/v2\/pelicula\/8224","targetHints":{"allow":["GET"]}}],"collection":[{"href":"https:\/\/ficer.com.ar\/2025\/wp-json\/wp\/v2\/pelicula"}],"about":[{"href":"https:\/\/ficer.com.ar\/2025\/wp-json\/wp\/v2\/types\/pelicula"}],"wp:featuredmedia":[{"embeddable":true,"href":"https:\/\/ficer.com.ar\/2025\/wp-json\/wp\/v2\/media\/8225"}],"wp:attachment":[{"href":"https:\/\/ficer.com.ar\/2025\/wp-json\/wp\/v2\/media?parent=8224"}],"wp:term":[{"taxonomy":"categoria","embeddable":true,"href":"https:\/\/ficer.com.ar\/2025\/wp-json\/wp\/v2\/categoria?post=8224"},{"taxonomy":"programacion","embeddable":true,"href":"https:\/\/ficer.com.ar\/2025\/wp-json\/wp\/v2\/programacion?post=8224"},{"taxonomy":"director","embeddable":true,"href":"https:\/\/ficer.com.ar\/2025\/wp-json\/wp\/v2\/director?post=8224"},{"taxonomy":"agenda","embeddable":true,"href":"https:\/\/ficer.com.ar\/2025\/wp-json\/wp\/v2\/agenda?post=8224"},{"taxonomy":"lugar","embeddable":true,"href":"https:\/\/ficer.com.ar\/2025\/wp-json\/wp\/v2\/lugar?post=8224"},{"taxonomy":"horario","embeddable":true,"href":"https:\/\/ficer.com.ar\/2025\/wp-json\/wp\/v2\/horario?post=8224"}],"curies":[{"name":"wp","href":"https:\/\/api.w.org\/{rel}","templated":true}]}}

BELÉN

<figure class="wp-block-image size-full"><img fetchpriority="high" decoding="async" width="1280" height="770" src="https://ficer.com.ar/2025/wp-content/uploads/2025/11/Belen.webp" alt="" class="wp-image-8225" srcset="https://ficer.com.ar/2025/wp-content/uploads/2025/11/Belen.webp 1280w, https://ficer.com.ar/2025/wp-content/uploads/2025/11/Belen-300x180.webp 300w, https://ficer.com.ar/2025/wp-content/uploads/2025/11/Belen-1024x616.webp 1024w, https://ficer.com.ar/2025/wp-content/uploads/2025/11/Belen-768x462.webp 768w" sizes="(max-width: 1280px) 100vw, 1280px" /></figure>



<div class="wp-block-columns is-layout-flex wp-container-core-columns-is-layout-28f84493 wp-block-columns-is-layout-flex">
<div class="wp-block-column is-layout-flow wp-block-column-is-layout-flow" style="flex-basis:33.33%">
<p style="font-style:normal;font-weight:200"><strong><mark style="background-color:#ffffff;color:#b860ea" class="has-inline-color">Dirección:</mark></strong><mark style="background-color:#ffffff" class="has-inline-color"> </mark>Dolores Fonzi<br><strong><mark style="background-color:#ffffff;color:#b860ea" class="has-inline-color">Año:</mark></strong><mark style="background-color:#ffffff" class="has-inline-color"> 2025<br></mark><strong><mark style="background-color:#ffffff;color:#b860ea" class="has-inline-color">Duración:</mark></strong><mark style="background-color:#ffffff" class="has-inline-color"> 105’<br></mark><strong><mark style="background-color:#ffffff;color:#b860ea" class="has-inline-color">País:</mark></strong><mark style="background-color:#ffffff" class="has-inline-color"> Argentina</mark></p>



<p style="font-style:normal;font-weight:200"><strong><mark style="background-color:#ffffff;color:#b860ea" class="has-inline-color">Intérpretes:</mark></strong><mark style="background-color:#ffffff" class="has-inline-color"> </mark>Dolores Fonzi, Camila Plaate, Laura Paredes, Julieta Cardinali, Luis Machín, César Troncoso</p>



<p style="font-style:normal;font-weight:200"><strong><mark style="background-color:#ffffff;color:#b860ea" class="has-inline-color">Producción:</mark></strong> K&amp;S Films (Argentina), Leticia Cristi, Matías Mosteirín</p>
</div>



<div class="wp-block-column is-layout-flow wp-block-column-is-layout-flow" style="flex-basis:66.66%">
<h3 class="wp-block-heading has-large-font-size" style="font-style:normal;font-weight:100"><mark style="background-color:#ffffff;color:#b860ea" class="has-inline-color">Sinopsis</mark></h3>



<p style="font-style:normal;font-weight:200">Tucumán, Argentina, 2014; una joven ingresa a un hospital con un severo dolor abdominal, sin saber que está embarazada. Despierta esposada a la camilla y rodeada de policías. Es acusada de haberse provocado un aborto y, luego de dos años en prisión preventiva, es sentenciada a ocho años de prisión por homicidio agravado por el vínculo. Una abogada tucumana luchará por su libertad junto al apoyo de miles de mujeres y organizaciones, quienes se unirán para cambiar el curso de la historia.</p>
</div>
</div>



<div style="height:49px" aria-hidden="true" class="wp-block-spacer"></div>



<div class="wp-block-columns is-layout-flex wp-container-core-columns-is-layout-28f84493 wp-block-columns-is-layout-flex">
<div class="wp-block-column is-layout-flow wp-block-column-is-layout-flow"></div>



<div class="wp-block-column is-layout-flow wp-block-column-is-layout-flow"></div>
</div>



<p></p>

<p>Cine Entrerriano<br />
EL MENSAJE (Iván Fund)<br />
20:30 – CPC 1P SALA MAYOR</p>
