{"id":8226,"date":"2025-11-15T10:39:53","date_gmt":"2025-11-15T13:39:53","guid":{"rendered":"https:\/\/ficer.com.ar\/2025\/?post_type=pelicula&#038;p=8226"},"modified":"2025-11-18T10:03:20","modified_gmt":"2025-11-18T13:03:20","slug":"la-noche-esta-marchandose-ya","status":"publish","type":"pelicula","link":"https:\/\/ficer.com.ar\/2025\/pelicula\/la-noche-esta-marchandose-ya\/","title":{"rendered":"LA NOCHE EST\u00c1 MARCH\u00c1NDOSE YA"},"content":{"rendered":"\n<figure class=\"wp-block-image size-full\"><img fetchpriority=\"high\" decoding=\"async\" width=\"1998\" height=\"1080\" src=\"https:\/\/ficer.com.ar\/2025\/wp-content\/uploads\/2025\/11\/LNEMY.png\" alt=\"\" class=\"wp-image-8227\" srcset=\"https:\/\/ficer.com.ar\/2025\/wp-content\/uploads\/2025\/11\/LNEMY.png 1998w, https:\/\/ficer.com.ar\/2025\/wp-content\/uploads\/2025\/11\/LNEMY-300x162.png 300w, https:\/\/ficer.com.ar\/2025\/wp-content\/uploads\/2025\/11\/LNEMY-1024x554.png 1024w, https:\/\/ficer.com.ar\/2025\/wp-content\/uploads\/2025\/11\/LNEMY-768x415.png 768w, https:\/\/ficer.com.ar\/2025\/wp-content\/uploads\/2025\/11\/LNEMY-1536x830.png 1536w\" sizes=\"(max-width: 1998px) 100vw, 1998px\" \/><\/figure>\n\n\n\n<div class=\"wp-block-columns is-layout-flex wp-container-core-columns-is-layout-28f84493 wp-block-columns-is-layout-flex\">\n<div class=\"wp-block-column is-layout-flow wp-block-column-is-layout-flow\" style=\"flex-basis:33.33%\">\n<p style=\"font-style:normal;font-weight:200\"><strong><mark style=\"background-color:#ffffff;color:#0f56aa\" class=\"has-inline-color\">Direcci\u00f3n:<\/mark><\/strong><mark style=\"background-color:#ffffff\" class=\"has-inline-color\"> <\/mark>Ezequiel Salinas, Ramiro Sonzini<br><strong><mark style=\"background-color:#ffffff;color:#0f56aa\" class=\"has-inline-color\">A\u00f1o:<\/mark><\/strong><mark style=\"background-color:#ffffff\" class=\"has-inline-color\"> 2025<br><\/mark><strong><mark style=\"background-color:#ffffff;color:#0f56aa\" class=\"has-inline-color\">Duraci\u00f3n:<\/mark><\/strong><mark style=\"background-color:#ffffff\" class=\"has-inline-color\"> 104\u2019<br><\/mark><strong><mark style=\"background-color:#ffffff;color:#0f56aa\" class=\"has-inline-color\">Pa\u00eds:<\/mark><\/strong><mark style=\"background-color:#ffffff\" class=\"has-inline-color\"> Argentina<\/mark><\/p>\n\n\n\n<p style=\"font-style:normal;font-weight:200\"><strong><mark style=\"background-color:#ffffff;color:#0f56aa\" class=\"has-inline-color\">Int\u00e9rpretes:<\/mark><\/strong><mark style=\"background-color:#ffffff\" class=\"has-inline-color\"> <\/mark>Octavio Bertone, Juana Oviedo, Rodrigo Fierro, Fabi\u00e1n Costa, Lionel Castelli<\/p>\n\n\n\n<p style=\"font-style:normal;font-weight:200\"><strong><mark style=\"background-color:#ffffff;color:#0f56aa\" class=\"has-inline-color\">Producci\u00f3n:<\/mark><\/strong> Eva C\u00e1ceres y Pablo Piedras<\/p>\n<\/div>\n\n\n\n<div class=\"wp-block-column is-layout-flow wp-block-column-is-layout-flow\" style=\"flex-basis:66.66%\">\n<h3 class=\"wp-block-heading has-large-font-size\" style=\"font-style:normal;font-weight:100\"><mark style=\"background-color:#ffffff;color:#0f56aa\" class=\"has-inline-color\">Sinopsis<\/mark><\/h3>\n\n\n\n<p style=\"font-style:normal;font-weight:200\">Pelu, treinta\u00f1ero, es el modesto proyectorista de un cineclub municipal. Ante la crisis debe convertirse en sereno nocturno del cine y, con el tiempo, la sala deviene en su hogar. Progresivamente se inicia la formaci\u00f3n de una peque\u00f1a comunidad que habita el cine tras el horario de cierre. La precaria condici\u00f3n econ\u00f3mica en que viven tambi\u00e9n es parte de una crisis generalizada que amenaza con cerrar el cine y poner en riesgo esta peque\u00f1a colectividad.<\/p>\n<\/div>\n<\/div>\n\n\n\n<div style=\"height:49px\" aria-hidden=\"true\" class=\"wp-block-spacer\"><\/div>\n\n\n\n<div class=\"wp-block-columns is-layout-flex wp-container-core-columns-is-layout-28f84493 wp-block-columns-is-layout-flex\">\n<div class=\"wp-block-column is-layout-flow wp-block-column-is-layout-flow\"><\/div>\n\n\n\n<div class=\"wp-block-column is-layout-flow wp-block-column-is-layout-flow\"><\/div>\n<\/div>\n\n\n\n<p><\/p>\n","protected":false},"excerpt":{"rendered":"<p>Cine Entrerriano<br \/>\nEL MENSAJE (Iv\u00e1n Fund)<br \/>\n20:30 \u2013 CPC 1P SALA MAYOR<\/p>\n","protected":false},"featured_media":8227,"template":"","meta":[],"categoria":[266],"programacion":[270],"director":[334],"agenda":[],"lugar":[278],"horario":[277],"class_list":["post-8226","pelicula","type-pelicula","status-publish","has-post-thumbnail","hentry","categoria-seccion-oficial","programacion-viernes-28-de-noviembre","director-ezequiel-salinas-y-ramiro-sonzini","lugar-sala-veronica-kuttel-vieja-usina","horario-277"],"_links":{"self":[{"href":"https:\/\/ficer.com.ar\/2025\/wp-json\/wp\/v2\/pelicula\/8226","targetHints":{"allow":["GET"]}}],"collection":[{"href":"https:\/\/ficer.com.ar\/2025\/wp-json\/wp\/v2\/pelicula"}],"about":[{"href":"https:\/\/ficer.com.ar\/2025\/wp-json\/wp\/v2\/types\/pelicula"}],"wp:featuredmedia":[{"embeddable":true,"href":"https:\/\/ficer.com.ar\/2025\/wp-json\/wp\/v2\/media\/8227"}],"wp:attachment":[{"href":"https:\/\/ficer.com.ar\/2025\/wp-json\/wp\/v2\/media?parent=8226"}],"wp:term":[{"taxonomy":"categoria","embeddable":true,"href":"https:\/\/ficer.com.ar\/2025\/wp-json\/wp\/v2\/categoria?post=8226"},{"taxonomy":"programacion","embeddable":true,"href":"https:\/\/ficer.com.ar\/2025\/wp-json\/wp\/v2\/programacion?post=8226"},{"taxonomy":"director","embeddable":true,"href":"https:\/\/ficer.com.ar\/2025\/wp-json\/wp\/v2\/director?post=8226"},{"taxonomy":"agenda","embeddable":true,"href":"https:\/\/ficer.com.ar\/2025\/wp-json\/wp\/v2\/agenda?post=8226"},{"taxonomy":"lugar","embeddable":true,"href":"https:\/\/ficer.com.ar\/2025\/wp-json\/wp\/v2\/lugar?post=8226"},{"taxonomy":"horario","embeddable":true,"href":"https:\/\/ficer.com.ar\/2025\/wp-json\/wp\/v2\/horario?post=8226"}],"curies":[{"name":"wp","href":"https:\/\/api.w.org\/{rel}","templated":true}]}}

LA NOCHE ESTÁ MARCHÁNDOSE YA

<figure class="wp-block-image size-full"><img fetchpriority="high" decoding="async" width="1998" height="1080" src="https://ficer.com.ar/2025/wp-content/uploads/2025/11/LNEMY.png" alt="" class="wp-image-8227" srcset="https://ficer.com.ar/2025/wp-content/uploads/2025/11/LNEMY.png 1998w, https://ficer.com.ar/2025/wp-content/uploads/2025/11/LNEMY-300x162.png 300w, https://ficer.com.ar/2025/wp-content/uploads/2025/11/LNEMY-1024x554.png 1024w, https://ficer.com.ar/2025/wp-content/uploads/2025/11/LNEMY-768x415.png 768w, https://ficer.com.ar/2025/wp-content/uploads/2025/11/LNEMY-1536x830.png 1536w" sizes="(max-width: 1998px) 100vw, 1998px" /></figure>



<div class="wp-block-columns is-layout-flex wp-container-core-columns-is-layout-28f84493 wp-block-columns-is-layout-flex">
<div class="wp-block-column is-layout-flow wp-block-column-is-layout-flow" style="flex-basis:33.33%">
<p style="font-style:normal;font-weight:200"><strong><mark style="background-color:#ffffff;color:#0f56aa" class="has-inline-color">Dirección:</mark></strong><mark style="background-color:#ffffff" class="has-inline-color"> </mark>Ezequiel Salinas, Ramiro Sonzini<br><strong><mark style="background-color:#ffffff;color:#0f56aa" class="has-inline-color">Año:</mark></strong><mark style="background-color:#ffffff" class="has-inline-color"> 2025<br></mark><strong><mark style="background-color:#ffffff;color:#0f56aa" class="has-inline-color">Duración:</mark></strong><mark style="background-color:#ffffff" class="has-inline-color"> 104’<br></mark><strong><mark style="background-color:#ffffff;color:#0f56aa" class="has-inline-color">País:</mark></strong><mark style="background-color:#ffffff" class="has-inline-color"> Argentina</mark></p>



<p style="font-style:normal;font-weight:200"><strong><mark style="background-color:#ffffff;color:#0f56aa" class="has-inline-color">Intérpretes:</mark></strong><mark style="background-color:#ffffff" class="has-inline-color"> </mark>Octavio Bertone, Juana Oviedo, Rodrigo Fierro, Fabián Costa, Lionel Castelli</p>



<p style="font-style:normal;font-weight:200"><strong><mark style="background-color:#ffffff;color:#0f56aa" class="has-inline-color">Producción:</mark></strong> Eva Cáceres y Pablo Piedras</p>
</div>



<div class="wp-block-column is-layout-flow wp-block-column-is-layout-flow" style="flex-basis:66.66%">
<h3 class="wp-block-heading has-large-font-size" style="font-style:normal;font-weight:100"><mark style="background-color:#ffffff;color:#0f56aa" class="has-inline-color">Sinopsis</mark></h3>



<p style="font-style:normal;font-weight:200">Pelu, treintañero, es el modesto proyectorista de un cineclub municipal. Ante la crisis debe convertirse en sereno nocturno del cine y, con el tiempo, la sala deviene en su hogar. Progresivamente se inicia la formación de una pequeña comunidad que habita el cine tras el horario de cierre. La precaria condición económica en que viven también es parte de una crisis generalizada que amenaza con cerrar el cine y poner en riesgo esta pequeña colectividad.</p>
</div>
</div>



<div style="height:49px" aria-hidden="true" class="wp-block-spacer"></div>



<div class="wp-block-columns is-layout-flex wp-container-core-columns-is-layout-28f84493 wp-block-columns-is-layout-flex">
<div class="wp-block-column is-layout-flow wp-block-column-is-layout-flow"></div>



<div class="wp-block-column is-layout-flow wp-block-column-is-layout-flow"></div>
</div>



<p></p>

<p>Cine Entrerriano<br />
EL MENSAJE (Iván Fund)<br />
20:30 – CPC 1P SALA MAYOR</p>
