{"id":8230,"date":"2025-11-15T10:52:16","date_gmt":"2025-11-15T13:52:16","guid":{"rendered":"https:\/\/ficer.com.ar\/2025\/?post_type=pelicula&#038;p=8230"},"modified":"2025-11-18T10:02:49","modified_gmt":"2025-11-18T13:02:49","slug":"senora-de-nadie","status":"publish","type":"pelicula","link":"https:\/\/ficer.com.ar\/2025\/pelicula\/senora-de-nadie\/","title":{"rendered":"SE\u00d1ORA DE NADIE"},"content":{"rendered":"\n<figure class=\"wp-block-image size-full\"><img fetchpriority=\"high\" decoding=\"async\" width=\"1280\" height=\"720\" src=\"https:\/\/ficer.com.ar\/2025\/wp-content\/uploads\/2025\/11\/senora-de-nadie_2.jpg\" alt=\"\" class=\"wp-image-8231\" srcset=\"https:\/\/ficer.com.ar\/2025\/wp-content\/uploads\/2025\/11\/senora-de-nadie_2.jpg 1280w, https:\/\/ficer.com.ar\/2025\/wp-content\/uploads\/2025\/11\/senora-de-nadie_2-300x169.jpg 300w, https:\/\/ficer.com.ar\/2025\/wp-content\/uploads\/2025\/11\/senora-de-nadie_2-1024x576.jpg 1024w, https:\/\/ficer.com.ar\/2025\/wp-content\/uploads\/2025\/11\/senora-de-nadie_2-768x432.jpg 768w\" sizes=\"(max-width: 1280px) 100vw, 1280px\" \/><\/figure>\n\n\n\n<div class=\"wp-block-columns is-layout-flex wp-container-core-columns-is-layout-28f84493 wp-block-columns-is-layout-flex\">\n<div class=\"wp-block-column is-layout-flow wp-block-column-is-layout-flow\" style=\"flex-basis:33.33%\">\n<p style=\"font-style:normal;font-weight:200\"><strong><mark style=\"background-color:#ffffff;color:#e83a4c\" class=\"has-inline-color\">Direcci\u00f3n:<\/mark><\/strong><mark style=\"background-color:#ffffff\" class=\"has-inline-color\"> <\/mark>Maria Luisa Bemberg<br><strong><mark style=\"background-color:#ffffff;color:#e83a4c\" class=\"has-inline-color\">A\u00f1o:<\/mark><\/strong><mark style=\"background-color:#ffffff\" class=\"has-inline-color\"> 1982<br><\/mark><strong><mark style=\"background-color:#ffffff;color:#e83a4c\" class=\"has-inline-color\">Duraci\u00f3n:<\/mark><\/strong><mark style=\"background-color:#ffffff\" class=\"has-inline-color\"> 95\u2019<br><\/mark><strong><mark style=\"background-color:#ffffff;color:#e83a4c\" class=\"has-inline-color\">Pa\u00eds:<\/mark><\/strong><mark style=\"background-color:#ffffff\" class=\"has-inline-color\"> Argentina<\/mark><\/p>\n\n\n\n<p style=\"font-style:normal;font-weight:200\"><strong><mark style=\"background-color:#ffffff;color:#e83a4c\" class=\"has-inline-color\">Int\u00e9rpretes:<\/mark><\/strong><mark style=\"background-color:#ffffff\" class=\"has-inline-color\"> <\/mark>Luisina Brando, Rodolfo Ranni, Julio Ch\u00e1vez, China Zorrilla, Sus\u00fa Pecoraro.<\/p>\n\n\n\n<p style=\"font-style:normal;font-weight:200\"><strong><mark style=\"background-color:#ffffff;color:#e83a4c\" class=\"has-inline-color\">Producci\u00f3n:<\/mark><\/strong> Lita Stantic<\/p>\n<\/div>\n\n\n\n<div class=\"wp-block-column is-layout-flow wp-block-column-is-layout-flow\" style=\"flex-basis:66.66%\">\n<h3 class=\"wp-block-heading has-large-font-size\" style=\"font-style:normal;font-weight:100\"><mark style=\"background-color:#ffffff;color:#e83a4c\" class=\"has-inline-color\">Sinopsis<\/mark><\/h3>\n\n\n\n<p style=\"font-style:normal;font-weight:200\"><em>Se\u00f1ora de nadie<\/em> es la historia de Leonor, una ama de casa que vive con su marido y sus hijos. Un d\u00eda, descubre que su esposo la enga\u00f1a y comprende que su mundo se ha desmoronado como un castillo de naipes. Con m\u00e1s miedo que convicci\u00f3n, abandona su casa y se refugia en lo de su t\u00eda Lola. Empieza a trabajar en una inmobiliaria y por primera vez en su vida gana su propio dinero. Poco a poco comenzar\u00e1 un proceso de b\u00fasqueda de su propia identidad.<\/p>\n\n\n\n<figure class=\"wp-block-image aligncenter size-full is-resized wp-duotone-dark-grayscale\"><img decoding=\"async\" width=\"456\" height=\"263\" src=\"https:\/\/ficer.com.ar\/2025\/wp-content\/uploads\/2025\/11\/Recuperar.png\" alt=\"\" class=\"wp-image-7962\" style=\"width:194px;height:auto\" srcset=\"https:\/\/ficer.com.ar\/2025\/wp-content\/uploads\/2025\/11\/Recuperar.png 456w, https:\/\/ficer.com.ar\/2025\/wp-content\/uploads\/2025\/11\/Recuperar-300x173.png 300w\" sizes=\"(max-width: 456px) 100vw, 456px\" \/><\/figure>\n<\/div>\n<\/div>\n\n\n\n<div style=\"height:49px\" aria-hidden=\"true\" class=\"wp-block-spacer\"><\/div>\n\n\n\n<div class=\"wp-block-columns is-layout-flex wp-container-core-columns-is-layout-28f84493 wp-block-columns-is-layout-flex\">\n<div class=\"wp-block-column is-layout-flow wp-block-column-is-layout-flow\"><\/div>\n\n\n\n<div class=\"wp-block-column is-layout-flow wp-block-column-is-layout-flow\"><\/div>\n<\/div>\n\n\n\n<p><\/p>\n","protected":false},"excerpt":{"rendered":"<p>Cine Entrerriano<br \/>\nEL MENSAJE (Iv\u00e1n Fund)<br \/>\n20:30 \u2013 CPC 1P SALA MAYOR<\/p>\n","protected":false},"featured_media":8231,"template":"","meta":[],"categoria":[261],"programacion":[270],"director":[337],"agenda":[],"lugar":[295],"horario":[338],"class_list":["post-8230","pelicula","type-pelicula","status-publish","has-post-thumbnail","hentry","categoria-cinemateca-presenta","programacion-viernes-28-de-noviembre","director-maria-luisa-bemberg","lugar-sala-noble","horario-0000h"],"_links":{"self":[{"href":"https:\/\/ficer.com.ar\/2025\/wp-json\/wp\/v2\/pelicula\/8230","targetHints":{"allow":["GET"]}}],"collection":[{"href":"https:\/\/ficer.com.ar\/2025\/wp-json\/wp\/v2\/pelicula"}],"about":[{"href":"https:\/\/ficer.com.ar\/2025\/wp-json\/wp\/v2\/types\/pelicula"}],"wp:featuredmedia":[{"embeddable":true,"href":"https:\/\/ficer.com.ar\/2025\/wp-json\/wp\/v2\/media\/8231"}],"wp:attachment":[{"href":"https:\/\/ficer.com.ar\/2025\/wp-json\/wp\/v2\/media?parent=8230"}],"wp:term":[{"taxonomy":"categoria","embeddable":true,"href":"https:\/\/ficer.com.ar\/2025\/wp-json\/wp\/v2\/categoria?post=8230"},{"taxonomy":"programacion","embeddable":true,"href":"https:\/\/ficer.com.ar\/2025\/wp-json\/wp\/v2\/programacion?post=8230"},{"taxonomy":"director","embeddable":true,"href":"https:\/\/ficer.com.ar\/2025\/wp-json\/wp\/v2\/director?post=8230"},{"taxonomy":"agenda","embeddable":true,"href":"https:\/\/ficer.com.ar\/2025\/wp-json\/wp\/v2\/agenda?post=8230"},{"taxonomy":"lugar","embeddable":true,"href":"https:\/\/ficer.com.ar\/2025\/wp-json\/wp\/v2\/lugar?post=8230"},{"taxonomy":"horario","embeddable":true,"href":"https:\/\/ficer.com.ar\/2025\/wp-json\/wp\/v2\/horario?post=8230"}],"curies":[{"name":"wp","href":"https:\/\/api.w.org\/{rel}","templated":true}]}}

SEÑORA DE NADIE

<figure class="wp-block-image size-full"><img fetchpriority="high" decoding="async" width="1280" height="720" src="https://ficer.com.ar/2025/wp-content/uploads/2025/11/senora-de-nadie_2.jpg" alt="" class="wp-image-8231" srcset="https://ficer.com.ar/2025/wp-content/uploads/2025/11/senora-de-nadie_2.jpg 1280w, https://ficer.com.ar/2025/wp-content/uploads/2025/11/senora-de-nadie_2-300x169.jpg 300w, https://ficer.com.ar/2025/wp-content/uploads/2025/11/senora-de-nadie_2-1024x576.jpg 1024w, https://ficer.com.ar/2025/wp-content/uploads/2025/11/senora-de-nadie_2-768x432.jpg 768w" sizes="(max-width: 1280px) 100vw, 1280px" /></figure>



<div class="wp-block-columns is-layout-flex wp-container-core-columns-is-layout-28f84493 wp-block-columns-is-layout-flex">
<div class="wp-block-column is-layout-flow wp-block-column-is-layout-flow" style="flex-basis:33.33%">
<p style="font-style:normal;font-weight:200"><strong><mark style="background-color:#ffffff;color:#e83a4c" class="has-inline-color">Dirección:</mark></strong><mark style="background-color:#ffffff" class="has-inline-color"> </mark>Maria Luisa Bemberg<br><strong><mark style="background-color:#ffffff;color:#e83a4c" class="has-inline-color">Año:</mark></strong><mark style="background-color:#ffffff" class="has-inline-color"> 1982<br></mark><strong><mark style="background-color:#ffffff;color:#e83a4c" class="has-inline-color">Duración:</mark></strong><mark style="background-color:#ffffff" class="has-inline-color"> 95’<br></mark><strong><mark style="background-color:#ffffff;color:#e83a4c" class="has-inline-color">País:</mark></strong><mark style="background-color:#ffffff" class="has-inline-color"> Argentina</mark></p>



<p style="font-style:normal;font-weight:200"><strong><mark style="background-color:#ffffff;color:#e83a4c" class="has-inline-color">Intérpretes:</mark></strong><mark style="background-color:#ffffff" class="has-inline-color"> </mark>Luisina Brando, Rodolfo Ranni, Julio Chávez, China Zorrilla, Susú Pecoraro.</p>



<p style="font-style:normal;font-weight:200"><strong><mark style="background-color:#ffffff;color:#e83a4c" class="has-inline-color">Producción:</mark></strong> Lita Stantic</p>
</div>



<div class="wp-block-column is-layout-flow wp-block-column-is-layout-flow" style="flex-basis:66.66%">
<h3 class="wp-block-heading has-large-font-size" style="font-style:normal;font-weight:100"><mark style="background-color:#ffffff;color:#e83a4c" class="has-inline-color">Sinopsis</mark></h3>



<p style="font-style:normal;font-weight:200"><em>Señora de nadie</em> es la historia de Leonor, una ama de casa que vive con su marido y sus hijos. Un día, descubre que su esposo la engaña y comprende que su mundo se ha desmoronado como un castillo de naipes. Con más miedo que convicción, abandona su casa y se refugia en lo de su tía Lola. Empieza a trabajar en una inmobiliaria y por primera vez en su vida gana su propio dinero. Poco a poco comenzará un proceso de búsqueda de su propia identidad.</p>



<figure class="wp-block-image aligncenter size-full is-resized wp-duotone-dark-grayscale"><img decoding="async" width="456" height="263" src="https://ficer.com.ar/2025/wp-content/uploads/2025/11/Recuperar.png" alt="" class="wp-image-7962" style="width:194px;height:auto" srcset="https://ficer.com.ar/2025/wp-content/uploads/2025/11/Recuperar.png 456w, https://ficer.com.ar/2025/wp-content/uploads/2025/11/Recuperar-300x173.png 300w" sizes="(max-width: 456px) 100vw, 456px" /></figure>
</div>
</div>



<div style="height:49px" aria-hidden="true" class="wp-block-spacer"></div>



<div class="wp-block-columns is-layout-flex wp-container-core-columns-is-layout-28f84493 wp-block-columns-is-layout-flex">
<div class="wp-block-column is-layout-flow wp-block-column-is-layout-flow"></div>



<div class="wp-block-column is-layout-flow wp-block-column-is-layout-flow"></div>
</div>



<p></p>

<p>Cine Entrerriano<br />
EL MENSAJE (Iván Fund)<br />
20:30 – CPC 1P SALA MAYOR</p>
