{"id":8232,"date":"2025-11-15T10:55:27","date_gmt":"2025-11-15T13:55:27","guid":{"rendered":"https:\/\/ficer.com.ar\/2025\/?post_type=pelicula&#038;p=8232"},"modified":"2025-11-18T10:02:37","modified_gmt":"2025-11-18T13:02:37","slug":"pequeno-grande-y-lejos","status":"publish","type":"pelicula","link":"https:\/\/ficer.com.ar\/2025\/pelicula\/pequeno-grande-y-lejos\/","title":{"rendered":"PEQUE\u00d1O, GRANDE Y LEJOS"},"content":{"rendered":"\n<figure class=\"wp-block-image size-full\"><img fetchpriority=\"high\" decoding=\"async\" width=\"2560\" height=\"1438\" src=\"https:\/\/ficer.com.ar\/2025\/wp-content\/uploads\/2025\/11\/1_LITTLE-BIG-FAR_STARS-scaled-1.jpg\" alt=\"\" class=\"wp-image-8234\" srcset=\"https:\/\/ficer.com.ar\/2025\/wp-content\/uploads\/2025\/11\/1_LITTLE-BIG-FAR_STARS-scaled-1.jpg 2560w, https:\/\/ficer.com.ar\/2025\/wp-content\/uploads\/2025\/11\/1_LITTLE-BIG-FAR_STARS-scaled-1-300x169.jpg 300w, https:\/\/ficer.com.ar\/2025\/wp-content\/uploads\/2025\/11\/1_LITTLE-BIG-FAR_STARS-scaled-1-1024x575.jpg 1024w, https:\/\/ficer.com.ar\/2025\/wp-content\/uploads\/2025\/11\/1_LITTLE-BIG-FAR_STARS-scaled-1-768x431.jpg 768w, https:\/\/ficer.com.ar\/2025\/wp-content\/uploads\/2025\/11\/1_LITTLE-BIG-FAR_STARS-scaled-1-1536x863.jpg 1536w, https:\/\/ficer.com.ar\/2025\/wp-content\/uploads\/2025\/11\/1_LITTLE-BIG-FAR_STARS-scaled-1-2048x1150.jpg 2048w\" sizes=\"(max-width: 2560px) 100vw, 2560px\" \/><\/figure>\n\n\n\n<div class=\"wp-block-columns is-layout-flex wp-container-core-columns-is-layout-28f84493 wp-block-columns-is-layout-flex\">\n<div class=\"wp-block-column is-layout-flow wp-block-column-is-layout-flow\" style=\"flex-basis:33.33%\">\n<p style=\"font-style:normal;font-weight:200\"><strong><mark style=\"background-color:#ffffff;color:#f78e26\" class=\"has-inline-color\">Direcci\u00f3n:<\/mark><\/strong><mark style=\"background-color:#ffffff\" class=\"has-inline-color\"> <\/mark>Jem Cohen<br><strong><mark style=\"background-color:#ffffff;color:#f78e26\" class=\"has-inline-color\">A\u00f1o:<\/mark><\/strong><mark style=\"background-color:#ffffff\" class=\"has-inline-color\"> 2024<br><\/mark><strong><mark style=\"background-color:#ffffff;color:#f78e26\" class=\"has-inline-color\">Duraci\u00f3n:<\/mark><\/strong><mark style=\"background-color:#ffffff\" class=\"has-inline-color\"> 121\u2019<br><\/mark><strong><mark style=\"background-color:#ffffff;color:#f78e26\" class=\"has-inline-color\">Pa\u00eds:<\/mark><\/strong><mark style=\"background-color:#ffffff\" class=\"has-inline-color\"> Austria, EEUU<\/mark><\/p>\n\n\n\n<p style=\"font-style:normal;font-weight:200\"><strong><mark style=\"background-color:#ffffff;color:#f78e26\" class=\"has-inline-color\">Int\u00e9rpretes:<\/mark><\/strong><mark style=\"background-color:#ffffff\" class=\"has-inline-color\"> <\/mark>Franz Schwartz, Jessica Sarah Rinland, Mario Silva, Leslie Thornton, Alexander Chesapeake Cohen<\/p>\n\n\n\n<p style=\"font-style:normal;font-weight:200\"><strong><mark style=\"background-color:#ffffff;color:#f78e26\" class=\"has-inline-color\">Producci\u00f3n:<\/mark><\/strong> Paolo Calamita, Jem Cohen<\/p>\n<\/div>\n\n\n\n<div class=\"wp-block-column is-layout-flow wp-block-column-is-layout-flow\" style=\"flex-basis:66.66%\">\n<h3 class=\"wp-block-heading has-large-font-size\" style=\"font-style:normal;font-weight:100\"><mark style=\"background-color:#ffffff;color:#f78e26\" class=\"has-inline-color\">Sinopsis<\/mark><\/h3>\n\n\n\n<p style=\"font-style:normal;font-weight:200\">La vida personal y profesional de Karl se tambalea cuando este astr\u00f3nomo austriaco reflexiona sobre ciencia, pol\u00edtica y legado. En un viaje que combina lo \u00edntimo y lo c\u00f3smico, lo peque\u00f1o y lo infinito, se adentra en una isla griega en busca de un cielo oscuro donde volver a mirar las estrellas.<\/p>\n\n\n\n<p><mark style=\"background-color:rgba(0, 0, 0, 0);color:#f78e26\" class=\"has-inline-color\">(Tomado de L\u2019alternativa festival).<\/mark><\/p>\n<\/div>\n<\/div>\n\n\n\n<div style=\"height:49px\" aria-hidden=\"true\" class=\"wp-block-spacer\"><\/div>\n\n\n\n<div class=\"wp-block-columns is-layout-flex wp-container-core-columns-is-layout-28f84493 wp-block-columns-is-layout-flex\">\n<div class=\"wp-block-column is-layout-flow wp-block-column-is-layout-flow\"><\/div>\n\n\n\n<div class=\"wp-block-column is-layout-flow wp-block-column-is-layout-flow\"><\/div>\n<\/div>\n\n\n\n<p><\/p>\n","protected":false},"excerpt":{"rendered":"<p>Cine Entrerriano<br \/>\nEL MENSAJE (Iv\u00e1n Fund)<br \/>\n20:30 \u2013 CPC 1P SALA MAYOR<\/p>\n","protected":false},"featured_media":8234,"template":"","meta":[],"categoria":[260],"programacion":[271],"director":[339],"agenda":[],"lugar":[287],"horario":[281],"class_list":["post-8232","pelicula","type-pelicula","status-publish","has-post-thumbnail","hentry","categoria-cine-internacional","programacion-sabado-29-de-noviembre","director-jem-cohen","lugar-cine-circulo","horario-281"],"_links":{"self":[{"href":"https:\/\/ficer.com.ar\/2025\/wp-json\/wp\/v2\/pelicula\/8232","targetHints":{"allow":["GET"]}}],"collection":[{"href":"https:\/\/ficer.com.ar\/2025\/wp-json\/wp\/v2\/pelicula"}],"about":[{"href":"https:\/\/ficer.com.ar\/2025\/wp-json\/wp\/v2\/types\/pelicula"}],"wp:featuredmedia":[{"embeddable":true,"href":"https:\/\/ficer.com.ar\/2025\/wp-json\/wp\/v2\/media\/8234"}],"wp:attachment":[{"href":"https:\/\/ficer.com.ar\/2025\/wp-json\/wp\/v2\/media?parent=8232"}],"wp:term":[{"taxonomy":"categoria","embeddable":true,"href":"https:\/\/ficer.com.ar\/2025\/wp-json\/wp\/v2\/categoria?post=8232"},{"taxonomy":"programacion","embeddable":true,"href":"https:\/\/ficer.com.ar\/2025\/wp-json\/wp\/v2\/programacion?post=8232"},{"taxonomy":"director","embeddable":true,"href":"https:\/\/ficer.com.ar\/2025\/wp-json\/wp\/v2\/director?post=8232"},{"taxonomy":"agenda","embeddable":true,"href":"https:\/\/ficer.com.ar\/2025\/wp-json\/wp\/v2\/agenda?post=8232"},{"taxonomy":"lugar","embeddable":true,"href":"https:\/\/ficer.com.ar\/2025\/wp-json\/wp\/v2\/lugar?post=8232"},{"taxonomy":"horario","embeddable":true,"href":"https:\/\/ficer.com.ar\/2025\/wp-json\/wp\/v2\/horario?post=8232"}],"curies":[{"name":"wp","href":"https:\/\/api.w.org\/{rel}","templated":true}]}}

PEQUEÑO, GRANDE Y LEJOS

<figure class="wp-block-image size-full"><img fetchpriority="high" decoding="async" width="2560" height="1438" src="https://ficer.com.ar/2025/wp-content/uploads/2025/11/1_LITTLE-BIG-FAR_STARS-scaled-1.jpg" alt="" class="wp-image-8234" srcset="https://ficer.com.ar/2025/wp-content/uploads/2025/11/1_LITTLE-BIG-FAR_STARS-scaled-1.jpg 2560w, https://ficer.com.ar/2025/wp-content/uploads/2025/11/1_LITTLE-BIG-FAR_STARS-scaled-1-300x169.jpg 300w, https://ficer.com.ar/2025/wp-content/uploads/2025/11/1_LITTLE-BIG-FAR_STARS-scaled-1-1024x575.jpg 1024w, https://ficer.com.ar/2025/wp-content/uploads/2025/11/1_LITTLE-BIG-FAR_STARS-scaled-1-768x431.jpg 768w, https://ficer.com.ar/2025/wp-content/uploads/2025/11/1_LITTLE-BIG-FAR_STARS-scaled-1-1536x863.jpg 1536w, https://ficer.com.ar/2025/wp-content/uploads/2025/11/1_LITTLE-BIG-FAR_STARS-scaled-1-2048x1150.jpg 2048w" sizes="(max-width: 2560px) 100vw, 2560px" /></figure>



<div class="wp-block-columns is-layout-flex wp-container-core-columns-is-layout-28f84493 wp-block-columns-is-layout-flex">
<div class="wp-block-column is-layout-flow wp-block-column-is-layout-flow" style="flex-basis:33.33%">
<p style="font-style:normal;font-weight:200"><strong><mark style="background-color:#ffffff;color:#f78e26" class="has-inline-color">Dirección:</mark></strong><mark style="background-color:#ffffff" class="has-inline-color"> </mark>Jem Cohen<br><strong><mark style="background-color:#ffffff;color:#f78e26" class="has-inline-color">Año:</mark></strong><mark style="background-color:#ffffff" class="has-inline-color"> 2024<br></mark><strong><mark style="background-color:#ffffff;color:#f78e26" class="has-inline-color">Duración:</mark></strong><mark style="background-color:#ffffff" class="has-inline-color"> 121’<br></mark><strong><mark style="background-color:#ffffff;color:#f78e26" class="has-inline-color">País:</mark></strong><mark style="background-color:#ffffff" class="has-inline-color"> Austria, EEUU</mark></p>



<p style="font-style:normal;font-weight:200"><strong><mark style="background-color:#ffffff;color:#f78e26" class="has-inline-color">Intérpretes:</mark></strong><mark style="background-color:#ffffff" class="has-inline-color"> </mark>Franz Schwartz, Jessica Sarah Rinland, Mario Silva, Leslie Thornton, Alexander Chesapeake Cohen</p>



<p style="font-style:normal;font-weight:200"><strong><mark style="background-color:#ffffff;color:#f78e26" class="has-inline-color">Producción:</mark></strong> Paolo Calamita, Jem Cohen</p>
</div>



<div class="wp-block-column is-layout-flow wp-block-column-is-layout-flow" style="flex-basis:66.66%">
<h3 class="wp-block-heading has-large-font-size" style="font-style:normal;font-weight:100"><mark style="background-color:#ffffff;color:#f78e26" class="has-inline-color">Sinopsis</mark></h3>



<p style="font-style:normal;font-weight:200">La vida personal y profesional de Karl se tambalea cuando este astrónomo austriaco reflexiona sobre ciencia, política y legado. En un viaje que combina lo íntimo y lo cósmico, lo pequeño y lo infinito, se adentra en una isla griega en busca de un cielo oscuro donde volver a mirar las estrellas.</p>



<p><mark style="background-color:rgba(0, 0, 0, 0);color:#f78e26" class="has-inline-color">(Tomado de L’alternativa festival).</mark></p>
</div>
</div>



<div style="height:49px" aria-hidden="true" class="wp-block-spacer"></div>



<div class="wp-block-columns is-layout-flex wp-container-core-columns-is-layout-28f84493 wp-block-columns-is-layout-flex">
<div class="wp-block-column is-layout-flow wp-block-column-is-layout-flow"></div>



<div class="wp-block-column is-layout-flow wp-block-column-is-layout-flow"></div>
</div>



<p></p>

<p>Cine Entrerriano<br />
EL MENSAJE (Iván Fund)<br />
20:30 – CPC 1P SALA MAYOR</p>
