{"id":8240,"date":"2025-11-15T11:29:08","date_gmt":"2025-11-15T14:29:08","guid":{"rendered":"https:\/\/ficer.com.ar\/2025\/?post_type=pelicula&#038;p=8240"},"modified":"2025-11-18T10:01:31","modified_gmt":"2025-11-18T13:01:31","slug":"pin-de-fartie","status":"publish","type":"pelicula","link":"https:\/\/ficer.com.ar\/2025\/pelicula\/pin-de-fartie\/","title":{"rendered":"PIN DE FARTIE"},"content":{"rendered":"\n<figure class=\"wp-block-image size-full\"><img fetchpriority=\"high\" decoding=\"async\" width=\"1920\" height=\"1080\" src=\"https:\/\/ficer.com.ar\/2025\/wp-content\/uploads\/2025\/11\/Sequence-03.00_00_00_07.Still029.png\" alt=\"\" class=\"wp-image-8241\" style=\"aspect-ratio:16\/9;object-fit:cover\" srcset=\"https:\/\/ficer.com.ar\/2025\/wp-content\/uploads\/2025\/11\/Sequence-03.00_00_00_07.Still029.png 1920w, https:\/\/ficer.com.ar\/2025\/wp-content\/uploads\/2025\/11\/Sequence-03.00_00_00_07.Still029-300x169.png 300w, https:\/\/ficer.com.ar\/2025\/wp-content\/uploads\/2025\/11\/Sequence-03.00_00_00_07.Still029-1024x576.png 1024w, https:\/\/ficer.com.ar\/2025\/wp-content\/uploads\/2025\/11\/Sequence-03.00_00_00_07.Still029-768x432.png 768w, https:\/\/ficer.com.ar\/2025\/wp-content\/uploads\/2025\/11\/Sequence-03.00_00_00_07.Still029-1536x864.png 1536w\" sizes=\"(max-width: 1920px) 100vw, 1920px\" \/><\/figure>\n\n\n\n<div class=\"wp-block-columns is-layout-flex wp-container-core-columns-is-layout-28f84493 wp-block-columns-is-layout-flex\">\n<div class=\"wp-block-column is-layout-flow wp-block-column-is-layout-flow\" style=\"flex-basis:33.33%\">\n<p style=\"font-style:normal;font-weight:200\"><strong><mark style=\"background-color:#ffffff;color:#b860ea\" class=\"has-inline-color\">Direcci\u00f3n:<\/mark><\/strong> Alejo Moguillansky<br><strong><mark style=\"background-color:#ffffff;color:#b860ea\" class=\"has-inline-color\">A\u00f1o:<\/mark><\/strong><mark style=\"background-color:#ffffff\" class=\"has-inline-color\"> 2025<br><\/mark><strong><mark style=\"background-color:#ffffff;color:#b860ea\" class=\"has-inline-color\">Duraci\u00f3n:<\/mark><\/strong><mark style=\"background-color:#ffffff\" class=\"has-inline-color\"> 106\u2019<br><\/mark><strong><mark style=\"background-color:#ffffff;color:#b860ea\" class=\"has-inline-color\">Pa\u00eds:<\/mark><\/strong> Argentina<\/p>\n\n\n\n<p style=\"font-style:normal;font-weight:200\"><strong><mark style=\"background-color:#ffffff;color:#b860ea\" class=\"has-inline-color\">Int\u00e9rpretes:<\/mark><\/strong><mark style=\"background-color:#ffffff\" class=\"has-inline-color\"> <\/mark>Santiago Gobernori, Cleo Moguillansky, Laura Paredes, Marcos Ferrante, Luciana Acu\u00f1a<\/p>\n\n\n\n<p style=\"font-style:normal;font-weight:200\"><strong><mark style=\"background-color:#ffffff;color:#b860ea\" class=\"has-inline-color\">Producci\u00f3n:<\/mark><\/strong> Victoria Meza, Luciana Quispe<\/p>\n<\/div>\n\n\n\n<div class=\"wp-block-column is-layout-flow wp-block-column-is-layout-flow\" style=\"flex-basis:66.66%\">\n<h3 class=\"wp-block-heading has-large-font-size\" style=\"font-style:normal;font-weight:100\"><mark style=\"background-color:#ffffff;color:#b860ea\" class=\"has-inline-color\">Sinopsis<\/mark><\/h3>\n\n\n\n<p style=\"font-style:normal;font-weight:200\">Una ni\u00f1a y un ciego frente a un lago que borronea los l\u00edmites del espacio. Dos actores que se juntan como amantes a ensayar una vieja obra de teatro en un pa\u00eds del sur. Dos viejos que viven dentro de un contenedor de basura frente al Congreso de ese mismo pa\u00eds del sur. Un hijo en perpetua despedida con su avejentada madre, una pianista ciega condenada a tocar <em>Claro de Luna<\/em> de Beethoven, porque es la \u00fanica pieza que a\u00fan recuerda de memoria. Dos cineastas, acaso responsables de todo lo anterior, filman trenes, lunas, y dedican su tiempo a una actividad que ya no se sabe si a\u00fan existe: el cine.<\/p>\n<\/div>\n<\/div>\n\n\n\n<div style=\"height:49px\" aria-hidden=\"true\" class=\"wp-block-spacer\"><\/div>\n\n\n\n<div class=\"wp-block-columns is-layout-flex wp-container-core-columns-is-layout-28f84493 wp-block-columns-is-layout-flex\">\n<div class=\"wp-block-column is-layout-flow wp-block-column-is-layout-flow\"><\/div>\n\n\n\n<div class=\"wp-block-column is-layout-flow wp-block-column-is-layout-flow\"><\/div>\n<\/div>\n\n\n\n<p><\/p>\n","protected":false},"excerpt":{"rendered":"<p>Cine Entrerriano<br \/>\nEL MENSAJE (Iv\u00e1n Fund)<br \/>\n20:30 \u2013 CPC 1P SALA MAYOR<\/p>\n","protected":false},"featured_media":8241,"template":"","meta":[],"categoria":[262],"programacion":[271],"director":[342],"agenda":[],"lugar":[283],"horario":[341],"class_list":["post-8240","pelicula","type-pelicula","status-publish","has-post-thumbnail","hentry","categoria-correntada-cine-argentino","programacion-sabado-29-de-noviembre","director-alejo-moguillansky","lugar-cine-las-tipas","horario-1700h"],"_links":{"self":[{"href":"https:\/\/ficer.com.ar\/2025\/wp-json\/wp\/v2\/pelicula\/8240","targetHints":{"allow":["GET"]}}],"collection":[{"href":"https:\/\/ficer.com.ar\/2025\/wp-json\/wp\/v2\/pelicula"}],"about":[{"href":"https:\/\/ficer.com.ar\/2025\/wp-json\/wp\/v2\/types\/pelicula"}],"wp:featuredmedia":[{"embeddable":true,"href":"https:\/\/ficer.com.ar\/2025\/wp-json\/wp\/v2\/media\/8241"}],"wp:attachment":[{"href":"https:\/\/ficer.com.ar\/2025\/wp-json\/wp\/v2\/media?parent=8240"}],"wp:term":[{"taxonomy":"categoria","embeddable":true,"href":"https:\/\/ficer.com.ar\/2025\/wp-json\/wp\/v2\/categoria?post=8240"},{"taxonomy":"programacion","embeddable":true,"href":"https:\/\/ficer.com.ar\/2025\/wp-json\/wp\/v2\/programacion?post=8240"},{"taxonomy":"director","embeddable":true,"href":"https:\/\/ficer.com.ar\/2025\/wp-json\/wp\/v2\/director?post=8240"},{"taxonomy":"agenda","embeddable":true,"href":"https:\/\/ficer.com.ar\/2025\/wp-json\/wp\/v2\/agenda?post=8240"},{"taxonomy":"lugar","embeddable":true,"href":"https:\/\/ficer.com.ar\/2025\/wp-json\/wp\/v2\/lugar?post=8240"},{"taxonomy":"horario","embeddable":true,"href":"https:\/\/ficer.com.ar\/2025\/wp-json\/wp\/v2\/horario?post=8240"}],"curies":[{"name":"wp","href":"https:\/\/api.w.org\/{rel}","templated":true}]}}

<figure class="wp-block-image size-full"><img fetchpriority="high" decoding="async" width="1920" height="1080" src="https://ficer.com.ar/2025/wp-content/uploads/2025/11/Sequence-03.00_00_00_07.Still029.png" alt="" class="wp-image-8241" style="aspect-ratio:16/9;object-fit:cover" srcset="https://ficer.com.ar/2025/wp-content/uploads/2025/11/Sequence-03.00_00_00_07.Still029.png 1920w, https://ficer.com.ar/2025/wp-content/uploads/2025/11/Sequence-03.00_00_00_07.Still029-300x169.png 300w, https://ficer.com.ar/2025/wp-content/uploads/2025/11/Sequence-03.00_00_00_07.Still029-1024x576.png 1024w, https://ficer.com.ar/2025/wp-content/uploads/2025/11/Sequence-03.00_00_00_07.Still029-768x432.png 768w, https://ficer.com.ar/2025/wp-content/uploads/2025/11/Sequence-03.00_00_00_07.Still029-1536x864.png 1536w" sizes="(max-width: 1920px) 100vw, 1920px" /></figure>



<div class="wp-block-columns is-layout-flex wp-container-core-columns-is-layout-28f84493 wp-block-columns-is-layout-flex">
<div class="wp-block-column is-layout-flow wp-block-column-is-layout-flow" style="flex-basis:33.33%">
<p style="font-style:normal;font-weight:200"><strong><mark style="background-color:#ffffff;color:#b860ea" class="has-inline-color">Dirección:</mark></strong> Alejo Moguillansky<br><strong><mark style="background-color:#ffffff;color:#b860ea" class="has-inline-color">Año:</mark></strong><mark style="background-color:#ffffff" class="has-inline-color"> 2025<br></mark><strong><mark style="background-color:#ffffff;color:#b860ea" class="has-inline-color">Duración:</mark></strong><mark style="background-color:#ffffff" class="has-inline-color"> 106’<br></mark><strong><mark style="background-color:#ffffff;color:#b860ea" class="has-inline-color">País:</mark></strong> Argentina</p>



<p style="font-style:normal;font-weight:200"><strong><mark style="background-color:#ffffff;color:#b860ea" class="has-inline-color">Intérpretes:</mark></strong><mark style="background-color:#ffffff" class="has-inline-color"> </mark>Santiago Gobernori, Cleo Moguillansky, Laura Paredes, Marcos Ferrante, Luciana Acuña</p>



<p style="font-style:normal;font-weight:200"><strong><mark style="background-color:#ffffff;color:#b860ea" class="has-inline-color">Producción:</mark></strong> Victoria Meza, Luciana Quispe</p>
</div>



<div class="wp-block-column is-layout-flow wp-block-column-is-layout-flow" style="flex-basis:66.66%">
<h3 class="wp-block-heading has-large-font-size" style="font-style:normal;font-weight:100"><mark style="background-color:#ffffff;color:#b860ea" class="has-inline-color">Sinopsis</mark></h3>



<p style="font-style:normal;font-weight:200">Una niña y un ciego frente a un lago que borronea los límites del espacio. Dos actores que se juntan como amantes a ensayar una vieja obra de teatro en un país del sur. Dos viejos que viven dentro de un contenedor de basura frente al Congreso de ese mismo país del sur. Un hijo en perpetua despedida con su avejentada madre, una pianista ciega condenada a tocar <em>Claro de Luna</em> de Beethoven, porque es la única pieza que aún recuerda de memoria. Dos cineastas, acaso responsables de todo lo anterior, filman trenes, lunas, y dedican su tiempo a una actividad que ya no se sabe si aún existe: el cine.</p>
</div>
</div>



<div style="height:49px" aria-hidden="true" class="wp-block-spacer"></div>



<div class="wp-block-columns is-layout-flex wp-container-core-columns-is-layout-28f84493 wp-block-columns-is-layout-flex">
<div class="wp-block-column is-layout-flow wp-block-column-is-layout-flow"></div>



<div class="wp-block-column is-layout-flow wp-block-column-is-layout-flow"></div>
</div>



<p></p>

<p>Cine Entrerriano<br />
EL MENSAJE (Iván Fund)<br />
20:30 – CPC 1P SALA MAYOR</p>
