{"id":8955,"date":"2025-11-29T17:46:22","date_gmt":"2025-11-29T20:46:22","guid":{"rendered":"https:\/\/ficer.com.ar\/2025\/?post_type=pelicula&#038;p=8955"},"modified":"2025-11-30T09:45:27","modified_gmt":"2025-11-30T12:45:27","slug":"las-corrientes-copy","status":"publish","type":"pelicula","link":"https:\/\/ficer.com.ar\/2025\/pelicula\/las-corrientes-copy\/","title":{"rendered":"LAS CORRIENTES"},"content":{"rendered":"\n<figure class=\"wp-block-image size-full\"><img fetchpriority=\"high\" decoding=\"async\" width=\"925\" height=\"536\" src=\"https:\/\/ficer.com.ar\/2025\/wp-content\/uploads\/2025\/11\/corrien.jpeg.webp\" alt=\"\" class=\"wp-image-8152\" srcset=\"https:\/\/ficer.com.ar\/2025\/wp-content\/uploads\/2025\/11\/corrien.jpeg.webp 925w, https:\/\/ficer.com.ar\/2025\/wp-content\/uploads\/2025\/11\/corrien.jpeg-300x174.webp 300w, https:\/\/ficer.com.ar\/2025\/wp-content\/uploads\/2025\/11\/corrien.jpeg-768x445.webp 768w\" sizes=\"(max-width: 925px) 100vw, 925px\" \/><\/figure>\n\n\n\n<div class=\"wp-block-columns is-layout-flex wp-container-core-columns-is-layout-28f84493 wp-block-columns-is-layout-flex\">\n<div class=\"wp-block-column is-layout-flow wp-block-column-is-layout-flow\" style=\"flex-basis:33.33%\">\n<p style=\"font-style:normal;font-weight:200\"><strong><mark style=\"background-color:#ffffff;color:#b860ea\" class=\"has-inline-color\">Direcci\u00f3n:<\/mark><\/strong><mark style=\"background-color:#ffffff\" class=\"has-inline-color\"> <\/mark>Milagros Mumenthaler<br><strong><mark style=\"background-color:#ffffff;color:#b860ea\" class=\"has-inline-color\">A\u00f1o:<\/mark><\/strong><mark style=\"background-color:#ffffff\" class=\"has-inline-color\"> 2025<br><\/mark><strong><mark style=\"background-color:#ffffff;color:#b860ea\" class=\"has-inline-color\">Duraci\u00f3n:<\/mark><\/strong><mark style=\"background-color:#ffffff\" class=\"has-inline-color\"><strong> <\/strong>104\u2019<br><\/mark><strong><mark style=\"background-color:#ffffff;color:#b860ea\" class=\"has-inline-color\">Pa\u00eds:<\/mark><\/strong><mark style=\"background-color:#ffffff\" class=\"has-inline-color\"> Argentina &#8211; Suiza<\/mark><\/p>\n\n\n\n<p style=\"font-style:normal;font-weight:200\"><strong><mark style=\"background-color:#ffffff;color:#b860ea\" class=\"has-inline-color\">Int\u00e9rpretes:<\/mark><\/strong><mark style=\"background-color:#ffffff\" class=\"has-inline-color\"> <\/mark>Isabel Aim\u00e9 Gonz\u00e1lez Sola, Esteban Bigliardi<\/p>\n\n\n\n<p style=\"font-style:normal;font-weight:200\"><strong><mark style=\"background-color:#ffffff;color:#b860ea\" class=\"has-inline-color\">Producci\u00f3n:<\/mark><\/strong><mark style=\"background-color:#ffffff\" class=\"has-inline-color\"> <\/mark>Alina film (Suiza), Eugenia Mumenthaler, David Epiney, Ruda Cine (Argentina), Rosa Mart\u00ednez Rivero, Violeta Bava<\/p>\n<\/div>\n\n\n\n<div class=\"wp-block-column is-layout-flow wp-block-column-is-layout-flow\" style=\"flex-basis:66.66%\">\n<h3 class=\"wp-block-heading has-large-font-size\" style=\"font-style:normal;font-weight:100\"><mark style=\"background-color:#ffffff;color:#b860ea\" class=\"has-inline-color\">Sinopsis<\/mark><\/h3>\n\n\n\n<p style=\"font-style:normal;font-weight:200\">En la cima de su carrera, Lina, una estilista argentina de 34 a\u00f1os, se deja llevar por un impulso repentino tras una entrega de premios en Suiza. De regreso a Buenos Aires, no dice nada, pero algo ha cambiado en ella; algo que, silencioso e invisible, desentra\u00f1a sutilmente un pasado que cre\u00eda haber dejado atr\u00e1s.<\/p>\n<\/div>\n<\/div>\n\n\n\n<div style=\"height:49px\" aria-hidden=\"true\" class=\"wp-block-spacer\"><\/div>\n\n\n\n<div class=\"wp-block-columns is-layout-flex wp-container-core-columns-is-layout-28f84493 wp-block-columns-is-layout-flex\">\n<div class=\"wp-block-column is-layout-flow wp-block-column-is-layout-flow\"><\/div>\n\n\n\n<div class=\"wp-block-column is-layout-flow wp-block-column-is-layout-flow\"><\/div>\n<\/div>\n\n\n\n<p><\/p>\n","protected":false},"excerpt":{"rendered":"<p>Cine Entrerriano<br \/>\nEL MENSAJE (Iv\u00e1n Fund)<br \/>\n20:30 \u2013 CPC 1P SALA MAYOR<\/p>\n","protected":false},"featured_media":8152,"template":"","meta":[],"categoria":[262],"programacion":[272],"director":[308],"agenda":[],"lugar":[283],"horario":[328],"class_list":["post-8955","pelicula","type-pelicula","status-publish","has-post-thumbnail","hentry","categoria-correntada-cine-argentino","programacion-domingo-30-de-noviembre","director-milagros-mumenthaler","lugar-cine-las-tipas","horario-328"],"_links":{"self":[{"href":"https:\/\/ficer.com.ar\/2025\/wp-json\/wp\/v2\/pelicula\/8955","targetHints":{"allow":["GET"]}}],"collection":[{"href":"https:\/\/ficer.com.ar\/2025\/wp-json\/wp\/v2\/pelicula"}],"about":[{"href":"https:\/\/ficer.com.ar\/2025\/wp-json\/wp\/v2\/types\/pelicula"}],"wp:featuredmedia":[{"embeddable":true,"href":"https:\/\/ficer.com.ar\/2025\/wp-json\/wp\/v2\/media\/8152"}],"wp:attachment":[{"href":"https:\/\/ficer.com.ar\/2025\/wp-json\/wp\/v2\/media?parent=8955"}],"wp:term":[{"taxonomy":"categoria","embeddable":true,"href":"https:\/\/ficer.com.ar\/2025\/wp-json\/wp\/v2\/categoria?post=8955"},{"taxonomy":"programacion","embeddable":true,"href":"https:\/\/ficer.com.ar\/2025\/wp-json\/wp\/v2\/programacion?post=8955"},{"taxonomy":"director","embeddable":true,"href":"https:\/\/ficer.com.ar\/2025\/wp-json\/wp\/v2\/director?post=8955"},{"taxonomy":"agenda","embeddable":true,"href":"https:\/\/ficer.com.ar\/2025\/wp-json\/wp\/v2\/agenda?post=8955"},{"taxonomy":"lugar","embeddable":true,"href":"https:\/\/ficer.com.ar\/2025\/wp-json\/wp\/v2\/lugar?post=8955"},{"taxonomy":"horario","embeddable":true,"href":"https:\/\/ficer.com.ar\/2025\/wp-json\/wp\/v2\/horario?post=8955"}],"curies":[{"name":"wp","href":"https:\/\/api.w.org\/{rel}","templated":true}]}}

<figure class="wp-block-image size-full"><img fetchpriority="high" decoding="async" width="925" height="536" src="https://ficer.com.ar/2025/wp-content/uploads/2025/11/corrien.jpeg.webp" alt="" class="wp-image-8152" srcset="https://ficer.com.ar/2025/wp-content/uploads/2025/11/corrien.jpeg.webp 925w, https://ficer.com.ar/2025/wp-content/uploads/2025/11/corrien.jpeg-300x174.webp 300w, https://ficer.com.ar/2025/wp-content/uploads/2025/11/corrien.jpeg-768x445.webp 768w" sizes="(max-width: 925px) 100vw, 925px" /></figure>



<div class="wp-block-columns is-layout-flex wp-container-core-columns-is-layout-28f84493 wp-block-columns-is-layout-flex">
<div class="wp-block-column is-layout-flow wp-block-column-is-layout-flow" style="flex-basis:33.33%">
<p style="font-style:normal;font-weight:200"><strong><mark style="background-color:#ffffff;color:#b860ea" class="has-inline-color">Dirección:</mark></strong><mark style="background-color:#ffffff" class="has-inline-color"> </mark>Milagros Mumenthaler<br><strong><mark style="background-color:#ffffff;color:#b860ea" class="has-inline-color">Año:</mark></strong><mark style="background-color:#ffffff" class="has-inline-color"> 2025<br></mark><strong><mark style="background-color:#ffffff;color:#b860ea" class="has-inline-color">Duración:</mark></strong><mark style="background-color:#ffffff" class="has-inline-color"><strong> </strong>104’<br></mark><strong><mark style="background-color:#ffffff;color:#b860ea" class="has-inline-color">País:</mark></strong><mark style="background-color:#ffffff" class="has-inline-color"> Argentina &#8211; Suiza</mark></p>



<p style="font-style:normal;font-weight:200"><strong><mark style="background-color:#ffffff;color:#b860ea" class="has-inline-color">Intérpretes:</mark></strong><mark style="background-color:#ffffff" class="has-inline-color"> </mark>Isabel Aimé González Sola, Esteban Bigliardi</p>



<p style="font-style:normal;font-weight:200"><strong><mark style="background-color:#ffffff;color:#b860ea" class="has-inline-color">Producción:</mark></strong><mark style="background-color:#ffffff" class="has-inline-color"> </mark>Alina film (Suiza), Eugenia Mumenthaler, David Epiney, Ruda Cine (Argentina), Rosa Martínez Rivero, Violeta Bava</p>
</div>



<div class="wp-block-column is-layout-flow wp-block-column-is-layout-flow" style="flex-basis:66.66%">
<h3 class="wp-block-heading has-large-font-size" style="font-style:normal;font-weight:100"><mark style="background-color:#ffffff;color:#b860ea" class="has-inline-color">Sinopsis</mark></h3>



<p style="font-style:normal;font-weight:200">En la cima de su carrera, Lina, una estilista argentina de 34 años, se deja llevar por un impulso repentino tras una entrega de premios en Suiza. De regreso a Buenos Aires, no dice nada, pero algo ha cambiado en ella; algo que, silencioso e invisible, desentraña sutilmente un pasado que creía haber dejado atrás.</p>
</div>
</div>



<div style="height:49px" aria-hidden="true" class="wp-block-spacer"></div>



<div class="wp-block-columns is-layout-flex wp-container-core-columns-is-layout-28f84493 wp-block-columns-is-layout-flex">
<div class="wp-block-column is-layout-flow wp-block-column-is-layout-flow"></div>



<div class="wp-block-column is-layout-flow wp-block-column-is-layout-flow"></div>
</div>



<p></p>

<p>Cine Entrerriano<br />
EL MENSAJE (Iván Fund)<br />
20:30 – CPC 1P SALA MAYOR</p>
